{"id":10132,"date":"2022-11-28T16:52:44","date_gmt":"2022-11-28T15:52:44","guid":{"rendered":"https:\/\/www.mentaymora.com\/?post_type=product&#038;p=10132"},"modified":"2023-10-13T18:15:11","modified_gmt":"2023-10-13T16:15:11","slug":"canastilla-bandeja-baby-superior","status":"publish","type":"product","link":"https:\/\/www.mentaymora.com\/index.php\/producto\/canastilla-bandeja-baby-superior\/","title":{"rendered":"Canastilla Reci\u00e9n Nacido &#8211; Bandeja Baby SUPERIOR"},"content":{"rendered":"<p>Canastilla Reci\u00e9n Nacido &#8211; Bandeja Baby SUPERIOR<\/p>\n<p>El contenido de la canastilla es:<\/p>\n<ul>\n<li>AGUA DE COLONIA SIN ALCOHOL DON ALGOD\u00d3N<\/li>\n<li>BANDEJA DE RAFIA BLANCA CON LAZOS LATERALES. (35 x 61 x 9 cm)<\/li>\n<li>CAPA DE BA\u00d1O 100 X 100 CM. 100% ALGOD\u00d3N<\/li>\n<li>CONJUNTO 3 BADANAS DE ALGOD\u00d3N<\/li>\n<li>CREMITA FACIAL PROTECTORA BIO \u2013 LITTLE SIBERICA<\/li>\n<li>CREMITA PA\u00d1AL BIO \u2013 LITTLE SIBERICA<\/li>\n<li>GEL INFANTIL BIO &#8211; LITTLE SIBERICA<\/li>\n<li>LECHE CORPORAL BIO \u2013 LITTLE SIBERICA<\/li>\n<li>JAB\u00d3N NATURAL PARA LA MAM\u00c1 \u2013 ROSA MOSQUETA<\/li>\n<li>PACK 3 MUSELINAS 80X80 ALGODON 100%<\/li>\n<li>SACHET NATURAL ARMARIO &#8211; DON ALGOD\u00d3N<\/li>\n<li>SET MANTA + DOU DOU AMBOS ELEMENTOS BORDADOS<\/li>\n<li>TARJET\u00d3N FELICITACI\u00d3N<\/li>\n<li>EMBALAJE DE REGALO<\/li>\n<\/ul>\n<p>Se entrega envuelta en papel celof\u00e1n con lazo a juego.<\/p>\n<p>Plazo de entrega\u00a0<b>48\/72 horas<\/b>, salvo en campa\u00f1a Navide\u00f1a que se podr\u00e1 alargar el plazo 24 horas m\u00e1s.<\/p>\n<p>Encarga tu canastilla en <a href=\"https:\/\/www.mentaymora.com\/\">Menta y Mora<\/a>\u00a0<\/p>\n<p>S\u00edguenos en nuestras RRSS (<a href=\"https:\/\/es-es.facebook.com\/MentayMora\/\">Facebook<\/a>\u00a0e\u00a0<a href=\"https:\/\/www.instagram.com\/mentaymora.illescas\/?hl=es\">Instagram<\/a>)<\/p>\n<p>Si tienes alguna consulta,\u00a0<a href=\"mailto:%20info@mentaymora.com\">preg\u00fantanos<\/a>.<\/p>\n","protected":false},"excerpt":{"rendered":"<p>La canastilla perfecta, para un momento \u00fanico.<\/p>\n<p>Ind\u00edcanos el nombre de el\/la bebe, selecciona el color del conjunto (mantita+doudou), y el hilo en el que quieres que bordemos el nombre.<\/p>\n<p>Plazo de entrega <b>48\/72 horas<\/b>, salvo en campa\u00f1a Navide\u00f1a que se podr\u00e1 alargar el plazo 24 horas m\u00e1s.<\/p>\n","protected":false},"featured_media":10133,"comment_status":"open","ping_status":"closed","template":"","meta":{"_acf_changed":false,"_joinchat":[]},"product_brand":[],"product_cat":[15],"product_tag":[331,869,326],"class_list":{"0":"post-10132","1":"product","2":"type-product","3":"status-publish","4":"has-post-thumbnail","6":"product_cat-sin-categorizar","7":"product_tag-bebe","8":"product_tag-canastilla","9":"product_tag-regalo","10":"latest_post","12":"first","13":"instock","14":"taxable","15":"shipping-taxable","16":"purchasable","17":"product-type-simple"},"acf":[],"yoast_head":"<!-- This site is optimized with the Yoast SEO plugin v27.4 - https:\/\/yoast.com\/product\/yoast-seo-wordpress\/ -->\n<title>Canastilla Reci\u00e9n Nacido - Bandeja Baby SUPERIOR personalizada - menta y mora -<\/title>\n<meta name=\"description\" content=\"Canastilla Reci\u00e9n Nacido - Bandeja Baby SUPERIOR El contenido de la canastilla es: AGUA DE COLONIA SIN ALCOHOL DON ALGOD\u00d3N BANDEJA DE RAFIA BLANCA CON LAZOS\" \/>\n<meta name=\"robots\" content=\"index, follow, max-snippet:-1, max-image-preview:large, max-video-preview:-1\" \/>\n<link rel=\"canonical\" href=\"https:\/\/www.mentaymora.com\/index.php\/producto\/canastilla-bandeja-baby-superior\/\" \/>\n<meta property=\"og:locale\" content=\"es_ES\" \/>\n<meta property=\"og:type\" content=\"article\" \/>\n<meta property=\"og:title\" content=\"Canastilla Reci\u00e9n Nacido - Bandeja Baby SUPERIOR personalizada - menta y mora -\" \/>\n<meta property=\"og:description\" content=\"Canastilla Reci\u00e9n Nacido - Bandeja Baby SUPERIOR El contenido de la canastilla es: AGUA DE COLONIA SIN ALCOHOL DON ALGOD\u00d3N BANDEJA DE RAFIA BLANCA CON LAZOS\" \/>\n<meta property=\"og:url\" content=\"https:\/\/www.mentaymora.com\/index.php\/producto\/canastilla-bandeja-baby-superior\/\" \/>\n<meta property=\"og:site_name\" content=\"Menta y Mora\" \/>\n<meta property=\"article:publisher\" content=\"https:\/\/es-es.facebook.com\/MentayMora\/\" \/>\n<meta property=\"article:modified_time\" content=\"2023-10-13T16:15:11+00:00\" \/>\n<meta property=\"og:image\" content=\"https:\/\/www.mentaymora.com\/wp-content\/uploads\/2022\/11\/Canastilla-Bandeja-Baby-SUPERIOR.jpg\" \/>\n\t<meta property=\"og:image:width\" content=\"600\" \/>\n\t<meta property=\"og:image:height\" content=\"600\" \/>\n\t<meta property=\"og:image:type\" content=\"image\/jpeg\" \/>\n<meta name=\"twitter:card\" content=\"summary_large_image\" \/>\n<meta name=\"twitter:label1\" content=\"Tiempo de lectura\" \/>\n\t<meta name=\"twitter:data1\" content=\"1 minuto\" \/>\n<script type=\"application\/ld+json\" class=\"yoast-schema-graph\">{\"@context\":\"https:\\\/\\\/schema.org\",\"@graph\":[{\"@type\":\"WebPage\",\"@id\":\"https:\\\/\\\/www.mentaymora.com\\\/index.php\\\/producto\\\/canastilla-bandeja-baby-superior\\\/\",\"url\":\"https:\\\/\\\/www.mentaymora.com\\\/index.php\\\/producto\\\/canastilla-bandeja-baby-superior\\\/\",\"name\":\"Canastilla Reci\u00e9n Nacido - Bandeja Baby SUPERIOR personalizada - menta y mora -\",\"isPartOf\":{\"@id\":\"https:\\\/\\\/www.mentaymora.com\\\/#website\"},\"primaryImageOfPage\":{\"@id\":\"https:\\\/\\\/www.mentaymora.com\\\/index.php\\\/producto\\\/canastilla-bandeja-baby-superior\\\/#primaryimage\"},\"image\":{\"@id\":\"https:\\\/\\\/www.mentaymora.com\\\/index.php\\\/producto\\\/canastilla-bandeja-baby-superior\\\/#primaryimage\"},\"thumbnailUrl\":\"https:\\\/\\\/www.mentaymora.com\\\/wp-content\\\/uploads\\\/2022\\\/11\\\/Canastilla-Bandeja-Baby-SUPERIOR.jpg\",\"datePublished\":\"2022-11-28T15:52:44+00:00\",\"dateModified\":\"2023-10-13T16:15:11+00:00\",\"description\":\"Canastilla Reci\u00e9n Nacido - Bandeja Baby SUPERIOR El contenido de la canastilla es: AGUA DE COLONIA SIN ALCOHOL DON ALGOD\u00d3N BANDEJA DE RAFIA BLANCA CON LAZOS\",\"breadcrumb\":{\"@id\":\"https:\\\/\\\/www.mentaymora.com\\\/index.php\\\/producto\\\/canastilla-bandeja-baby-superior\\\/#breadcrumb\"},\"inLanguage\":\"es\",\"potentialAction\":[{\"@type\":\"ReadAction\",\"target\":[\"https:\\\/\\\/www.mentaymora.com\\\/index.php\\\/producto\\\/canastilla-bandeja-baby-superior\\\/\"]}]},{\"@type\":\"ImageObject\",\"inLanguage\":\"es\",\"@id\":\"https:\\\/\\\/www.mentaymora.com\\\/index.php\\\/producto\\\/canastilla-bandeja-baby-superior\\\/#primaryimage\",\"url\":\"https:\\\/\\\/www.mentaymora.com\\\/wp-content\\\/uploads\\\/2022\\\/11\\\/Canastilla-Bandeja-Baby-SUPERIOR.jpg\",\"contentUrl\":\"https:\\\/\\\/www.mentaymora.com\\\/wp-content\\\/uploads\\\/2022\\\/11\\\/Canastilla-Bandeja-Baby-SUPERIOR.jpg\",\"width\":600,\"height\":600,\"caption\":\"Canastilla Bandeja Baby SUPERIOR\"},{\"@type\":\"BreadcrumbList\",\"@id\":\"https:\\\/\\\/www.mentaymora.com\\\/index.php\\\/producto\\\/canastilla-bandeja-baby-superior\\\/#breadcrumb\",\"itemListElement\":[{\"@type\":\"ListItem\",\"position\":1,\"name\":\"Portada\",\"item\":\"https:\\\/\\\/www.mentaymora.com\\\/\"},{\"@type\":\"ListItem\",\"position\":2,\"name\":\"Productos\",\"item\":\"https:\\\/\\\/www.mentaymora.com\\\/index.php\\\/tienda\\\/\"},{\"@type\":\"ListItem\",\"position\":3,\"name\":\"Canastilla Reci\u00e9n Nacido &#8211; Bandeja Baby SUPERIOR\"}]},{\"@type\":\"WebSite\",\"@id\":\"https:\\\/\\\/www.mentaymora.com\\\/#website\",\"url\":\"https:\\\/\\\/www.mentaymora.com\\\/\",\"name\":\"Menta y Mora\",\"description\":\"Regalos y Complementos\",\"publisher\":{\"@id\":\"https:\\\/\\\/www.mentaymora.com\\\/#organization\"},\"potentialAction\":[{\"@type\":\"SearchAction\",\"target\":{\"@type\":\"EntryPoint\",\"urlTemplate\":\"https:\\\/\\\/www.mentaymora.com\\\/?s={search_term_string}\"},\"query-input\":{\"@type\":\"PropertyValueSpecification\",\"valueRequired\":true,\"valueName\":\"search_term_string\"}}],\"inLanguage\":\"es\"},{\"@type\":\"Organization\",\"@id\":\"https:\\\/\\\/www.mentaymora.com\\\/#organization\",\"name\":\"Menta y Mora\",\"url\":\"https:\\\/\\\/www.mentaymora.com\\\/\",\"logo\":{\"@type\":\"ImageObject\",\"inLanguage\":\"es\",\"@id\":\"https:\\\/\\\/www.mentaymora.com\\\/#\\\/schema\\\/logo\\\/image\\\/\",\"url\":\"https:\\\/\\\/www.mentaymora.com\\\/wp-content\\\/uploads\\\/2021\\\/07\\\/Logo.jpg\",\"contentUrl\":\"https:\\\/\\\/www.mentaymora.com\\\/wp-content\\\/uploads\\\/2021\\\/07\\\/Logo.jpg\",\"width\":1172,\"height\":1172,\"caption\":\"Menta y Mora\"},\"image\":{\"@id\":\"https:\\\/\\\/www.mentaymora.com\\\/#\\\/schema\\\/logo\\\/image\\\/\"},\"sameAs\":[\"https:\\\/\\\/es-es.facebook.com\\\/MentayMora\\\/\",\"https:\\\/\\\/www.instagram.com\\\/mentaymora.illescas\\\/?hl=es\",\"https:\\\/\\\/www.youtube.com\\\/channel\\\/UCuMMtdck_1XS-MyW6ZnBAlw\"]}]}<\/script>\n<!-- \/ Yoast SEO plugin. -->","yoast_head_json":{"title":"Canastilla Reci\u00e9n Nacido - Bandeja Baby SUPERIOR personalizada - menta y mora -","description":"Canastilla Reci\u00e9n Nacido - Bandeja Baby SUPERIOR El contenido de la canastilla es: AGUA DE COLONIA SIN ALCOHOL DON ALGOD\u00d3N BANDEJA DE RAFIA BLANCA CON LAZOS","robots":{"index":"index","follow":"follow","max-snippet":"max-snippet:-1","max-image-preview":"max-image-preview:large","max-video-preview":"max-video-preview:-1"},"canonical":"https:\/\/www.mentaymora.com\/index.php\/producto\/canastilla-bandeja-baby-superior\/","og_locale":"es_ES","og_type":"article","og_title":"Canastilla Reci\u00e9n Nacido - Bandeja Baby SUPERIOR personalizada - menta y mora -","og_description":"Canastilla Reci\u00e9n Nacido - Bandeja Baby SUPERIOR El contenido de la canastilla es: AGUA DE COLONIA SIN ALCOHOL DON ALGOD\u00d3N BANDEJA DE RAFIA BLANCA CON LAZOS","og_url":"https:\/\/www.mentaymora.com\/index.php\/producto\/canastilla-bandeja-baby-superior\/","og_site_name":"Menta y Mora","article_publisher":"https:\/\/es-es.facebook.com\/MentayMora\/","article_modified_time":"2023-10-13T16:15:11+00:00","og_image":[{"width":600,"height":600,"url":"https:\/\/www.mentaymora.com\/wp-content\/uploads\/2022\/11\/Canastilla-Bandeja-Baby-SUPERIOR.jpg","type":"image\/jpeg"}],"twitter_card":"summary_large_image","twitter_misc":{"Tiempo de lectura":"1 minuto"},"schema":{"@context":"https:\/\/schema.org","@graph":[{"@type":"WebPage","@id":"https:\/\/www.mentaymora.com\/index.php\/producto\/canastilla-bandeja-baby-superior\/","url":"https:\/\/www.mentaymora.com\/index.php\/producto\/canastilla-bandeja-baby-superior\/","name":"Canastilla Reci\u00e9n Nacido - Bandeja Baby SUPERIOR personalizada - menta y mora -","isPartOf":{"@id":"https:\/\/www.mentaymora.com\/#website"},"primaryImageOfPage":{"@id":"https:\/\/www.mentaymora.com\/index.php\/producto\/canastilla-bandeja-baby-superior\/#primaryimage"},"image":{"@id":"https:\/\/www.mentaymora.com\/index.php\/producto\/canastilla-bandeja-baby-superior\/#primaryimage"},"thumbnailUrl":"https:\/\/www.mentaymora.com\/wp-content\/uploads\/2022\/11\/Canastilla-Bandeja-Baby-SUPERIOR.jpg","datePublished":"2022-11-28T15:52:44+00:00","dateModified":"2023-10-13T16:15:11+00:00","description":"Canastilla Reci\u00e9n Nacido - Bandeja Baby SUPERIOR El contenido de la canastilla es: AGUA DE COLONIA SIN ALCOHOL DON ALGOD\u00d3N BANDEJA DE RAFIA BLANCA CON LAZOS","breadcrumb":{"@id":"https:\/\/www.mentaymora.com\/index.php\/producto\/canastilla-bandeja-baby-superior\/#breadcrumb"},"inLanguage":"es","potentialAction":[{"@type":"ReadAction","target":["https:\/\/www.mentaymora.com\/index.php\/producto\/canastilla-bandeja-baby-superior\/"]}]},{"@type":"ImageObject","inLanguage":"es","@id":"https:\/\/www.mentaymora.com\/index.php\/producto\/canastilla-bandeja-baby-superior\/#primaryimage","url":"https:\/\/www.mentaymora.com\/wp-content\/uploads\/2022\/11\/Canastilla-Bandeja-Baby-SUPERIOR.jpg","contentUrl":"https:\/\/www.mentaymora.com\/wp-content\/uploads\/2022\/11\/Canastilla-Bandeja-Baby-SUPERIOR.jpg","width":600,"height":600,"caption":"Canastilla Bandeja Baby SUPERIOR"},{"@type":"BreadcrumbList","@id":"https:\/\/www.mentaymora.com\/index.php\/producto\/canastilla-bandeja-baby-superior\/#breadcrumb","itemListElement":[{"@type":"ListItem","position":1,"name":"Portada","item":"https:\/\/www.mentaymora.com\/"},{"@type":"ListItem","position":2,"name":"Productos","item":"https:\/\/www.mentaymora.com\/index.php\/tienda\/"},{"@type":"ListItem","position":3,"name":"Canastilla Reci\u00e9n Nacido &#8211; Bandeja Baby SUPERIOR"}]},{"@type":"WebSite","@id":"https:\/\/www.mentaymora.com\/#website","url":"https:\/\/www.mentaymora.com\/","name":"Menta y Mora","description":"Regalos y Complementos","publisher":{"@id":"https:\/\/www.mentaymora.com\/#organization"},"potentialAction":[{"@type":"SearchAction","target":{"@type":"EntryPoint","urlTemplate":"https:\/\/www.mentaymora.com\/?s={search_term_string}"},"query-input":{"@type":"PropertyValueSpecification","valueRequired":true,"valueName":"search_term_string"}}],"inLanguage":"es"},{"@type":"Organization","@id":"https:\/\/www.mentaymora.com\/#organization","name":"Menta y Mora","url":"https:\/\/www.mentaymora.com\/","logo":{"@type":"ImageObject","inLanguage":"es","@id":"https:\/\/www.mentaymora.com\/#\/schema\/logo\/image\/","url":"https:\/\/www.mentaymora.com\/wp-content\/uploads\/2021\/07\/Logo.jpg","contentUrl":"https:\/\/www.mentaymora.com\/wp-content\/uploads\/2021\/07\/Logo.jpg","width":1172,"height":1172,"caption":"Menta y Mora"},"image":{"@id":"https:\/\/www.mentaymora.com\/#\/schema\/logo\/image\/"},"sameAs":["https:\/\/es-es.facebook.com\/MentayMora\/","https:\/\/www.instagram.com\/mentaymora.illescas\/?hl=es","https:\/\/www.youtube.com\/channel\/UCuMMtdck_1XS-MyW6ZnBAlw"]}]}},"_links":{"self":[{"href":"https:\/\/www.mentaymora.com\/index.php\/wp-json\/wp\/v2\/product\/10132","targetHints":{"allow":["GET"]}}],"collection":[{"href":"https:\/\/www.mentaymora.com\/index.php\/wp-json\/wp\/v2\/product"}],"about":[{"href":"https:\/\/www.mentaymora.com\/index.php\/wp-json\/wp\/v2\/types\/product"}],"replies":[{"embeddable":true,"href":"https:\/\/www.mentaymora.com\/index.php\/wp-json\/wp\/v2\/comments?post=10132"}],"wp:featuredmedia":[{"embeddable":true,"href":"https:\/\/www.mentaymora.com\/index.php\/wp-json\/wp\/v2\/media\/10133"}],"wp:attachment":[{"href":"https:\/\/www.mentaymora.com\/index.php\/wp-json\/wp\/v2\/media?parent=10132"}],"wp:term":[{"taxonomy":"product_brand","embeddable":true,"href":"https:\/\/www.mentaymora.com\/index.php\/wp-json\/wp\/v2\/product_brand?post=10132"},{"taxonomy":"product_cat","embeddable":true,"href":"https:\/\/www.mentaymora.com\/index.php\/wp-json\/wp\/v2\/product_cat?post=10132"},{"taxonomy":"product_tag","embeddable":true,"href":"https:\/\/www.mentaymora.com\/index.php\/wp-json\/wp\/v2\/product_tag?post=10132"}],"curies":[{"name":"wp","href":"https:\/\/api.w.org\/{rel}","templated":true}]}}