{"id":13141,"date":"2023-11-24T18:40:13","date_gmt":"2023-11-24T16:40:13","guid":{"rendered":"https:\/\/www.mentaymora.com\/?post_type=product&#038;p=13141"},"modified":"2024-05-01T20:18:23","modified_gmt":"2024-05-01T19:18:23","slug":"ambientador-armario-algodon-de-azucar-tfc","status":"publish","type":"product","link":"https:\/\/www.mentaymora.com\/index.php\/producto\/ambientador-armario-algodon-de-azucar-tfc\/","title":{"rendered":"Ambientador Armario ALGOD\u00d3N DE AZ\u00daCAR &#8211; TFC"},"content":{"rendered":"<p>Ambientador Armario ALGOD\u00d3N DE AZ\u00daCAR &#8211; TFC<\/p>\n<p>Con una duraci\u00f3n que supera los 45 d\u00edas, este ambientador es ideal para mantener tus armarios y cajones siempre impregnados de un aroma delicioso. \u00a1Sin alcohol y con extractos naturales!<\/p>\n<p>Desp\u00eddete de los olores desagradables y recibe con gusto una explosi\u00f3n de dulzura en cada rinc\u00f3n de tu hogar.<\/p>\n<p>\u00a1Transforma la experiencia de tu ropa haci\u00e9ndola sentir como si estuviera en una tienda de dulces!<\/p>\n<p><strong>Descripci\u00f3n olfativa:<\/strong>\u00a0Disfruta de las notas altas de frambuesa \u00e1cida que se entrelazan con un coraz\u00f3n de caramelo dulce y notas de fondo irresistibles de vainilla gourmand, transport\u00e1ndote a tus recuerdos m\u00e1s tiernos.<\/p>\n<p><a href=\"https:\/\/www.mentaymora.com\/\">Menta y Mora<\/a>\u00a0Te Enamora.<\/p>\n<p>S\u00edguenos en nuestras RRSS (<a href=\"https:\/\/es-es.facebook.com\/MentayMora\/\">Facebook<\/a>\u00a0e\u00a0<a href=\"https:\/\/www.instagram.com\/mentaymora.illescas\/?hl=es\">Instagram<\/a>)<\/p>\n<p>Si tienes alguna consulta,\u00a0<a href=\"mailto:%20info@mentaymora.com\">preg\u00fantanos<\/a>.<\/p>\n","protected":false},"excerpt":{"rendered":"<p>Con una duraci\u00f3n que supera los 45 d\u00edas, este ambientador es ideal para mantener tus armarios y cajones siempre impregnados de un aroma delicioso. \u00a1Sin alcohol y con extractos naturales!\u00a0 Desp\u00eddete de los olores desagradables y recibe con gusto una explosi\u00f3n de dulzura en cada rinc\u00f3n de tu hogar.<\/p>\n<p>\u00a1Transforma la experiencia de tu ropa haci\u00e9ndola sentir como si estuviera en una tienda de dulces!<\/p>\n<p><strong>Contenido:<\/strong> 200ml.<\/p>\n","protected":false},"featured_media":13142,"comment_status":"open","ping_status":"closed","template":"","meta":{"_acf_changed":false,"_joinchat":[]},"product_brand":[],"product_cat":[1296,803],"product_tag":[1079,1297],"class_list":{"0":"post-13141","1":"product","2":"type-product","3":"status-publish","4":"has-post-thumbnail","6":"product_cat-ambientador-armario","7":"product_cat-novedades-the-fruit-company","8":"product_tag-algodon","9":"product_tag-armario","10":"latest_post","12":"first","13":"outofstock","14":"taxable","15":"shipping-taxable","16":"purchasable","17":"product-type-simple"},"acf":[],"yoast_head":"<!-- This site is optimized with the Yoast SEO plugin v27.5 - https:\/\/yoast.com\/product\/yoast-seo-wordpress\/ -->\n<title>Ambientador Armario ALGOD\u00d3N DE AZ\u00daCAR - TFC - Menta y Mora<\/title>\n<meta name=\"description\" content=\"Ambientador Armario ALGOD\u00d3N DE AZ\u00daCAR - TFC Con una duraci\u00f3n que supera los 45 d\u00edas, este ambientador es ideal para mantener tus armarios y cajones siempre\" \/>\n<meta name=\"robots\" content=\"index, follow, max-snippet:-1, max-image-preview:large, max-video-preview:-1\" \/>\n<link rel=\"canonical\" href=\"https:\/\/www.mentaymora.com\/index.php\/producto\/ambientador-armario-algodon-de-azucar-tfc\/\" \/>\n<meta property=\"og:locale\" content=\"es_ES\" \/>\n<meta property=\"og:type\" content=\"article\" \/>\n<meta property=\"og:title\" content=\"Ambientador Armario ALGOD\u00d3N DE AZ\u00daCAR - TFC - Menta y Mora\" \/>\n<meta property=\"og:description\" content=\"Ambientador Armario ALGOD\u00d3N DE AZ\u00daCAR - TFC Con una duraci\u00f3n que supera los 45 d\u00edas, este ambientador es ideal para mantener tus armarios y cajones siempre\" \/>\n<meta property=\"og:url\" content=\"https:\/\/www.mentaymora.com\/index.php\/producto\/ambientador-armario-algodon-de-azucar-tfc\/\" \/>\n<meta property=\"og:site_name\" content=\"Menta y Mora\" \/>\n<meta property=\"article:publisher\" content=\"https:\/\/es-es.facebook.com\/MentayMora\/\" \/>\n<meta property=\"article:modified_time\" content=\"2024-05-01T19:18:23+00:00\" \/>\n<meta property=\"og:image\" content=\"https:\/\/www.mentaymora.com\/wp-content\/uploads\/2023\/11\/Ambientador-Armario-ALGODON-DE-AZUCAR-TFC.jpg\" \/>\n\t<meta property=\"og:image:width\" content=\"450\" \/>\n\t<meta property=\"og:image:height\" content=\"450\" \/>\n\t<meta property=\"og:image:type\" content=\"image\/jpeg\" \/>\n<meta name=\"twitter:card\" content=\"summary_large_image\" \/>\n<meta name=\"twitter:label1\" content=\"Tiempo de lectura\" \/>\n\t<meta name=\"twitter:data1\" content=\"1 minuto\" \/>\n<script type=\"application\/ld+json\" class=\"yoast-schema-graph\">{\"@context\":\"https:\\\/\\\/schema.org\",\"@graph\":[{\"@type\":\"WebPage\",\"@id\":\"https:\\\/\\\/www.mentaymora.com\\\/index.php\\\/producto\\\/ambientador-armario-algodon-de-azucar-tfc\\\/\",\"url\":\"https:\\\/\\\/www.mentaymora.com\\\/index.php\\\/producto\\\/ambientador-armario-algodon-de-azucar-tfc\\\/\",\"name\":\"Ambientador Armario ALGOD\u00d3N DE AZ\u00daCAR - TFC - Menta y Mora\",\"isPartOf\":{\"@id\":\"https:\\\/\\\/www.mentaymora.com\\\/#website\"},\"primaryImageOfPage\":{\"@id\":\"https:\\\/\\\/www.mentaymora.com\\\/index.php\\\/producto\\\/ambientador-armario-algodon-de-azucar-tfc\\\/#primaryimage\"},\"image\":{\"@id\":\"https:\\\/\\\/www.mentaymora.com\\\/index.php\\\/producto\\\/ambientador-armario-algodon-de-azucar-tfc\\\/#primaryimage\"},\"thumbnailUrl\":\"https:\\\/\\\/www.mentaymora.com\\\/wp-content\\\/uploads\\\/2023\\\/11\\\/Ambientador-Armario-ALGODON-DE-AZUCAR-TFC.jpg\",\"datePublished\":\"2023-11-24T16:40:13+00:00\",\"dateModified\":\"2024-05-01T19:18:23+00:00\",\"description\":\"Ambientador Armario ALGOD\u00d3N DE AZ\u00daCAR - TFC Con una duraci\u00f3n que supera los 45 d\u00edas, este ambientador es ideal para mantener tus armarios y cajones siempre\",\"breadcrumb\":{\"@id\":\"https:\\\/\\\/www.mentaymora.com\\\/index.php\\\/producto\\\/ambientador-armario-algodon-de-azucar-tfc\\\/#breadcrumb\"},\"inLanguage\":\"es\",\"potentialAction\":[{\"@type\":\"ReadAction\",\"target\":[\"https:\\\/\\\/www.mentaymora.com\\\/index.php\\\/producto\\\/ambientador-armario-algodon-de-azucar-tfc\\\/\"]}]},{\"@type\":\"ImageObject\",\"inLanguage\":\"es\",\"@id\":\"https:\\\/\\\/www.mentaymora.com\\\/index.php\\\/producto\\\/ambientador-armario-algodon-de-azucar-tfc\\\/#primaryimage\",\"url\":\"https:\\\/\\\/www.mentaymora.com\\\/wp-content\\\/uploads\\\/2023\\\/11\\\/Ambientador-Armario-ALGODON-DE-AZUCAR-TFC.jpg\",\"contentUrl\":\"https:\\\/\\\/www.mentaymora.com\\\/wp-content\\\/uploads\\\/2023\\\/11\\\/Ambientador-Armario-ALGODON-DE-AZUCAR-TFC.jpg\",\"width\":450,\"height\":450,\"caption\":\"Ambientador Armario ALGOD\u00d3N DE AZ\u00daCAR TFC\"},{\"@type\":\"BreadcrumbList\",\"@id\":\"https:\\\/\\\/www.mentaymora.com\\\/index.php\\\/producto\\\/ambientador-armario-algodon-de-azucar-tfc\\\/#breadcrumb\",\"itemListElement\":[{\"@type\":\"ListItem\",\"position\":1,\"name\":\"Portada\",\"item\":\"https:\\\/\\\/www.mentaymora.com\\\/\"},{\"@type\":\"ListItem\",\"position\":2,\"name\":\"Productos\",\"item\":\"https:\\\/\\\/www.mentaymora.com\\\/index.php\\\/tienda\\\/\"},{\"@type\":\"ListItem\",\"position\":3,\"name\":\"Ambientador Armario ALGOD\u00d3N DE AZ\u00daCAR &#8211; TFC\"}]},{\"@type\":\"WebSite\",\"@id\":\"https:\\\/\\\/www.mentaymora.com\\\/#website\",\"url\":\"https:\\\/\\\/www.mentaymora.com\\\/\",\"name\":\"Menta y Mora\",\"description\":\"Regalos y Complementos\",\"publisher\":{\"@id\":\"https:\\\/\\\/www.mentaymora.com\\\/#organization\"},\"potentialAction\":[{\"@type\":\"SearchAction\",\"target\":{\"@type\":\"EntryPoint\",\"urlTemplate\":\"https:\\\/\\\/www.mentaymora.com\\\/?s={search_term_string}\"},\"query-input\":{\"@type\":\"PropertyValueSpecification\",\"valueRequired\":true,\"valueName\":\"search_term_string\"}}],\"inLanguage\":\"es\"},{\"@type\":\"Organization\",\"@id\":\"https:\\\/\\\/www.mentaymora.com\\\/#organization\",\"name\":\"Menta y Mora\",\"url\":\"https:\\\/\\\/www.mentaymora.com\\\/\",\"logo\":{\"@type\":\"ImageObject\",\"inLanguage\":\"es\",\"@id\":\"https:\\\/\\\/www.mentaymora.com\\\/#\\\/schema\\\/logo\\\/image\\\/\",\"url\":\"https:\\\/\\\/www.mentaymora.com\\\/wp-content\\\/uploads\\\/2021\\\/07\\\/Logo.jpg\",\"contentUrl\":\"https:\\\/\\\/www.mentaymora.com\\\/wp-content\\\/uploads\\\/2021\\\/07\\\/Logo.jpg\",\"width\":1172,\"height\":1172,\"caption\":\"Menta y Mora\"},\"image\":{\"@id\":\"https:\\\/\\\/www.mentaymora.com\\\/#\\\/schema\\\/logo\\\/image\\\/\"},\"sameAs\":[\"https:\\\/\\\/es-es.facebook.com\\\/MentayMora\\\/\",\"https:\\\/\\\/www.instagram.com\\\/mentaymora.illescas\\\/?hl=es\",\"https:\\\/\\\/www.youtube.com\\\/channel\\\/UCuMMtdck_1XS-MyW6ZnBAlw\"]}]}<\/script>\n<!-- \/ Yoast SEO plugin. -->","yoast_head_json":{"title":"Ambientador Armario ALGOD\u00d3N DE AZ\u00daCAR - TFC - Menta y Mora","description":"Ambientador Armario ALGOD\u00d3N DE AZ\u00daCAR - TFC Con una duraci\u00f3n que supera los 45 d\u00edas, este ambientador es ideal para mantener tus armarios y cajones siempre","robots":{"index":"index","follow":"follow","max-snippet":"max-snippet:-1","max-image-preview":"max-image-preview:large","max-video-preview":"max-video-preview:-1"},"canonical":"https:\/\/www.mentaymora.com\/index.php\/producto\/ambientador-armario-algodon-de-azucar-tfc\/","og_locale":"es_ES","og_type":"article","og_title":"Ambientador Armario ALGOD\u00d3N DE AZ\u00daCAR - TFC - Menta y Mora","og_description":"Ambientador Armario ALGOD\u00d3N DE AZ\u00daCAR - TFC Con una duraci\u00f3n que supera los 45 d\u00edas, este ambientador es ideal para mantener tus armarios y cajones siempre","og_url":"https:\/\/www.mentaymora.com\/index.php\/producto\/ambientador-armario-algodon-de-azucar-tfc\/","og_site_name":"Menta y Mora","article_publisher":"https:\/\/es-es.facebook.com\/MentayMora\/","article_modified_time":"2024-05-01T19:18:23+00:00","og_image":[{"width":450,"height":450,"url":"https:\/\/www.mentaymora.com\/wp-content\/uploads\/2023\/11\/Ambientador-Armario-ALGODON-DE-AZUCAR-TFC.jpg","type":"image\/jpeg"}],"twitter_card":"summary_large_image","twitter_misc":{"Tiempo de lectura":"1 minuto"},"schema":{"@context":"https:\/\/schema.org","@graph":[{"@type":"WebPage","@id":"https:\/\/www.mentaymora.com\/index.php\/producto\/ambientador-armario-algodon-de-azucar-tfc\/","url":"https:\/\/www.mentaymora.com\/index.php\/producto\/ambientador-armario-algodon-de-azucar-tfc\/","name":"Ambientador Armario ALGOD\u00d3N DE AZ\u00daCAR - TFC - Menta y Mora","isPartOf":{"@id":"https:\/\/www.mentaymora.com\/#website"},"primaryImageOfPage":{"@id":"https:\/\/www.mentaymora.com\/index.php\/producto\/ambientador-armario-algodon-de-azucar-tfc\/#primaryimage"},"image":{"@id":"https:\/\/www.mentaymora.com\/index.php\/producto\/ambientador-armario-algodon-de-azucar-tfc\/#primaryimage"},"thumbnailUrl":"https:\/\/www.mentaymora.com\/wp-content\/uploads\/2023\/11\/Ambientador-Armario-ALGODON-DE-AZUCAR-TFC.jpg","datePublished":"2023-11-24T16:40:13+00:00","dateModified":"2024-05-01T19:18:23+00:00","description":"Ambientador Armario ALGOD\u00d3N DE AZ\u00daCAR - TFC Con una duraci\u00f3n que supera los 45 d\u00edas, este ambientador es ideal para mantener tus armarios y cajones siempre","breadcrumb":{"@id":"https:\/\/www.mentaymora.com\/index.php\/producto\/ambientador-armario-algodon-de-azucar-tfc\/#breadcrumb"},"inLanguage":"es","potentialAction":[{"@type":"ReadAction","target":["https:\/\/www.mentaymora.com\/index.php\/producto\/ambientador-armario-algodon-de-azucar-tfc\/"]}]},{"@type":"ImageObject","inLanguage":"es","@id":"https:\/\/www.mentaymora.com\/index.php\/producto\/ambientador-armario-algodon-de-azucar-tfc\/#primaryimage","url":"https:\/\/www.mentaymora.com\/wp-content\/uploads\/2023\/11\/Ambientador-Armario-ALGODON-DE-AZUCAR-TFC.jpg","contentUrl":"https:\/\/www.mentaymora.com\/wp-content\/uploads\/2023\/11\/Ambientador-Armario-ALGODON-DE-AZUCAR-TFC.jpg","width":450,"height":450,"caption":"Ambientador Armario ALGOD\u00d3N DE AZ\u00daCAR TFC"},{"@type":"BreadcrumbList","@id":"https:\/\/www.mentaymora.com\/index.php\/producto\/ambientador-armario-algodon-de-azucar-tfc\/#breadcrumb","itemListElement":[{"@type":"ListItem","position":1,"name":"Portada","item":"https:\/\/www.mentaymora.com\/"},{"@type":"ListItem","position":2,"name":"Productos","item":"https:\/\/www.mentaymora.com\/index.php\/tienda\/"},{"@type":"ListItem","position":3,"name":"Ambientador Armario ALGOD\u00d3N DE AZ\u00daCAR &#8211; TFC"}]},{"@type":"WebSite","@id":"https:\/\/www.mentaymora.com\/#website","url":"https:\/\/www.mentaymora.com\/","name":"Menta y Mora","description":"Regalos y Complementos","publisher":{"@id":"https:\/\/www.mentaymora.com\/#organization"},"potentialAction":[{"@type":"SearchAction","target":{"@type":"EntryPoint","urlTemplate":"https:\/\/www.mentaymora.com\/?s={search_term_string}"},"query-input":{"@type":"PropertyValueSpecification","valueRequired":true,"valueName":"search_term_string"}}],"inLanguage":"es"},{"@type":"Organization","@id":"https:\/\/www.mentaymora.com\/#organization","name":"Menta y Mora","url":"https:\/\/www.mentaymora.com\/","logo":{"@type":"ImageObject","inLanguage":"es","@id":"https:\/\/www.mentaymora.com\/#\/schema\/logo\/image\/","url":"https:\/\/www.mentaymora.com\/wp-content\/uploads\/2021\/07\/Logo.jpg","contentUrl":"https:\/\/www.mentaymora.com\/wp-content\/uploads\/2021\/07\/Logo.jpg","width":1172,"height":1172,"caption":"Menta y Mora"},"image":{"@id":"https:\/\/www.mentaymora.com\/#\/schema\/logo\/image\/"},"sameAs":["https:\/\/es-es.facebook.com\/MentayMora\/","https:\/\/www.instagram.com\/mentaymora.illescas\/?hl=es","https:\/\/www.youtube.com\/channel\/UCuMMtdck_1XS-MyW6ZnBAlw"]}]}},"_links":{"self":[{"href":"https:\/\/www.mentaymora.com\/index.php\/wp-json\/wp\/v2\/product\/13141","targetHints":{"allow":["GET"]}}],"collection":[{"href":"https:\/\/www.mentaymora.com\/index.php\/wp-json\/wp\/v2\/product"}],"about":[{"href":"https:\/\/www.mentaymora.com\/index.php\/wp-json\/wp\/v2\/types\/product"}],"replies":[{"embeddable":true,"href":"https:\/\/www.mentaymora.com\/index.php\/wp-json\/wp\/v2\/comments?post=13141"}],"wp:featuredmedia":[{"embeddable":true,"href":"https:\/\/www.mentaymora.com\/index.php\/wp-json\/wp\/v2\/media\/13142"}],"wp:attachment":[{"href":"https:\/\/www.mentaymora.com\/index.php\/wp-json\/wp\/v2\/media?parent=13141"}],"wp:term":[{"taxonomy":"product_brand","embeddable":true,"href":"https:\/\/www.mentaymora.com\/index.php\/wp-json\/wp\/v2\/product_brand?post=13141"},{"taxonomy":"product_cat","embeddable":true,"href":"https:\/\/www.mentaymora.com\/index.php\/wp-json\/wp\/v2\/product_cat?post=13141"},{"taxonomy":"product_tag","embeddable":true,"href":"https:\/\/www.mentaymora.com\/index.php\/wp-json\/wp\/v2\/product_tag?post=13141"}],"curies":[{"name":"wp","href":"https:\/\/api.w.org\/{rel}","templated":true}]}}