{"id":15250,"date":"2024-07-02T15:32:22","date_gmt":"2024-07-02T14:32:22","guid":{"rendered":"https:\/\/www.mentaymora.com\/?post_type=product&#038;p=15250"},"modified":"2024-07-08T19:37:47","modified_gmt":"2024-07-08T18:37:47","slug":"hair-body-mist-frosted-pistacho-200ml-tfc","status":"publish","type":"product","link":"https:\/\/www.mentaymora.com\/index.php\/producto\/hair-body-mist-frosted-pistacho-200ml-tfc\/","title":{"rendered":"Hair &#038; Body Mist FROSTED PISTACHO 200ml &#8211; TFC"},"content":{"rendered":"<p>Hair &amp; Body Mist FROSTED PISTACHO 200ml &#8211; TFC<\/p>\n<p>Su irresistible aroma a helado de pistacho, monoi de Tahit\u00ed y caramelo salado te har\u00e1 sentir la arena blanca polinesia en estado puro.\u00a0<img decoding=\"async\" class=\"emoji\" role=\"img\" draggable=\"false\" src=\"https:\/\/s.w.org\/images\/core\/emoji\/15.0.3\/svg\/1f338.svg\" alt=\"????\" \/ fetchpriority=\"high\">\u00a0Con un toque de brilli brilli, esta bruma no solo hidrata y refresca tu piel y cabello, tambi\u00e9n los ilumina.<\/p>\n<ul>\n<li>Vaporizador perfumado con brilli brilli para pulverizar sobre el cuerpo y cabello para un glow sin igual.<\/li>\n<li>F\u00f3rmula concentrada con perfumes de calidad con extractos naturales.<\/li>\n<li><span data-sheets-root=\"1\" data-sheets-value=\"{&quot;1&quot;:2,&quot;2&quot;:&quot;Pulverizar a una distancia de 5 cm por todo el cuerpo a excepci\u00f3n del rostro.&quot;}\" data-sheets-userformat=\"{&quot;2&quot;:549,&quot;3&quot;:{&quot;1&quot;:0},&quot;5&quot;:{&quot;1&quot;:[{&quot;1&quot;:2,&quot;2&quot;:0,&quot;5&quot;:{&quot;1&quot;:2,&quot;2&quot;:0}},{&quot;1&quot;:0,&quot;2&quot;:0,&quot;3&quot;:3},{&quot;1&quot;:1,&quot;2&quot;:0,&quot;4&quot;:1}]},&quot;8&quot;:{&quot;1&quot;:[{&quot;1&quot;:2,&quot;2&quot;:0,&quot;5&quot;:{&quot;1&quot;:2,&quot;2&quot;:0}},{&quot;1&quot;:0,&quot;2&quot;:0,&quot;3&quot;:3},{&quot;1&quot;:1,&quot;2&quot;:0,&quot;4&quot;:1}]},&quot;12&quot;:0}\">Agitar antes de usar y pulverizar a una distancia de 5 cm por todo el cuerpo a excepci\u00f3n del rostro.<\/span><\/li>\n<\/ul>\n<p><em><strong>Frosted Pistacho: <\/strong><\/em>Monoi \/ Pistacho \/ Caramelo.<\/p>\n<p>&nbsp;<\/p>\n<div class=\"woocommerce-tabs wc-tabs-wrapper\">\n<div id=\"tab-description\" class=\"woocommerce-Tabs-panel woocommerce-Tabs-panel--description panel entry-content wc-tab\" role=\"tabpanel\" aria-labelledby=\"tab-title-description\">\n<p><a href=\"https:\/\/www.mentaymora.com\/\">Menta y Mora<\/a>\u00a0Te Enamora\u00a0 \u00a0S\u00edguenos en nuestras RRSS (<a href=\"https:\/\/es-es.facebook.com\/MentayMora\/\">Facebook<\/a>\u00a0e\u00a0<a href=\"https:\/\/www.instagram.com\/mentaymora.illescas\/?hl=es\">Instagram<\/a>)\u00a0 \u00a0Si tienes alguna consulta,\u00a0<a href=\"mailto:%20info@mentaymora.com\">preg\u00fantanos<\/a>.<\/p>\n<\/div>\n<\/div>\n","protected":false},"excerpt":{"rendered":"<p>Si este verano quieres dejar huella te presentamos el nuevo\u00a0<span data-sheets-root=\"1\" data-sheets-value=\"{&quot;1&quot;:2,&quot;2&quot;:&quot;Nuevo Body and Hair Mist Coral Beach, una deliciosa combinaci\u00f3n de frescura y brillo en tu piel. Refrescante aroma a sorbete de moras y pera que te har\u00e1 sentir el placer de estar frente al mar en los d\u00edas de verano. Con un toque de brilli brilli, este mist no solo hidratar\u00e1 y refresca tu piel y cabello, tambi\u00e9n los ilumina. \u00a1Descubre la magia de Coral Beach y lleva contigo la frescura del verano a donde vayas con The Fruit Company! &quot;}\" data-sheets-userformat=\"{&quot;2&quot;:2561,&quot;3&quot;:{&quot;1&quot;:0},&quot;12&quot;:0,&quot;14&quot;:{&quot;1&quot;:2,&quot;2&quot;:0}}\"><strong>Hair &amp; Body Mist<\/strong><\/span>\u00a0<strong>Frosted Pistacho<\/strong>, un abrazo fresco y embriagador que apelar\u00e1 a todos tus sentidos.\u00a0<img decoding=\"async\" class=\"emoji\" role=\"img\" draggable=\"false\" src=\"https:\/\/s.w.org\/images\/core\/emoji\/15.0.3\/svg\/1f366.svg\" alt=\"????\" \/><\/p>\n<p>Su irresistible aroma a helado de pistacho, monoi de Tahit\u00ed y caramelo salado te har\u00e1 sentir la arena blanca polinesia en estado puro.\u00a0<img decoding=\"async\" class=\"emoji\" role=\"img\" draggable=\"false\" src=\"https:\/\/s.w.org\/images\/core\/emoji\/15.0.3\/svg\/1f338.svg\" alt=\"????\" \/>\u00a0Con un toque de brilli brilli, esta bruma no solo hidrata y refresca tu piel y cabello, tambi\u00e9n los ilumina.<\/p>\n<p>Se dice que el primer amor nunca se olvida.\u00a0<strong>Frosted Pistacho<\/strong>\u00a0es ese amor que nunca olvidar\u00e1s.\u00a0<img decoding=\"async\" class=\"emoji\" role=\"img\" draggable=\"false\" src=\"https:\/\/s.w.org\/images\/core\/emoji\/15.0.3\/svg\/1f496.svg\" alt=\"????\" \/><\/p>\n<p><em><strong>Frosted Pistacho: <\/strong><\/em>Monoi \/ Pistacho \/ Caramelo.<\/p>\n","protected":false},"featured_media":15251,"comment_status":"open","ping_status":"closed","template":"","meta":{"_acf_changed":false,"_joinchat":[]},"product_brand":[],"product_cat":[1396,803],"product_tag":[1395],"class_list":{"0":"post-15250","1":"product","2":"type-product","3":"status-publish","4":"has-post-thumbnail","6":"product_cat-hair-body-mist","7":"product_cat-novedades-the-fruit-company","8":"product_tag-mist-corporal","9":"latest_post","11":"first","12":"instock","13":"taxable","14":"shipping-taxable","15":"purchasable","16":"product-type-simple"},"acf":[],"yoast_head":"<!-- This site is optimized with the Yoast SEO plugin v27.3 - https:\/\/yoast.com\/product\/yoast-seo-wordpress\/ -->\n<title>Hair &amp; Body Mist FROSTED PISTACHO 200ml - TFC - Menta y Mora<\/title>\n<meta name=\"description\" content=\"Hair &amp; Body Mist FROSTED PISTACHO 200ml - TFC Su irresistible aroma a helado de pistacho, monoi de Tahit\u00ed y caramelo salado te har\u00e1 sentir la arena blanca\" \/>\n<meta name=\"robots\" content=\"index, follow, max-snippet:-1, max-image-preview:large, max-video-preview:-1\" \/>\n<link rel=\"canonical\" href=\"https:\/\/www.mentaymora.com\/index.php\/producto\/hair-body-mist-frosted-pistacho-200ml-tfc\/\" \/>\n<meta property=\"og:locale\" content=\"es_ES\" \/>\n<meta property=\"og:type\" content=\"article\" \/>\n<meta property=\"og:title\" content=\"Hair &amp; Body Mist FROSTED PISTACHO 200ml - TFC - Menta y Mora\" \/>\n<meta property=\"og:description\" content=\"Hair &amp; Body Mist FROSTED PISTACHO 200ml - TFC Su irresistible aroma a helado de pistacho, monoi de Tahit\u00ed y caramelo salado te har\u00e1 sentir la arena blanca\" \/>\n<meta property=\"og:url\" content=\"https:\/\/www.mentaymora.com\/index.php\/producto\/hair-body-mist-frosted-pistacho-200ml-tfc\/\" \/>\n<meta property=\"og:site_name\" content=\"Menta y Mora\" \/>\n<meta property=\"article:publisher\" content=\"https:\/\/es-es.facebook.com\/MentayMora\/\" \/>\n<meta property=\"article:modified_time\" content=\"2024-07-08T18:37:47+00:00\" \/>\n<meta property=\"og:image\" content=\"https:\/\/www.mentaymora.com\/wp-content\/uploads\/2024\/07\/Hair-Body-Mist-FROSTED-PISTACHO-200ml-TFC.jpg\" \/>\n\t<meta property=\"og:image:width\" content=\"600\" \/>\n\t<meta property=\"og:image:height\" content=\"600\" \/>\n\t<meta property=\"og:image:type\" content=\"image\/jpeg\" \/>\n<meta name=\"twitter:card\" content=\"summary_large_image\" \/>\n<meta name=\"twitter:label1\" content=\"Tiempo de lectura\" \/>\n\t<meta name=\"twitter:data1\" content=\"1 minuto\" \/>\n<script type=\"application\/ld+json\" class=\"yoast-schema-graph\">{\"@context\":\"https:\\\/\\\/schema.org\",\"@graph\":[{\"@type\":\"WebPage\",\"@id\":\"https:\\\/\\\/www.mentaymora.com\\\/index.php\\\/producto\\\/hair-body-mist-frosted-pistacho-200ml-tfc\\\/\",\"url\":\"https:\\\/\\\/www.mentaymora.com\\\/index.php\\\/producto\\\/hair-body-mist-frosted-pistacho-200ml-tfc\\\/\",\"name\":\"Hair & Body Mist FROSTED PISTACHO 200ml - TFC - Menta y Mora\",\"isPartOf\":{\"@id\":\"https:\\\/\\\/www.mentaymora.com\\\/#website\"},\"primaryImageOfPage\":{\"@id\":\"https:\\\/\\\/www.mentaymora.com\\\/index.php\\\/producto\\\/hair-body-mist-frosted-pistacho-200ml-tfc\\\/#primaryimage\"},\"image\":{\"@id\":\"https:\\\/\\\/www.mentaymora.com\\\/index.php\\\/producto\\\/hair-body-mist-frosted-pistacho-200ml-tfc\\\/#primaryimage\"},\"thumbnailUrl\":\"https:\\\/\\\/www.mentaymora.com\\\/wp-content\\\/uploads\\\/2024\\\/07\\\/Hair-Body-Mist-FROSTED-PISTACHO-200ml-TFC.jpg\",\"datePublished\":\"2024-07-02T14:32:22+00:00\",\"dateModified\":\"2024-07-08T18:37:47+00:00\",\"description\":\"Hair & Body Mist FROSTED PISTACHO 200ml - TFC Su irresistible aroma a helado de pistacho, monoi de Tahit\u00ed y caramelo salado te har\u00e1 sentir la arena blanca\",\"breadcrumb\":{\"@id\":\"https:\\\/\\\/www.mentaymora.com\\\/index.php\\\/producto\\\/hair-body-mist-frosted-pistacho-200ml-tfc\\\/#breadcrumb\"},\"inLanguage\":\"es\",\"potentialAction\":[{\"@type\":\"ReadAction\",\"target\":[\"https:\\\/\\\/www.mentaymora.com\\\/index.php\\\/producto\\\/hair-body-mist-frosted-pistacho-200ml-tfc\\\/\"]}]},{\"@type\":\"ImageObject\",\"inLanguage\":\"es\",\"@id\":\"https:\\\/\\\/www.mentaymora.com\\\/index.php\\\/producto\\\/hair-body-mist-frosted-pistacho-200ml-tfc\\\/#primaryimage\",\"url\":\"https:\\\/\\\/www.mentaymora.com\\\/wp-content\\\/uploads\\\/2024\\\/07\\\/Hair-Body-Mist-FROSTED-PISTACHO-200ml-TFC.jpg\",\"contentUrl\":\"https:\\\/\\\/www.mentaymora.com\\\/wp-content\\\/uploads\\\/2024\\\/07\\\/Hair-Body-Mist-FROSTED-PISTACHO-200ml-TFC.jpg\",\"width\":600,\"height\":600,\"caption\":\"Hair & Body Mist FROSTED PISTACHO 200ml TFC\"},{\"@type\":\"BreadcrumbList\",\"@id\":\"https:\\\/\\\/www.mentaymora.com\\\/index.php\\\/producto\\\/hair-body-mist-frosted-pistacho-200ml-tfc\\\/#breadcrumb\",\"itemListElement\":[{\"@type\":\"ListItem\",\"position\":1,\"name\":\"Portada\",\"item\":\"https:\\\/\\\/www.mentaymora.com\\\/\"},{\"@type\":\"ListItem\",\"position\":2,\"name\":\"Productos\",\"item\":\"https:\\\/\\\/www.mentaymora.com\\\/index.php\\\/tienda\\\/\"},{\"@type\":\"ListItem\",\"position\":3,\"name\":\"Hair &#038; Body Mist FROSTED PISTACHO 200ml &#8211; TFC\"}]},{\"@type\":\"WebSite\",\"@id\":\"https:\\\/\\\/www.mentaymora.com\\\/#website\",\"url\":\"https:\\\/\\\/www.mentaymora.com\\\/\",\"name\":\"Menta y Mora\",\"description\":\"Regalos y Complementos\",\"publisher\":{\"@id\":\"https:\\\/\\\/www.mentaymora.com\\\/#organization\"},\"potentialAction\":[{\"@type\":\"SearchAction\",\"target\":{\"@type\":\"EntryPoint\",\"urlTemplate\":\"https:\\\/\\\/www.mentaymora.com\\\/?s={search_term_string}\"},\"query-input\":{\"@type\":\"PropertyValueSpecification\",\"valueRequired\":true,\"valueName\":\"search_term_string\"}}],\"inLanguage\":\"es\"},{\"@type\":\"Organization\",\"@id\":\"https:\\\/\\\/www.mentaymora.com\\\/#organization\",\"name\":\"Menta y Mora\",\"url\":\"https:\\\/\\\/www.mentaymora.com\\\/\",\"logo\":{\"@type\":\"ImageObject\",\"inLanguage\":\"es\",\"@id\":\"https:\\\/\\\/www.mentaymora.com\\\/#\\\/schema\\\/logo\\\/image\\\/\",\"url\":\"https:\\\/\\\/www.mentaymora.com\\\/wp-content\\\/uploads\\\/2021\\\/07\\\/Logo.jpg\",\"contentUrl\":\"https:\\\/\\\/www.mentaymora.com\\\/wp-content\\\/uploads\\\/2021\\\/07\\\/Logo.jpg\",\"width\":1172,\"height\":1172,\"caption\":\"Menta y Mora\"},\"image\":{\"@id\":\"https:\\\/\\\/www.mentaymora.com\\\/#\\\/schema\\\/logo\\\/image\\\/\"},\"sameAs\":[\"https:\\\/\\\/es-es.facebook.com\\\/MentayMora\\\/\",\"https:\\\/\\\/www.instagram.com\\\/mentaymora.illescas\\\/?hl=es\",\"https:\\\/\\\/www.youtube.com\\\/channel\\\/UCuMMtdck_1XS-MyW6ZnBAlw\"]}]}<\/script>\n<!-- \/ Yoast SEO plugin. -->","yoast_head_json":{"title":"Hair & Body Mist FROSTED PISTACHO 200ml - TFC - Menta y Mora","description":"Hair & Body Mist FROSTED PISTACHO 200ml - TFC Su irresistible aroma a helado de pistacho, monoi de Tahit\u00ed y caramelo salado te har\u00e1 sentir la arena blanca","robots":{"index":"index","follow":"follow","max-snippet":"max-snippet:-1","max-image-preview":"max-image-preview:large","max-video-preview":"max-video-preview:-1"},"canonical":"https:\/\/www.mentaymora.com\/index.php\/producto\/hair-body-mist-frosted-pistacho-200ml-tfc\/","og_locale":"es_ES","og_type":"article","og_title":"Hair & Body Mist FROSTED PISTACHO 200ml - TFC - Menta y Mora","og_description":"Hair & Body Mist FROSTED PISTACHO 200ml - TFC Su irresistible aroma a helado de pistacho, monoi de Tahit\u00ed y caramelo salado te har\u00e1 sentir la arena blanca","og_url":"https:\/\/www.mentaymora.com\/index.php\/producto\/hair-body-mist-frosted-pistacho-200ml-tfc\/","og_site_name":"Menta y Mora","article_publisher":"https:\/\/es-es.facebook.com\/MentayMora\/","article_modified_time":"2024-07-08T18:37:47+00:00","og_image":[{"width":600,"height":600,"url":"https:\/\/www.mentaymora.com\/wp-content\/uploads\/2024\/07\/Hair-Body-Mist-FROSTED-PISTACHO-200ml-TFC.jpg","type":"image\/jpeg"}],"twitter_card":"summary_large_image","twitter_misc":{"Tiempo de lectura":"1 minuto"},"schema":{"@context":"https:\/\/schema.org","@graph":[{"@type":"WebPage","@id":"https:\/\/www.mentaymora.com\/index.php\/producto\/hair-body-mist-frosted-pistacho-200ml-tfc\/","url":"https:\/\/www.mentaymora.com\/index.php\/producto\/hair-body-mist-frosted-pistacho-200ml-tfc\/","name":"Hair & Body Mist FROSTED PISTACHO 200ml - TFC - Menta y Mora","isPartOf":{"@id":"https:\/\/www.mentaymora.com\/#website"},"primaryImageOfPage":{"@id":"https:\/\/www.mentaymora.com\/index.php\/producto\/hair-body-mist-frosted-pistacho-200ml-tfc\/#primaryimage"},"image":{"@id":"https:\/\/www.mentaymora.com\/index.php\/producto\/hair-body-mist-frosted-pistacho-200ml-tfc\/#primaryimage"},"thumbnailUrl":"https:\/\/www.mentaymora.com\/wp-content\/uploads\/2024\/07\/Hair-Body-Mist-FROSTED-PISTACHO-200ml-TFC.jpg","datePublished":"2024-07-02T14:32:22+00:00","dateModified":"2024-07-08T18:37:47+00:00","description":"Hair & Body Mist FROSTED PISTACHO 200ml - TFC Su irresistible aroma a helado de pistacho, monoi de Tahit\u00ed y caramelo salado te har\u00e1 sentir la arena blanca","breadcrumb":{"@id":"https:\/\/www.mentaymora.com\/index.php\/producto\/hair-body-mist-frosted-pistacho-200ml-tfc\/#breadcrumb"},"inLanguage":"es","potentialAction":[{"@type":"ReadAction","target":["https:\/\/www.mentaymora.com\/index.php\/producto\/hair-body-mist-frosted-pistacho-200ml-tfc\/"]}]},{"@type":"ImageObject","inLanguage":"es","@id":"https:\/\/www.mentaymora.com\/index.php\/producto\/hair-body-mist-frosted-pistacho-200ml-tfc\/#primaryimage","url":"https:\/\/www.mentaymora.com\/wp-content\/uploads\/2024\/07\/Hair-Body-Mist-FROSTED-PISTACHO-200ml-TFC.jpg","contentUrl":"https:\/\/www.mentaymora.com\/wp-content\/uploads\/2024\/07\/Hair-Body-Mist-FROSTED-PISTACHO-200ml-TFC.jpg","width":600,"height":600,"caption":"Hair & Body Mist FROSTED PISTACHO 200ml TFC"},{"@type":"BreadcrumbList","@id":"https:\/\/www.mentaymora.com\/index.php\/producto\/hair-body-mist-frosted-pistacho-200ml-tfc\/#breadcrumb","itemListElement":[{"@type":"ListItem","position":1,"name":"Portada","item":"https:\/\/www.mentaymora.com\/"},{"@type":"ListItem","position":2,"name":"Productos","item":"https:\/\/www.mentaymora.com\/index.php\/tienda\/"},{"@type":"ListItem","position":3,"name":"Hair &#038; Body Mist FROSTED PISTACHO 200ml &#8211; TFC"}]},{"@type":"WebSite","@id":"https:\/\/www.mentaymora.com\/#website","url":"https:\/\/www.mentaymora.com\/","name":"Menta y Mora","description":"Regalos y Complementos","publisher":{"@id":"https:\/\/www.mentaymora.com\/#organization"},"potentialAction":[{"@type":"SearchAction","target":{"@type":"EntryPoint","urlTemplate":"https:\/\/www.mentaymora.com\/?s={search_term_string}"},"query-input":{"@type":"PropertyValueSpecification","valueRequired":true,"valueName":"search_term_string"}}],"inLanguage":"es"},{"@type":"Organization","@id":"https:\/\/www.mentaymora.com\/#organization","name":"Menta y Mora","url":"https:\/\/www.mentaymora.com\/","logo":{"@type":"ImageObject","inLanguage":"es","@id":"https:\/\/www.mentaymora.com\/#\/schema\/logo\/image\/","url":"https:\/\/www.mentaymora.com\/wp-content\/uploads\/2021\/07\/Logo.jpg","contentUrl":"https:\/\/www.mentaymora.com\/wp-content\/uploads\/2021\/07\/Logo.jpg","width":1172,"height":1172,"caption":"Menta y Mora"},"image":{"@id":"https:\/\/www.mentaymora.com\/#\/schema\/logo\/image\/"},"sameAs":["https:\/\/es-es.facebook.com\/MentayMora\/","https:\/\/www.instagram.com\/mentaymora.illescas\/?hl=es","https:\/\/www.youtube.com\/channel\/UCuMMtdck_1XS-MyW6ZnBAlw"]}]}},"_links":{"self":[{"href":"https:\/\/www.mentaymora.com\/index.php\/wp-json\/wp\/v2\/product\/15250","targetHints":{"allow":["GET"]}}],"collection":[{"href":"https:\/\/www.mentaymora.com\/index.php\/wp-json\/wp\/v2\/product"}],"about":[{"href":"https:\/\/www.mentaymora.com\/index.php\/wp-json\/wp\/v2\/types\/product"}],"replies":[{"embeddable":true,"href":"https:\/\/www.mentaymora.com\/index.php\/wp-json\/wp\/v2\/comments?post=15250"}],"wp:featuredmedia":[{"embeddable":true,"href":"https:\/\/www.mentaymora.com\/index.php\/wp-json\/wp\/v2\/media\/15251"}],"wp:attachment":[{"href":"https:\/\/www.mentaymora.com\/index.php\/wp-json\/wp\/v2\/media?parent=15250"}],"wp:term":[{"taxonomy":"product_brand","embeddable":true,"href":"https:\/\/www.mentaymora.com\/index.php\/wp-json\/wp\/v2\/product_brand?post=15250"},{"taxonomy":"product_cat","embeddable":true,"href":"https:\/\/www.mentaymora.com\/index.php\/wp-json\/wp\/v2\/product_cat?post=15250"},{"taxonomy":"product_tag","embeddable":true,"href":"https:\/\/www.mentaymora.com\/index.php\/wp-json\/wp\/v2\/product_tag?post=15250"}],"curies":[{"name":"wp","href":"https:\/\/api.w.org\/{rel}","templated":true}]}}