{"id":1636,"date":"2021-04-29T19:29:01","date_gmt":"2021-04-29T18:29:01","guid":{"rendered":"https:\/\/www.mentaymora.com\/index.php\/producto\/argan-mascarilla-capilar\/"},"modified":"2021-04-29T19:52:24","modified_gmt":"2021-04-29T18:52:24","slug":"argan-mascarilla-capilar","status":"publish","type":"product","link":"https:\/\/www.mentaymora.com\/index.php\/producto\/argan-mascarilla-capilar\/","title":{"rendered":"ARG\u00c1N Mascarilla Capilar"},"content":{"rendered":"<p>ARG\u00c1N Mascarilla Capilar<\/p>\n<p>Mascarilla capilar para cabello seco y da\u00f1ado, y para despu\u00e9s de tratamientos de peluquer\u00eda.<\/p>\n<p>Regenera activamente el cabello da\u00f1ado.<\/p>\n<p>Protege el cabello contra la sequedad y restaura su aspecto saludable y su suavidad.<\/p>\n<p>Resultados notables despu\u00e9s de la primera aplicaci\u00f3n.<\/p>\n<p><strong>Modo de empleo:<\/strong> Aplicar sobre el cabello h\u00famedo. Masajear y dejar actuar durante 3-5 minutos. Enjuagar bien.<\/p>\n<p>ARG\u00c1N Mascarilla Capilar<\/p>\n<p>Contenido: 200ml.<\/p>\n<p>Recuerda recomendar a\u00a0<a href=\"https:\/\/www.mentaymora.com\/\">Menta y Mora<\/a> para cuidar tu piel.<\/p>\n<p>S\u00edguenos en nuestras RRSS (<a href=\"https:\/\/es-es.facebook.com\/MentayMora\/\">Facebook<\/a>\u00a0e\u00a0<a href=\"https:\/\/www.instagram.com\/mentaymora.illescas\/?hl=es\">Instagram<\/a>)<\/p>\n<p>Si tienes alguna consulta,\u00a0<a href=\"mailto:%20info@mentaymora.com\">preg\u00fantanos<\/a>.<\/p>\n","protected":false},"excerpt":{"rendered":"<p>Mascarilla capilar para cabello seco y da\u00f1ado, y para despu\u00e9s de tratamientos de peluquer\u00eda.<\/p>\n<p>Regenera activamente el cabello da\u00f1ado.<\/p>\n<p>Contenido: 200ml.<\/p>\n","protected":false},"featured_media":1646,"comment_status":"open","ping_status":"closed","template":"","meta":{"_acf_changed":false,"_joinchat":[]},"product_brand":[],"product_cat":[203,78],"product_tag":[197,200],"class_list":{"0":"post-1636","1":"product","2":"type-product","3":"status-publish","4":"has-post-thumbnail","6":"product_cat-argan-protectora","7":"product_cat-ziaja","8":"product_tag-argan","9":"product_tag-mascarilla-capilar","10":"latest_post","12":"first","13":"instock","14":"taxable","15":"shipping-taxable","16":"purchasable","17":"product-type-simple"},"acf":[],"yoast_head":"<!-- This site is optimized with the Yoast SEO plugin v27.4 - https:\/\/yoast.com\/product\/yoast-seo-wordpress\/ -->\n<title>ARG\u00c1N Mascarilla Capilar - Menta y Mora - Tienda Online<\/title>\n<meta name=\"description\" content=\"ARG\u00c1N Mascarilla Capilar. Mascarilla capilar para cabello seco y da\u00f1ado, y para despu\u00e9s de tratamientos de peluquer\u00eda. Regenera activamente\" \/>\n<meta name=\"robots\" content=\"index, follow, max-snippet:-1, max-image-preview:large, max-video-preview:-1\" \/>\n<link rel=\"canonical\" href=\"https:\/\/www.mentaymora.com\/index.php\/producto\/argan-mascarilla-capilar\/\" \/>\n<meta property=\"og:locale\" content=\"es_ES\" \/>\n<meta property=\"og:type\" content=\"article\" \/>\n<meta property=\"og:title\" content=\"ARG\u00c1N Mascarilla Capilar - Menta y Mora - Tienda Online\" \/>\n<meta property=\"og:description\" content=\"ARG\u00c1N Mascarilla Capilar. Mascarilla capilar para cabello seco y da\u00f1ado, y para despu\u00e9s de tratamientos de peluquer\u00eda. Regenera activamente\" \/>\n<meta property=\"og:url\" content=\"https:\/\/www.mentaymora.com\/index.php\/producto\/argan-mascarilla-capilar\/\" \/>\n<meta property=\"og:site_name\" content=\"Menta y Mora\" \/>\n<meta property=\"article:publisher\" content=\"https:\/\/es-es.facebook.com\/MentayMora\/\" \/>\n<meta property=\"article:modified_time\" content=\"2021-04-29T18:52:24+00:00\" \/>\n<meta property=\"og:image\" content=\"https:\/\/i2.wp.com\/www.mentaymora.com\/wp-content\/uploads\/2021\/04\/Mascarilla-Capilar.jpg?fit=600%2C600&ssl=1\" \/>\n\t<meta property=\"og:image:width\" content=\"600\" \/>\n\t<meta property=\"og:image:height\" content=\"600\" \/>\n\t<meta property=\"og:image:type\" content=\"image\/jpeg\" \/>\n<meta name=\"twitter:card\" content=\"summary_large_image\" \/>\n<meta name=\"twitter:label1\" content=\"Tiempo de lectura\" \/>\n\t<meta name=\"twitter:data1\" content=\"1 minuto\" \/>\n<script type=\"application\/ld+json\" class=\"yoast-schema-graph\">{\"@context\":\"https:\\\/\\\/schema.org\",\"@graph\":[{\"@type\":\"WebPage\",\"@id\":\"https:\\\/\\\/www.mentaymora.com\\\/index.php\\\/producto\\\/argan-mascarilla-capilar\\\/\",\"url\":\"https:\\\/\\\/www.mentaymora.com\\\/index.php\\\/producto\\\/argan-mascarilla-capilar\\\/\",\"name\":\"ARG\u00c1N Mascarilla Capilar - Menta y Mora - Tienda Online\",\"isPartOf\":{\"@id\":\"https:\\\/\\\/www.mentaymora.com\\\/#website\"},\"primaryImageOfPage\":{\"@id\":\"https:\\\/\\\/www.mentaymora.com\\\/index.php\\\/producto\\\/argan-mascarilla-capilar\\\/#primaryimage\"},\"image\":{\"@id\":\"https:\\\/\\\/www.mentaymora.com\\\/index.php\\\/producto\\\/argan-mascarilla-capilar\\\/#primaryimage\"},\"thumbnailUrl\":\"https:\\\/\\\/www.mentaymora.com\\\/wp-content\\\/uploads\\\/2021\\\/04\\\/Mascarilla-Capilar.jpg\",\"datePublished\":\"2021-04-29T18:29:01+00:00\",\"dateModified\":\"2021-04-29T18:52:24+00:00\",\"description\":\"ARG\u00c1N Mascarilla Capilar. Mascarilla capilar para cabello seco y da\u00f1ado, y para despu\u00e9s de tratamientos de peluquer\u00eda. Regenera activamente\",\"breadcrumb\":{\"@id\":\"https:\\\/\\\/www.mentaymora.com\\\/index.php\\\/producto\\\/argan-mascarilla-capilar\\\/#breadcrumb\"},\"inLanguage\":\"es\",\"potentialAction\":[{\"@type\":\"ReadAction\",\"target\":[\"https:\\\/\\\/www.mentaymora.com\\\/index.php\\\/producto\\\/argan-mascarilla-capilar\\\/\"]}]},{\"@type\":\"ImageObject\",\"inLanguage\":\"es\",\"@id\":\"https:\\\/\\\/www.mentaymora.com\\\/index.php\\\/producto\\\/argan-mascarilla-capilar\\\/#primaryimage\",\"url\":\"https:\\\/\\\/www.mentaymora.com\\\/wp-content\\\/uploads\\\/2021\\\/04\\\/Mascarilla-Capilar.jpg\",\"contentUrl\":\"https:\\\/\\\/www.mentaymora.com\\\/wp-content\\\/uploads\\\/2021\\\/04\\\/Mascarilla-Capilar.jpg\",\"width\":600,\"height\":600,\"caption\":\"Mascarilla Capilar\"},{\"@type\":\"BreadcrumbList\",\"@id\":\"https:\\\/\\\/www.mentaymora.com\\\/index.php\\\/producto\\\/argan-mascarilla-capilar\\\/#breadcrumb\",\"itemListElement\":[{\"@type\":\"ListItem\",\"position\":1,\"name\":\"Portada\",\"item\":\"https:\\\/\\\/www.mentaymora.com\\\/\"},{\"@type\":\"ListItem\",\"position\":2,\"name\":\"Productos\",\"item\":\"https:\\\/\\\/www.mentaymora.com\\\/index.php\\\/tienda\\\/\"},{\"@type\":\"ListItem\",\"position\":3,\"name\":\"ARG\u00c1N Mascarilla Capilar\"}]},{\"@type\":\"WebSite\",\"@id\":\"https:\\\/\\\/www.mentaymora.com\\\/#website\",\"url\":\"https:\\\/\\\/www.mentaymora.com\\\/\",\"name\":\"Menta y Mora\",\"description\":\"Regalos y Complementos\",\"publisher\":{\"@id\":\"https:\\\/\\\/www.mentaymora.com\\\/#organization\"},\"potentialAction\":[{\"@type\":\"SearchAction\",\"target\":{\"@type\":\"EntryPoint\",\"urlTemplate\":\"https:\\\/\\\/www.mentaymora.com\\\/?s={search_term_string}\"},\"query-input\":{\"@type\":\"PropertyValueSpecification\",\"valueRequired\":true,\"valueName\":\"search_term_string\"}}],\"inLanguage\":\"es\"},{\"@type\":\"Organization\",\"@id\":\"https:\\\/\\\/www.mentaymora.com\\\/#organization\",\"name\":\"Menta y Mora\",\"url\":\"https:\\\/\\\/www.mentaymora.com\\\/\",\"logo\":{\"@type\":\"ImageObject\",\"inLanguage\":\"es\",\"@id\":\"https:\\\/\\\/www.mentaymora.com\\\/#\\\/schema\\\/logo\\\/image\\\/\",\"url\":\"https:\\\/\\\/www.mentaymora.com\\\/wp-content\\\/uploads\\\/2021\\\/07\\\/Logo.jpg\",\"contentUrl\":\"https:\\\/\\\/www.mentaymora.com\\\/wp-content\\\/uploads\\\/2021\\\/07\\\/Logo.jpg\",\"width\":1172,\"height\":1172,\"caption\":\"Menta y Mora\"},\"image\":{\"@id\":\"https:\\\/\\\/www.mentaymora.com\\\/#\\\/schema\\\/logo\\\/image\\\/\"},\"sameAs\":[\"https:\\\/\\\/es-es.facebook.com\\\/MentayMora\\\/\",\"https:\\\/\\\/www.instagram.com\\\/mentaymora.illescas\\\/?hl=es\",\"https:\\\/\\\/www.youtube.com\\\/channel\\\/UCuMMtdck_1XS-MyW6ZnBAlw\"]}]}<\/script>\n<!-- \/ Yoast SEO plugin. -->","yoast_head_json":{"title":"ARG\u00c1N Mascarilla Capilar - Menta y Mora - Tienda Online","description":"ARG\u00c1N Mascarilla Capilar. Mascarilla capilar para cabello seco y da\u00f1ado, y para despu\u00e9s de tratamientos de peluquer\u00eda. Regenera activamente","robots":{"index":"index","follow":"follow","max-snippet":"max-snippet:-1","max-image-preview":"max-image-preview:large","max-video-preview":"max-video-preview:-1"},"canonical":"https:\/\/www.mentaymora.com\/index.php\/producto\/argan-mascarilla-capilar\/","og_locale":"es_ES","og_type":"article","og_title":"ARG\u00c1N Mascarilla Capilar - Menta y Mora - Tienda Online","og_description":"ARG\u00c1N Mascarilla Capilar. Mascarilla capilar para cabello seco y da\u00f1ado, y para despu\u00e9s de tratamientos de peluquer\u00eda. Regenera activamente","og_url":"https:\/\/www.mentaymora.com\/index.php\/producto\/argan-mascarilla-capilar\/","og_site_name":"Menta y Mora","article_publisher":"https:\/\/es-es.facebook.com\/MentayMora\/","article_modified_time":"2021-04-29T18:52:24+00:00","og_image":[{"width":600,"height":600,"url":"https:\/\/i2.wp.com\/www.mentaymora.com\/wp-content\/uploads\/2021\/04\/Mascarilla-Capilar.jpg?fit=600%2C600&ssl=1","type":"image\/jpeg"}],"twitter_card":"summary_large_image","twitter_misc":{"Tiempo de lectura":"1 minuto"},"schema":{"@context":"https:\/\/schema.org","@graph":[{"@type":"WebPage","@id":"https:\/\/www.mentaymora.com\/index.php\/producto\/argan-mascarilla-capilar\/","url":"https:\/\/www.mentaymora.com\/index.php\/producto\/argan-mascarilla-capilar\/","name":"ARG\u00c1N Mascarilla Capilar - Menta y Mora - Tienda Online","isPartOf":{"@id":"https:\/\/www.mentaymora.com\/#website"},"primaryImageOfPage":{"@id":"https:\/\/www.mentaymora.com\/index.php\/producto\/argan-mascarilla-capilar\/#primaryimage"},"image":{"@id":"https:\/\/www.mentaymora.com\/index.php\/producto\/argan-mascarilla-capilar\/#primaryimage"},"thumbnailUrl":"https:\/\/www.mentaymora.com\/wp-content\/uploads\/2021\/04\/Mascarilla-Capilar.jpg","datePublished":"2021-04-29T18:29:01+00:00","dateModified":"2021-04-29T18:52:24+00:00","description":"ARG\u00c1N Mascarilla Capilar. Mascarilla capilar para cabello seco y da\u00f1ado, y para despu\u00e9s de tratamientos de peluquer\u00eda. Regenera activamente","breadcrumb":{"@id":"https:\/\/www.mentaymora.com\/index.php\/producto\/argan-mascarilla-capilar\/#breadcrumb"},"inLanguage":"es","potentialAction":[{"@type":"ReadAction","target":["https:\/\/www.mentaymora.com\/index.php\/producto\/argan-mascarilla-capilar\/"]}]},{"@type":"ImageObject","inLanguage":"es","@id":"https:\/\/www.mentaymora.com\/index.php\/producto\/argan-mascarilla-capilar\/#primaryimage","url":"https:\/\/www.mentaymora.com\/wp-content\/uploads\/2021\/04\/Mascarilla-Capilar.jpg","contentUrl":"https:\/\/www.mentaymora.com\/wp-content\/uploads\/2021\/04\/Mascarilla-Capilar.jpg","width":600,"height":600,"caption":"Mascarilla Capilar"},{"@type":"BreadcrumbList","@id":"https:\/\/www.mentaymora.com\/index.php\/producto\/argan-mascarilla-capilar\/#breadcrumb","itemListElement":[{"@type":"ListItem","position":1,"name":"Portada","item":"https:\/\/www.mentaymora.com\/"},{"@type":"ListItem","position":2,"name":"Productos","item":"https:\/\/www.mentaymora.com\/index.php\/tienda\/"},{"@type":"ListItem","position":3,"name":"ARG\u00c1N Mascarilla Capilar"}]},{"@type":"WebSite","@id":"https:\/\/www.mentaymora.com\/#website","url":"https:\/\/www.mentaymora.com\/","name":"Menta y Mora","description":"Regalos y Complementos","publisher":{"@id":"https:\/\/www.mentaymora.com\/#organization"},"potentialAction":[{"@type":"SearchAction","target":{"@type":"EntryPoint","urlTemplate":"https:\/\/www.mentaymora.com\/?s={search_term_string}"},"query-input":{"@type":"PropertyValueSpecification","valueRequired":true,"valueName":"search_term_string"}}],"inLanguage":"es"},{"@type":"Organization","@id":"https:\/\/www.mentaymora.com\/#organization","name":"Menta y Mora","url":"https:\/\/www.mentaymora.com\/","logo":{"@type":"ImageObject","inLanguage":"es","@id":"https:\/\/www.mentaymora.com\/#\/schema\/logo\/image\/","url":"https:\/\/www.mentaymora.com\/wp-content\/uploads\/2021\/07\/Logo.jpg","contentUrl":"https:\/\/www.mentaymora.com\/wp-content\/uploads\/2021\/07\/Logo.jpg","width":1172,"height":1172,"caption":"Menta y Mora"},"image":{"@id":"https:\/\/www.mentaymora.com\/#\/schema\/logo\/image\/"},"sameAs":["https:\/\/es-es.facebook.com\/MentayMora\/","https:\/\/www.instagram.com\/mentaymora.illescas\/?hl=es","https:\/\/www.youtube.com\/channel\/UCuMMtdck_1XS-MyW6ZnBAlw"]}]}},"_links":{"self":[{"href":"https:\/\/www.mentaymora.com\/index.php\/wp-json\/wp\/v2\/product\/1636","targetHints":{"allow":["GET"]}}],"collection":[{"href":"https:\/\/www.mentaymora.com\/index.php\/wp-json\/wp\/v2\/product"}],"about":[{"href":"https:\/\/www.mentaymora.com\/index.php\/wp-json\/wp\/v2\/types\/product"}],"replies":[{"embeddable":true,"href":"https:\/\/www.mentaymora.com\/index.php\/wp-json\/wp\/v2\/comments?post=1636"}],"wp:featuredmedia":[{"embeddable":true,"href":"https:\/\/www.mentaymora.com\/index.php\/wp-json\/wp\/v2\/media\/1646"}],"wp:attachment":[{"href":"https:\/\/www.mentaymora.com\/index.php\/wp-json\/wp\/v2\/media?parent=1636"}],"wp:term":[{"taxonomy":"product_brand","embeddable":true,"href":"https:\/\/www.mentaymora.com\/index.php\/wp-json\/wp\/v2\/product_brand?post=1636"},{"taxonomy":"product_cat","embeddable":true,"href":"https:\/\/www.mentaymora.com\/index.php\/wp-json\/wp\/v2\/product_cat?post=1636"},{"taxonomy":"product_tag","embeddable":true,"href":"https:\/\/www.mentaymora.com\/index.php\/wp-json\/wp\/v2\/product_tag?post=1636"}],"curies":[{"name":"wp","href":"https:\/\/api.w.org\/{rel}","templated":true}]}}

ARGÁN Mascarilla Capilar

<p>ARGÁN Mascarilla Capilar</p>
<p>Mascarilla capilar para cabello seco y dañado, y para después de tratamientos de peluquería.</p>
<p>Regenera activamente el cabello dañado.</p>
<p>Protege el cabello contra la sequedad y restaura su aspecto saludable y su suavidad.</p>
<p>Resultados notables después de la primera aplicación.</p>
<p><strong>Modo de empleo:</strong> Aplicar sobre el cabello húmedo. Masajear y dejar actuar durante 3-5 minutos. Enjuagar bien.</p>
<p>ARGÁN Mascarilla Capilar</p>
<p>Contenido: 200ml.</p>
<p>Recuerda recomendar a <a href="https://www.mentaymora.com/">Menta y Mora</a> para cuidar tu piel.</p>
<p>Síguenos en nuestras RRSS (<a href="https://es-es.facebook.com/MentayMora/">Facebook</a> e <a href="https://www.instagram.com/mentaymora.illescas/?hl=es">Instagram</a>)</p>
<p>Si tienes alguna consulta, <a href="mailto:%20info@mentaymora.com">pregúntanos</a>.</p>

<p>Mascarilla capilar para cabello seco y dañado, y para después de tratamientos de peluquería.</p>
<p>Regenera activamente el cabello dañado.</p>
<p>Contenido: 200ml.</p>

<!-- This site is optimized with the Yoast SEO plugin v27.4 - https://yoast.com/product/yoast-seo-wordpress/ -->
<title>ARGÁN Mascarilla Capilar - Menta y Mora - Tienda Online</title>
<meta name="description" content="ARGÁN Mascarilla Capilar. Mascarilla capilar para cabello seco y dañado, y para después de tratamientos de peluquería. Regenera activamente" />
<meta name="robots" content="index, follow, max-snippet:-1, max-image-preview:large, max-video-preview:-1" />
<link rel="canonical" href="https://www.mentaymora.com/index.php/producto/argan-mascarilla-capilar/" />
<meta property="og:locale" content="es_ES" />
<meta property="og:type" content="article" />
<meta property="og:title" content="ARGÁN Mascarilla Capilar - Menta y Mora - Tienda Online" />
<meta property="og:description" content="ARGÁN Mascarilla Capilar. Mascarilla capilar para cabello seco y dañado, y para después de tratamientos de peluquería. Regenera activamente" />
<meta property="og:url" content="https://www.mentaymora.com/index.php/producto/argan-mascarilla-capilar/" />
<meta property="og:site_name" content="Menta y Mora" />
<meta property="article:publisher" content="https://es-es.facebook.com/MentayMora/" />
<meta property="article:modified_time" content="2021-04-29T18:52:24+00:00" />
<meta property="og:image" content="https://i2.wp.com/www.mentaymora.com/wp-content/uploads/2021/04/Mascarilla-Capilar.jpg?fit=600%2C600&ssl=1" />
	<meta property="og:image:width" content="600" />
	<meta property="og:image:height" content="600" />
	<meta property="og:image:type" content="image/jpeg" />
<meta name="twitter:card" content="summary_large_image" />
<meta name="twitter:label1" content="Tiempo de lectura" />
	<meta name="twitter:data1" content="1 minuto" />
<script type="application/ld+json" class="yoast-schema-graph">{"@context":"https:\/\/schema.org","@graph":[{"@type":"WebPage","@id":"https:\/\/www.mentaymora.com\/index.php\/producto\/argan-mascarilla-capilar\/","url":"https:\/\/www.mentaymora.com\/index.php\/producto\/argan-mascarilla-capilar\/","name":"ARGÁN Mascarilla Capilar - Menta y Mora - Tienda Online","isPartOf":{"@id":"https:\/\/www.mentaymora.com\/#website"},"primaryImageOfPage":{"@id":"https:\/\/www.mentaymora.com\/index.php\/producto\/argan-mascarilla-capilar\/#primaryimage"},"image":{"@id":"https:\/\/www.mentaymora.com\/index.php\/producto\/argan-mascarilla-capilar\/#primaryimage"},"thumbnailUrl":"https:\/\/www.mentaymora.com\/wp-content\/uploads\/2021\/04\/Mascarilla-Capilar.jpg","datePublished":"2021-04-29T18:29:01+00:00","dateModified":"2021-04-29T18:52:24+00:00","description":"ARGÁN Mascarilla Capilar. Mascarilla capilar para cabello seco y dañado, y para después de tratamientos de peluquería. Regenera activamente","breadcrumb":{"@id":"https:\/\/www.mentaymora.com\/index.php\/producto\/argan-mascarilla-capilar\/#breadcrumb"},"inLanguage":"es","potentialAction":[{"@type":"ReadAction","target":["https:\/\/www.mentaymora.com\/index.php\/producto\/argan-mascarilla-capilar\/"]}]},{"@type":"ImageObject","inLanguage":"es","@id":"https:\/\/www.mentaymora.com\/index.php\/producto\/argan-mascarilla-capilar\/#primaryimage","url":"https:\/\/www.mentaymora.com\/wp-content\/uploads\/2021\/04\/Mascarilla-Capilar.jpg","contentUrl":"https:\/\/www.mentaymora.com\/wp-content\/uploads\/2021\/04\/Mascarilla-Capilar.jpg","width":600,"height":600,"caption":"Mascarilla Capilar"},{"@type":"BreadcrumbList","@id":"https:\/\/www.mentaymora.com\/index.php\/producto\/argan-mascarilla-capilar\/#breadcrumb","itemListElement":[{"@type":"ListItem","position":1,"name":"Portada","item":"https:\/\/www.mentaymora.com\/"},{"@type":"ListItem","position":2,"name":"Productos","item":"https:\/\/www.mentaymora.com\/index.php\/tienda\/"},{"@type":"ListItem","position":3,"name":"ARGÁN Mascarilla Capilar"}]},{"@type":"WebSite","@id":"https:\/\/www.mentaymora.com\/#website","url":"https:\/\/www.mentaymora.com\/","name":"Menta y Mora","description":"Regalos y Complementos","publisher":{"@id":"https:\/\/www.mentaymora.com\/#organization"},"potentialAction":[{"@type":"SearchAction","target":{"@type":"EntryPoint","urlTemplate":"https:\/\/www.mentaymora.com\/?s={search_term_string}"},"query-input":{"@type":"PropertyValueSpecification","valueRequired":true,"valueName":"search_term_string"}}],"inLanguage":"es"},{"@type":"Organization","@id":"https:\/\/www.mentaymora.com\/#organization","name":"Menta y Mora","url":"https:\/\/www.mentaymora.com\/","logo":{"@type":"ImageObject","inLanguage":"es","@id":"https:\/\/www.mentaymora.com\/#\/schema\/logo\/image\/","url":"https:\/\/www.mentaymora.com\/wp-content\/uploads\/2021\/07\/Logo.jpg","contentUrl":"https:\/\/www.mentaymora.com\/wp-content\/uploads\/2021\/07\/Logo.jpg","width":1172,"height":1172,"caption":"Menta y Mora"},"image":{"@id":"https:\/\/www.mentaymora.com\/#\/schema\/logo\/image\/"},"sameAs":["https:\/\/es-es.facebook.com\/MentayMora\/","https:\/\/www.instagram.com\/mentaymora.illescas\/?hl=es","https:\/\/www.youtube.com\/channel\/UCuMMtdck_1XS-MyW6ZnBAlw"]}]}</script>
<!-- / Yoast SEO plugin. -->

ARGÁN Mascarilla Capilar - Menta y Mora - Tienda Online

ARGÁN Mascarilla Capilar. Mascarilla capilar para cabello seco y dañado, y para después de tratamientos de peluquería. Regenera activamente
