{"id":19558,"date":"2025-09-06T19:17:09","date_gmt":"2025-09-06T18:17:09","guid":{"rendered":"https:\/\/www.mentaymora.com\/?post_type=product&#038;p=19558"},"modified":"2025-11-16T10:06:39","modified_gmt":"2025-11-16T09:06:39","slug":"crema-panal-calendula-con-oxido-de-zinc-100ml-corine-de-farme","status":"publish","type":"product","link":"https:\/\/www.mentaymora.com\/index.php\/producto\/crema-panal-calendula-con-oxido-de-zinc-100ml-corine-de-farme\/","title":{"rendered":"Crema Pa\u00f1al Cal\u00e9ndula con \u00d3xido de Zinc 100ml \u2013 Corine de Farme"},"content":{"rendered":"<p>Crema Pa\u00f1al Cal\u00e9ndula con \u00d3xido de Zinc 100ml \u2013 Corine de Farme<\/p>\n<p data-start=\"377\" data-end=\"687\">La\u00a0<strong data-start=\"380\" data-end=\"408\">crema de pa\u00f1al para beb\u00e9<\/strong>\u00a0est\u00e1 especialmente formulada para\u00a0<strong data-start=\"443\" data-end=\"510\">proteger la piel delicada y prevenir las rojeces e irritaciones<\/strong>\u00a0causadas por el uso del pa\u00f1al. Su textura suave crea una\u00a0<strong data-start=\"568\" data-end=\"590\">barrera protectora<\/strong>\u00a0que a\u00edsla la piel de la humedad y el roce, manteni\u00e9ndola calmada y confortable en cada cambio.<\/p>\n<p data-start=\"689\" data-end=\"915\">Con\u00a0<strong data-start=\"693\" data-end=\"734\">95% de ingredientes de origen natural<\/strong>\u00a0y enriquecida con\u00a0<strong data-start=\"753\" data-end=\"778\">extracto de cal\u00e9ndula<\/strong>, conocida por sus propiedades calmantes y regeneradoras, esta crema ofrece un cuidado seguro y eficaz desde los primeros d\u00edas de vida.<\/p>\n<p data-start=\"917\" data-end=\"1100\">Su\u00a0<strong data-start=\"920\" data-end=\"973\">composici\u00f3n es apta para las pieles m\u00e1s sensibles<\/strong>, y ha sido\u00a0<strong data-start=\"985\" data-end=\"1036\">testada bajo control pedi\u00e1trico y dermatol\u00f3gico<\/strong>, garantizando la m\u00e1xima tolerancia incluso en reci\u00e9n nacidos.<\/p>\n<p data-start=\"1102\" data-end=\"1258\">Ideal para padres que buscan una\u00a0<strong data-start=\"1135\" data-end=\"1200\">crema natural, segura y eficaz contra la dermatitis del pa\u00f1al<\/strong>, asegurando bienestar y protecci\u00f3n diaria para su beb\u00e9.<\/p>\n<p data-start=\"922\" data-end=\"1201\"><a href=\"https:\/\/www.mentaymora.com\/\">Menta y Mora<\/a>\u00a0Te Enamora\u00a0 \u00a0 S\u00edguenos en nuestras RRSS (<a href=\"https:\/\/es-es.facebook.com\/MentayMora\/\">Facebook<\/a>\u00a0e\u00a0<a href=\"https:\/\/www.instagram.com\/mentaymora.illescas\/?hl=es\">Instagram<\/a>)\u00a0 \u00a0 Si tienes alguna consulta,\u00a0<a href=\"mailto:%20info@mentaymora.com\">preg\u00fantanos<\/a>.<\/p>\n","protected":false},"excerpt":{"rendered":"<p data-start=\"164\" data-end=\"318\">Crema de pa\u00f1al con cal\u00e9ndula y 95% ingredientes naturales. Protege la piel del beb\u00e9, previene rojeces y refuerza la barrera cut\u00e1nea desde el nacimiento.<\/p>\n<ul>\n<li data-start=\"190\" data-end=\"335\"><strong>Formato:<\/strong> 100ml<\/li>\n<\/ul>\n<table style=\"border-collapse: collapse; width: 100%;\">\n<tbody>\n<tr>\n<td style=\"width: 14.2857%;\">\n<p><img decoding=\"async\" class=\"size-full wp-image-19548\" title=\"Icono Dermatol\u00f3gicamente Testado\" src=\"https:\/\/www.mentaymora.com\/wp-content\/uploads\/2025\/08\/Icono-Dermatologicamente-Testado.jpg\" alt=\"Icono Dermatol\u00f3gicamente Testado\" width=\"98\" height=\"98\" srcset=\"https:\/\/www.mentaymora.com\/wp-content\/uploads\/2025\/08\/Icono-Dermatologicamente-Testado.jpg 98w, https:\/\/www.mentaymora.com\/wp-content\/uploads\/2025\/08\/Icono-Dermatologicamente-Testado-24x24.jpg 24w, https:\/\/www.mentaymora.com\/wp-content\/uploads\/2025\/08\/Icono-Dermatologicamente-Testado-36x36.jpg 36w, https:\/\/www.mentaymora.com\/wp-content\/uploads\/2025\/08\/Icono-Dermatologicamente-Testado-48x48.jpg 48w, https:\/\/www.mentaymora.com\/wp-content\/uploads\/2025\/08\/Icono-Dermatologicamente-Testado-50x50.jpg 50w, https:\/\/www.mentaymora.com\/wp-content\/uploads\/2025\/08\/Icono-Dermatologicamente-Testado-64x64.jpg 64w\" sizes=\"(max-width: 98px) 100vw, 98px\" \/><\/p>\n<\/td>\n<td style=\"width: 14.2857%;\">\n<p><img decoding=\"async\" class=\"size-full wp-image-19542\" title=\"Icono Hipoalergenico\" src=\"https:\/\/www.mentaymora.com\/wp-content\/uploads\/2025\/08\/Icono-Hipoalergenico.png\" alt=\"Icono Hipoalergenico\" width=\"98\" height=\"98\" srcset=\"https:\/\/www.mentaymora.com\/wp-content\/uploads\/2025\/08\/Icono-Hipoalergenico.png 98w, https:\/\/www.mentaymora.com\/wp-content\/uploads\/2025\/08\/Icono-Hipoalergenico-24x24.png 24w, https:\/\/www.mentaymora.com\/wp-content\/uploads\/2025\/08\/Icono-Hipoalergenico-36x36.png 36w, https:\/\/www.mentaymora.com\/wp-content\/uploads\/2025\/08\/Icono-Hipoalergenico-48x48.png 48w, https:\/\/www.mentaymora.com\/wp-content\/uploads\/2025\/08\/Icono-Hipoalergenico-50x50.png 50w, https:\/\/www.mentaymora.com\/wp-content\/uploads\/2025\/08\/Icono-Hipoalergenico-64x64.png 64w\" sizes=\"(max-width: 98px) 100vw, 98px\" \/><\/p>\n<\/td>\n<td style=\"width: 14.2857%;\">\u00a0<\/td>\n<td style=\"width: 14.2857%;\">\u00a0<\/td>\n<td style=\"width: 14.2857%;\">\u00a0<\/td>\n<td style=\"width: 14.2857%;\">\u00a0<\/td>\n<td style=\"width: 14.2857%;\">\u00a0<\/td>\n<\/tr>\n<\/tbody>\n<\/table>\n","protected":false},"featured_media":19534,"comment_status":"open","ping_status":"closed","template":"","meta":{"_acf_changed":false,"_joinchat":[]},"product_brand":[1588],"product_cat":[1587,1676],"product_tag":[281,337],"class_list":{"0":"post-19558","1":"product","2":"type-product","3":"status-publish","4":"has-post-thumbnail","6":"product_brand-corine-de-farme","7":"product_cat-corine-de-farme","8":"product_cat-cuidado-del-bebe","9":"product_tag-crema","10":"product_tag-panal","11":"latest_post","13":"first","14":"instock","15":"taxable","16":"shipping-taxable","17":"purchasable","18":"product-type-simple"},"acf":[],"yoast_head":"<!-- This site is optimized with the Yoast SEO plugin v27.4 - https:\/\/yoast.com\/product\/yoast-seo-wordpress\/ -->\n<title>Crema Pa\u00f1al Cal\u00e9ndula con \u00d3xido de Zinc 100ml \u2013 Corine de Farme - Menta y Mora<\/title>\n<meta name=\"description\" content=\"Crema Pa\u00f1al Cal\u00e9ndula con \u00d3xido de Zinc 100ml \u2013 Corine de Farme La\u00a0crema de pa\u00f1al para beb\u00e9\u00a0est\u00e1 especialmente formulada para\u00a0proteger la piel delicada\" \/>\n<meta name=\"robots\" content=\"index, follow, max-snippet:-1, max-image-preview:large, max-video-preview:-1\" \/>\n<link rel=\"canonical\" href=\"https:\/\/www.mentaymora.com\/index.php\/producto\/crema-panal-calendula-con-oxido-de-zinc-100ml-corine-de-farme\/\" \/>\n<meta property=\"og:locale\" content=\"es_ES\" \/>\n<meta property=\"og:type\" content=\"article\" \/>\n<meta property=\"og:title\" content=\"Crema Pa\u00f1al Cal\u00e9ndula con \u00d3xido de Zinc 100ml \u2013 Corine de Farme - Menta y Mora\" \/>\n<meta property=\"og:description\" content=\"Crema Pa\u00f1al Cal\u00e9ndula con \u00d3xido de Zinc 100ml \u2013 Corine de Farme La\u00a0crema de pa\u00f1al para beb\u00e9\u00a0est\u00e1 especialmente formulada para\u00a0proteger la piel delicada\" \/>\n<meta property=\"og:url\" content=\"https:\/\/www.mentaymora.com\/index.php\/producto\/crema-panal-calendula-con-oxido-de-zinc-100ml-corine-de-farme\/\" \/>\n<meta property=\"og:site_name\" content=\"Menta y Mora\" \/>\n<meta property=\"article:publisher\" content=\"https:\/\/es-es.facebook.com\/MentayMora\/\" \/>\n<meta property=\"article:modified_time\" content=\"2025-11-16T09:06:39+00:00\" \/>\n<meta property=\"og:image\" content=\"https:\/\/www.mentaymora.com\/wp-content\/uploads\/2025\/08\/Crema_Panal_Calendula_Oxido_Zinc_100ml_Corine_de_Farme.jpg\" \/>\n\t<meta property=\"og:image:width\" content=\"700\" \/>\n\t<meta property=\"og:image:height\" content=\"700\" \/>\n\t<meta property=\"og:image:type\" content=\"image\/jpeg\" \/>\n<meta name=\"twitter:card\" content=\"summary_large_image\" \/>\n<meta name=\"twitter:label1\" content=\"Tiempo de lectura\" \/>\n\t<meta name=\"twitter:data1\" content=\"1 minuto\" \/>\n<script type=\"application\/ld+json\" class=\"yoast-schema-graph\">{\"@context\":\"https:\\\/\\\/schema.org\",\"@graph\":[{\"@type\":\"WebPage\",\"@id\":\"https:\\\/\\\/www.mentaymora.com\\\/index.php\\\/producto\\\/crema-panal-calendula-con-oxido-de-zinc-100ml-corine-de-farme\\\/\",\"url\":\"https:\\\/\\\/www.mentaymora.com\\\/index.php\\\/producto\\\/crema-panal-calendula-con-oxido-de-zinc-100ml-corine-de-farme\\\/\",\"name\":\"Crema Pa\u00f1al Cal\u00e9ndula con \u00d3xido de Zinc 100ml \u2013 Corine de Farme - Menta y Mora\",\"isPartOf\":{\"@id\":\"https:\\\/\\\/www.mentaymora.com\\\/#website\"},\"primaryImageOfPage\":{\"@id\":\"https:\\\/\\\/www.mentaymora.com\\\/index.php\\\/producto\\\/crema-panal-calendula-con-oxido-de-zinc-100ml-corine-de-farme\\\/#primaryimage\"},\"image\":{\"@id\":\"https:\\\/\\\/www.mentaymora.com\\\/index.php\\\/producto\\\/crema-panal-calendula-con-oxido-de-zinc-100ml-corine-de-farme\\\/#primaryimage\"},\"thumbnailUrl\":\"https:\\\/\\\/www.mentaymora.com\\\/wp-content\\\/uploads\\\/2025\\\/08\\\/Crema_Panal_Calendula_Oxido_Zinc_100ml_Corine_de_Farme.jpg\",\"datePublished\":\"2025-09-06T18:17:09+00:00\",\"dateModified\":\"2025-11-16T09:06:39+00:00\",\"description\":\"Crema Pa\u00f1al Cal\u00e9ndula con \u00d3xido de Zinc 100ml \u2013 Corine de Farme La\u00a0crema de pa\u00f1al para beb\u00e9\u00a0est\u00e1 especialmente formulada para\u00a0proteger la piel delicada\",\"breadcrumb\":{\"@id\":\"https:\\\/\\\/www.mentaymora.com\\\/index.php\\\/producto\\\/crema-panal-calendula-con-oxido-de-zinc-100ml-corine-de-farme\\\/#breadcrumb\"},\"inLanguage\":\"es\",\"potentialAction\":[{\"@type\":\"ReadAction\",\"target\":[\"https:\\\/\\\/www.mentaymora.com\\\/index.php\\\/producto\\\/crema-panal-calendula-con-oxido-de-zinc-100ml-corine-de-farme\\\/\"]}]},{\"@type\":\"ImageObject\",\"inLanguage\":\"es\",\"@id\":\"https:\\\/\\\/www.mentaymora.com\\\/index.php\\\/producto\\\/crema-panal-calendula-con-oxido-de-zinc-100ml-corine-de-farme\\\/#primaryimage\",\"url\":\"https:\\\/\\\/www.mentaymora.com\\\/wp-content\\\/uploads\\\/2025\\\/08\\\/Crema_Panal_Calendula_Oxido_Zinc_100ml_Corine_de_Farme.jpg\",\"contentUrl\":\"https:\\\/\\\/www.mentaymora.com\\\/wp-content\\\/uploads\\\/2025\\\/08\\\/Crema_Panal_Calendula_Oxido_Zinc_100ml_Corine_de_Farme.jpg\",\"width\":700,\"height\":700,\"caption\":\"Crema Pa\u00f1al Cal\u00e9ndula \u00d3xido Zinc 100ml Corine de Farme\"},{\"@type\":\"BreadcrumbList\",\"@id\":\"https:\\\/\\\/www.mentaymora.com\\\/index.php\\\/producto\\\/crema-panal-calendula-con-oxido-de-zinc-100ml-corine-de-farme\\\/#breadcrumb\",\"itemListElement\":[{\"@type\":\"ListItem\",\"position\":1,\"name\":\"Portada\",\"item\":\"https:\\\/\\\/www.mentaymora.com\\\/\"},{\"@type\":\"ListItem\",\"position\":2,\"name\":\"Productos\",\"item\":\"https:\\\/\\\/www.mentaymora.com\\\/index.php\\\/tienda\\\/\"},{\"@type\":\"ListItem\",\"position\":3,\"name\":\"Crema Pa\u00f1al Cal\u00e9ndula con \u00d3xido de Zinc 100ml \u2013 Corine de Farme\"}]},{\"@type\":\"WebSite\",\"@id\":\"https:\\\/\\\/www.mentaymora.com\\\/#website\",\"url\":\"https:\\\/\\\/www.mentaymora.com\\\/\",\"name\":\"Menta y Mora\",\"description\":\"Regalos y Complementos\",\"publisher\":{\"@id\":\"https:\\\/\\\/www.mentaymora.com\\\/#organization\"},\"potentialAction\":[{\"@type\":\"SearchAction\",\"target\":{\"@type\":\"EntryPoint\",\"urlTemplate\":\"https:\\\/\\\/www.mentaymora.com\\\/?s={search_term_string}\"},\"query-input\":{\"@type\":\"PropertyValueSpecification\",\"valueRequired\":true,\"valueName\":\"search_term_string\"}}],\"inLanguage\":\"es\"},{\"@type\":\"Organization\",\"@id\":\"https:\\\/\\\/www.mentaymora.com\\\/#organization\",\"name\":\"Menta y Mora\",\"url\":\"https:\\\/\\\/www.mentaymora.com\\\/\",\"logo\":{\"@type\":\"ImageObject\",\"inLanguage\":\"es\",\"@id\":\"https:\\\/\\\/www.mentaymora.com\\\/#\\\/schema\\\/logo\\\/image\\\/\",\"url\":\"https:\\\/\\\/www.mentaymora.com\\\/wp-content\\\/uploads\\\/2021\\\/07\\\/Logo.jpg\",\"contentUrl\":\"https:\\\/\\\/www.mentaymora.com\\\/wp-content\\\/uploads\\\/2021\\\/07\\\/Logo.jpg\",\"width\":1172,\"height\":1172,\"caption\":\"Menta y Mora\"},\"image\":{\"@id\":\"https:\\\/\\\/www.mentaymora.com\\\/#\\\/schema\\\/logo\\\/image\\\/\"},\"sameAs\":[\"https:\\\/\\\/es-es.facebook.com\\\/MentayMora\\\/\",\"https:\\\/\\\/www.instagram.com\\\/mentaymora.illescas\\\/?hl=es\",\"https:\\\/\\\/www.youtube.com\\\/channel\\\/UCuMMtdck_1XS-MyW6ZnBAlw\"]}]}<\/script>\n<!-- \/ Yoast SEO plugin. -->","yoast_head_json":{"title":"Crema Pa\u00f1al Cal\u00e9ndula con \u00d3xido de Zinc 100ml \u2013 Corine de Farme - Menta y Mora","description":"Crema Pa\u00f1al Cal\u00e9ndula con \u00d3xido de Zinc 100ml \u2013 Corine de Farme La\u00a0crema de pa\u00f1al para beb\u00e9\u00a0est\u00e1 especialmente formulada para\u00a0proteger la piel delicada","robots":{"index":"index","follow":"follow","max-snippet":"max-snippet:-1","max-image-preview":"max-image-preview:large","max-video-preview":"max-video-preview:-1"},"canonical":"https:\/\/www.mentaymora.com\/index.php\/producto\/crema-panal-calendula-con-oxido-de-zinc-100ml-corine-de-farme\/","og_locale":"es_ES","og_type":"article","og_title":"Crema Pa\u00f1al Cal\u00e9ndula con \u00d3xido de Zinc 100ml \u2013 Corine de Farme - Menta y Mora","og_description":"Crema Pa\u00f1al Cal\u00e9ndula con \u00d3xido de Zinc 100ml \u2013 Corine de Farme La\u00a0crema de pa\u00f1al para beb\u00e9\u00a0est\u00e1 especialmente formulada para\u00a0proteger la piel delicada","og_url":"https:\/\/www.mentaymora.com\/index.php\/producto\/crema-panal-calendula-con-oxido-de-zinc-100ml-corine-de-farme\/","og_site_name":"Menta y Mora","article_publisher":"https:\/\/es-es.facebook.com\/MentayMora\/","article_modified_time":"2025-11-16T09:06:39+00:00","og_image":[{"width":700,"height":700,"url":"https:\/\/www.mentaymora.com\/wp-content\/uploads\/2025\/08\/Crema_Panal_Calendula_Oxido_Zinc_100ml_Corine_de_Farme.jpg","type":"image\/jpeg"}],"twitter_card":"summary_large_image","twitter_misc":{"Tiempo de lectura":"1 minuto"},"schema":{"@context":"https:\/\/schema.org","@graph":[{"@type":"WebPage","@id":"https:\/\/www.mentaymora.com\/index.php\/producto\/crema-panal-calendula-con-oxido-de-zinc-100ml-corine-de-farme\/","url":"https:\/\/www.mentaymora.com\/index.php\/producto\/crema-panal-calendula-con-oxido-de-zinc-100ml-corine-de-farme\/","name":"Crema Pa\u00f1al Cal\u00e9ndula con \u00d3xido de Zinc 100ml \u2013 Corine de Farme - Menta y Mora","isPartOf":{"@id":"https:\/\/www.mentaymora.com\/#website"},"primaryImageOfPage":{"@id":"https:\/\/www.mentaymora.com\/index.php\/producto\/crema-panal-calendula-con-oxido-de-zinc-100ml-corine-de-farme\/#primaryimage"},"image":{"@id":"https:\/\/www.mentaymora.com\/index.php\/producto\/crema-panal-calendula-con-oxido-de-zinc-100ml-corine-de-farme\/#primaryimage"},"thumbnailUrl":"https:\/\/www.mentaymora.com\/wp-content\/uploads\/2025\/08\/Crema_Panal_Calendula_Oxido_Zinc_100ml_Corine_de_Farme.jpg","datePublished":"2025-09-06T18:17:09+00:00","dateModified":"2025-11-16T09:06:39+00:00","description":"Crema Pa\u00f1al Cal\u00e9ndula con \u00d3xido de Zinc 100ml \u2013 Corine de Farme La\u00a0crema de pa\u00f1al para beb\u00e9\u00a0est\u00e1 especialmente formulada para\u00a0proteger la piel delicada","breadcrumb":{"@id":"https:\/\/www.mentaymora.com\/index.php\/producto\/crema-panal-calendula-con-oxido-de-zinc-100ml-corine-de-farme\/#breadcrumb"},"inLanguage":"es","potentialAction":[{"@type":"ReadAction","target":["https:\/\/www.mentaymora.com\/index.php\/producto\/crema-panal-calendula-con-oxido-de-zinc-100ml-corine-de-farme\/"]}]},{"@type":"ImageObject","inLanguage":"es","@id":"https:\/\/www.mentaymora.com\/index.php\/producto\/crema-panal-calendula-con-oxido-de-zinc-100ml-corine-de-farme\/#primaryimage","url":"https:\/\/www.mentaymora.com\/wp-content\/uploads\/2025\/08\/Crema_Panal_Calendula_Oxido_Zinc_100ml_Corine_de_Farme.jpg","contentUrl":"https:\/\/www.mentaymora.com\/wp-content\/uploads\/2025\/08\/Crema_Panal_Calendula_Oxido_Zinc_100ml_Corine_de_Farme.jpg","width":700,"height":700,"caption":"Crema Pa\u00f1al Cal\u00e9ndula \u00d3xido Zinc 100ml Corine de Farme"},{"@type":"BreadcrumbList","@id":"https:\/\/www.mentaymora.com\/index.php\/producto\/crema-panal-calendula-con-oxido-de-zinc-100ml-corine-de-farme\/#breadcrumb","itemListElement":[{"@type":"ListItem","position":1,"name":"Portada","item":"https:\/\/www.mentaymora.com\/"},{"@type":"ListItem","position":2,"name":"Productos","item":"https:\/\/www.mentaymora.com\/index.php\/tienda\/"},{"@type":"ListItem","position":3,"name":"Crema Pa\u00f1al Cal\u00e9ndula con \u00d3xido de Zinc 100ml \u2013 Corine de Farme"}]},{"@type":"WebSite","@id":"https:\/\/www.mentaymora.com\/#website","url":"https:\/\/www.mentaymora.com\/","name":"Menta y Mora","description":"Regalos y Complementos","publisher":{"@id":"https:\/\/www.mentaymora.com\/#organization"},"potentialAction":[{"@type":"SearchAction","target":{"@type":"EntryPoint","urlTemplate":"https:\/\/www.mentaymora.com\/?s={search_term_string}"},"query-input":{"@type":"PropertyValueSpecification","valueRequired":true,"valueName":"search_term_string"}}],"inLanguage":"es"},{"@type":"Organization","@id":"https:\/\/www.mentaymora.com\/#organization","name":"Menta y Mora","url":"https:\/\/www.mentaymora.com\/","logo":{"@type":"ImageObject","inLanguage":"es","@id":"https:\/\/www.mentaymora.com\/#\/schema\/logo\/image\/","url":"https:\/\/www.mentaymora.com\/wp-content\/uploads\/2021\/07\/Logo.jpg","contentUrl":"https:\/\/www.mentaymora.com\/wp-content\/uploads\/2021\/07\/Logo.jpg","width":1172,"height":1172,"caption":"Menta y Mora"},"image":{"@id":"https:\/\/www.mentaymora.com\/#\/schema\/logo\/image\/"},"sameAs":["https:\/\/es-es.facebook.com\/MentayMora\/","https:\/\/www.instagram.com\/mentaymora.illescas\/?hl=es","https:\/\/www.youtube.com\/channel\/UCuMMtdck_1XS-MyW6ZnBAlw"]}]}},"_links":{"self":[{"href":"https:\/\/www.mentaymora.com\/index.php\/wp-json\/wp\/v2\/product\/19558","targetHints":{"allow":["GET"]}}],"collection":[{"href":"https:\/\/www.mentaymora.com\/index.php\/wp-json\/wp\/v2\/product"}],"about":[{"href":"https:\/\/www.mentaymora.com\/index.php\/wp-json\/wp\/v2\/types\/product"}],"replies":[{"embeddable":true,"href":"https:\/\/www.mentaymora.com\/index.php\/wp-json\/wp\/v2\/comments?post=19558"}],"wp:featuredmedia":[{"embeddable":true,"href":"https:\/\/www.mentaymora.com\/index.php\/wp-json\/wp\/v2\/media\/19534"}],"wp:attachment":[{"href":"https:\/\/www.mentaymora.com\/index.php\/wp-json\/wp\/v2\/media?parent=19558"}],"wp:term":[{"taxonomy":"product_brand","embeddable":true,"href":"https:\/\/www.mentaymora.com\/index.php\/wp-json\/wp\/v2\/product_brand?post=19558"},{"taxonomy":"product_cat","embeddable":true,"href":"https:\/\/www.mentaymora.com\/index.php\/wp-json\/wp\/v2\/product_cat?post=19558"},{"taxonomy":"product_tag","embeddable":true,"href":"https:\/\/www.mentaymora.com\/index.php\/wp-json\/wp\/v2\/product_tag?post=19558"}],"curies":[{"name":"wp","href":"https:\/\/api.w.org\/{rel}","templated":true}]}}