{"id":20015,"date":"2025-10-19T06:49:22","date_gmt":"2025-10-19T05:49:22","guid":{"rendered":"https:\/\/www.mentaymora.com\/?post_type=product&#038;p=20015"},"modified":"2025-11-19T10:43:37","modified_gmt":"2025-11-19T09:43:37","slug":"duo-mini-bouquet-spray-ambientador-lolita-lempicka-sweet-maison-berger","status":"publish","type":"product","link":"https:\/\/www.mentaymora.com\/index.php\/producto\/duo-mini-bouquet-spray-ambientador-lolita-lempicka-sweet-maison-berger\/","title":{"rendered":"D\u00fao mini Bouquet &amp; Spray ambientador Lolita Lempicka Sweet &#8211; Maison Berger"},"content":{"rendered":"<p>D\u00fao mini Bouquet &amp; Spray ambientador Lolita Lempicka Sweet &#8211; Maison Berger<\/p>\n<p data-start=\"659\" data-end=\"976\">Descubre la elegancia del <strong data-start=\"685\" data-end=\"747\">D\u00fao Mini Bouquet &amp; Spray Ambientador Lolita Lempicka Sweet<\/strong>, una creaci\u00f3n exclusiva fruto de la colaboraci\u00f3n entre <strong data-start=\"803\" data-end=\"822\">Lolita Lempicka<\/strong> y <strong data-start=\"825\" data-end=\"848\">Maison Berger Paris<\/strong>. Este cofre combina un dise\u00f1o refinado con una experiencia olfativa que envuelve cualquier espacio con estilo y personalidad.<\/p>\n<p data-start=\"978\" data-end=\"1174\">El set est\u00e1 compuesto por un <strong data-start=\"1007\" data-end=\"1064\">mini bouquet difusor de vidrio lacado en rojo intenso<\/strong>, con aspecto de joya, y un <strong data-start=\"1092\" data-end=\"1113\">spray de ambiente<\/strong> que permite perfumar de forma instant\u00e1nea y personalizada.<\/p>\n<h4 data-start=\"1176\" data-end=\"1210\">Caracter\u00edsticas destacadas:<\/h4>\n<ul data-start=\"1211\" data-end=\"1781\">\n<li data-start=\"1211\" data-end=\"1393\">\n<p data-start=\"1213\" data-end=\"1245\"><strong data-start=\"1213\" data-end=\"1242\">Fragancia exclusiva Sweet<\/strong>:<\/p>\n<ul data-start=\"1248\" data-end=\"1393\">\n<li data-start=\"1248\" data-end=\"1294\">\n<p data-start=\"1250\" data-end=\"1294\">Notas de salida: cereza, frambuesa y rosa.<\/p>\n<\/li>\n<li data-start=\"1297\" data-end=\"1342\">\n<p data-start=\"1299\" data-end=\"1342\">Notas de coraz\u00f3n: iris, cacao y ang\u00e9lica.<\/p>\n<\/li>\n<li data-start=\"1345\" data-end=\"1393\">\n<p data-start=\"1347\" data-end=\"1393\">Notas de fondo: almizcle, pachul\u00ed y pralin\u00e9.<\/p>\n<\/li>\n<\/ul>\n<\/li>\n<li data-start=\"1394\" data-end=\"1564\">\n<p data-start=\"1396\" data-end=\"1420\"><strong data-start=\"1396\" data-end=\"1417\">Modo de uso doble<\/strong>:<\/p>\n<ul data-start=\"1423\" data-end=\"1564\">\n<li data-start=\"1423\" data-end=\"1479\">\n<p data-start=\"1425\" data-end=\"1479\">Mini bouquet con difusi\u00f3n continua de hasta 27 d\u00edas.<\/p>\n<\/li>\n<li data-start=\"1482\" data-end=\"1564\">\n<p data-start=\"1484\" data-end=\"1564\">Spray con entre 450 y 550 pulverizaciones para perfumar en el momento deseado.<\/p>\n<\/li>\n<\/ul>\n<\/li>\n<li data-start=\"1565\" data-end=\"1647\">\n<p data-start=\"1567\" data-end=\"1647\"><strong data-start=\"1567\" data-end=\"1586\">Dise\u00f1o elegante<\/strong> en vidrio lacado color rojo, ideal como objeto decorativo.<\/p>\n<\/li>\n<li data-start=\"1648\" data-end=\"1716\">\n<p data-start=\"1650\" data-end=\"1716\"><strong data-start=\"1650\" data-end=\"1675\">Capacidad del difusor<\/strong>: 100 ml (90 ml de fragancia incluida).<\/p>\n<\/li>\n<li data-start=\"1717\" data-end=\"1753\">\n<p data-start=\"1719\" data-end=\"1753\"><strong data-start=\"1719\" data-end=\"1734\">Dimensiones<\/strong>: 12 x 6 x 19 cm.<\/p>\n<\/li>\n<\/ul>\n<p data-start=\"1783\" data-end=\"1946\">Este cofre es perfecto para quienes buscan <strong data-start=\"1826\" data-end=\"1889\">regalar o regalarse un toque de sofisticaci\u00f3n y creatividad<\/strong>, combinando est\u00e9tica y sensaciones \u00fanicas en el hogar.<\/p>\n<p data-start=\"1783\" data-end=\"1946\"><a href=\"https:\/\/www.mentaymora.com\/\">Menta y Mora<\/a>\u00a0Te Enamora\u00a0 \u00a0 S\u00edguenos en nuestras RRSS (<a href=\"https:\/\/es-es.facebook.com\/MentayMora\/\">Facebook<\/a>\u00a0e\u00a0<a href=\"https:\/\/www.instagram.com\/mentaymora.illescas\/?hl=es\">Instagram<\/a>)\u00a0 \u00a0 Si tienes alguna consulta,\u00a0<a href=\"mailto:%20info@mentaymora.com\">preg\u00fantanos<\/a>.<\/p>\n","protected":false},"excerpt":{"rendered":"<p data-start=\"189\" data-end=\"357\">El <strong data-start=\"192\" data-end=\"254\">D\u00fao Mini Bouquet &amp; Spray Ambientador Lolita Lempicka Sweet<\/strong> de <strong data-start=\"258\" data-end=\"281\">Maison Berger Paris<\/strong> combina dise\u00f1o y sofisticaci\u00f3n para perfumar tu hogar con un aroma \u00fanico.<\/p>\n<ul data-start=\"358\" data-end=\"599\">\n<li data-start=\"358\" data-end=\"424\">\n<p data-start=\"360\" data-end=\"424\">Incluye mini bouquet de vidrio lacado y spray en rojo intenso.<\/p>\n<\/li>\n<li data-start=\"425\" data-end=\"531\">\n<p data-start=\"427\" data-end=\"531\">Fragancia con notas de cereza, frambuesa, rosa, iris, cacao y un fondo de almizcle, pachul\u00ed y pralin\u00e9.<\/p>\n<\/li>\n<li data-start=\"532\" data-end=\"599\">\n<p data-start=\"534\" data-end=\"599\">Dos modos de perfumado: difusi\u00f3n continua y aplicaci\u00f3n puntual.<\/p>\n<\/li>\n<\/ul>\n","protected":false},"featured_media":20019,"comment_status":"open","ping_status":"closed","template":"","meta":{"_acf_changed":false,"_joinchat":[]},"product_brand":[1611],"product_cat":[1637],"product_tag":[99,1638,55],"class_list":{"0":"post-20015","1":"product","2":"type-product","3":"status-publish","4":"has-post-thumbnail","6":"product_brand-maison-berger","7":"product_cat-lolita-lempicka","8":"product_tag-difusor","9":"product_tag-lolita","10":"product_tag-spray","11":"latest_post","13":"first","14":"instock","15":"taxable","16":"shipping-taxable","17":"purchasable","18":"product-type-simple"},"acf":[],"yoast_head":"<!-- This site is optimized with the Yoast SEO plugin v27.4 - https:\/\/yoast.com\/product\/yoast-seo-wordpress\/ -->\n<title>D\u00fao mini Bouquet &amp; Spray ambientador Lolita Lempicka Sweet - Maison Berger - Menta y Mora<\/title>\n<meta name=\"description\" content=\"D\u00fao mini Bouquet &amp; Spray ambientador Lolita Lempicka Sweet - Maison Berger Descubre la elegancia del D\u00fao Mini Bouquet &amp; Spray Ambientador Lolita Lempicka\" \/>\n<meta name=\"robots\" content=\"index, follow, max-snippet:-1, max-image-preview:large, max-video-preview:-1\" \/>\n<link rel=\"canonical\" href=\"https:\/\/www.mentaymora.com\/index.php\/producto\/duo-mini-bouquet-spray-ambientador-lolita-lempicka-sweet-maison-berger\/\" \/>\n<meta property=\"og:locale\" content=\"es_ES\" \/>\n<meta property=\"og:type\" content=\"article\" \/>\n<meta property=\"og:title\" content=\"D\u00fao mini Bouquet &amp; Spray ambientador Lolita Lempicka Sweet - Maison Berger - Menta y Mora\" \/>\n<meta property=\"og:description\" content=\"D\u00fao mini Bouquet &amp; Spray ambientador Lolita Lempicka Sweet - Maison Berger Descubre la elegancia del D\u00fao Mini Bouquet &amp; Spray Ambientador Lolita Lempicka\" \/>\n<meta property=\"og:url\" content=\"https:\/\/www.mentaymora.com\/index.php\/producto\/duo-mini-bouquet-spray-ambientador-lolita-lempicka-sweet-maison-berger\/\" \/>\n<meta property=\"og:site_name\" content=\"Menta y Mora\" \/>\n<meta property=\"article:publisher\" content=\"https:\/\/es-es.facebook.com\/MentayMora\/\" \/>\n<meta property=\"article:modified_time\" content=\"2025-11-19T09:43:37+00:00\" \/>\n<meta property=\"og:image\" content=\"https:\/\/www.mentaymora.com\/wp-content\/uploads\/2025\/10\/mini-duo-lolita-lempicka-sweet.png\" \/>\n\t<meta property=\"og:image:width\" content=\"1200\" \/>\n\t<meta property=\"og:image:height\" content=\"1200\" \/>\n\t<meta property=\"og:image:type\" content=\"image\/png\" \/>\n<meta name=\"twitter:card\" content=\"summary_large_image\" \/>\n<meta name=\"twitter:label1\" content=\"Tiempo de lectura\" \/>\n\t<meta name=\"twitter:data1\" content=\"2 minutos\" \/>\n<script type=\"application\/ld+json\" class=\"yoast-schema-graph\">{\"@context\":\"https:\\\/\\\/schema.org\",\"@graph\":[{\"@type\":\"WebPage\",\"@id\":\"https:\\\/\\\/www.mentaymora.com\\\/index.php\\\/producto\\\/duo-mini-bouquet-spray-ambientador-lolita-lempicka-sweet-maison-berger\\\/\",\"url\":\"https:\\\/\\\/www.mentaymora.com\\\/index.php\\\/producto\\\/duo-mini-bouquet-spray-ambientador-lolita-lempicka-sweet-maison-berger\\\/\",\"name\":\"D\u00fao mini Bouquet &amp; Spray ambientador Lolita Lempicka Sweet - Maison Berger - Menta y Mora\",\"isPartOf\":{\"@id\":\"https:\\\/\\\/www.mentaymora.com\\\/#website\"},\"primaryImageOfPage\":{\"@id\":\"https:\\\/\\\/www.mentaymora.com\\\/index.php\\\/producto\\\/duo-mini-bouquet-spray-ambientador-lolita-lempicka-sweet-maison-berger\\\/#primaryimage\"},\"image\":{\"@id\":\"https:\\\/\\\/www.mentaymora.com\\\/index.php\\\/producto\\\/duo-mini-bouquet-spray-ambientador-lolita-lempicka-sweet-maison-berger\\\/#primaryimage\"},\"thumbnailUrl\":\"https:\\\/\\\/www.mentaymora.com\\\/wp-content\\\/uploads\\\/2025\\\/10\\\/mini-duo-lolita-lempicka-sweet.png\",\"datePublished\":\"2025-10-19T05:49:22+00:00\",\"dateModified\":\"2025-11-19T09:43:37+00:00\",\"description\":\"D\u00fao mini Bouquet & Spray ambientador Lolita Lempicka Sweet - Maison Berger Descubre la elegancia del D\u00fao Mini Bouquet & Spray Ambientador Lolita Lempicka\",\"breadcrumb\":{\"@id\":\"https:\\\/\\\/www.mentaymora.com\\\/index.php\\\/producto\\\/duo-mini-bouquet-spray-ambientador-lolita-lempicka-sweet-maison-berger\\\/#breadcrumb\"},\"inLanguage\":\"es\",\"potentialAction\":[{\"@type\":\"ReadAction\",\"target\":[\"https:\\\/\\\/www.mentaymora.com\\\/index.php\\\/producto\\\/duo-mini-bouquet-spray-ambientador-lolita-lempicka-sweet-maison-berger\\\/\"]}]},{\"@type\":\"ImageObject\",\"inLanguage\":\"es\",\"@id\":\"https:\\\/\\\/www.mentaymora.com\\\/index.php\\\/producto\\\/duo-mini-bouquet-spray-ambientador-lolita-lempicka-sweet-maison-berger\\\/#primaryimage\",\"url\":\"https:\\\/\\\/www.mentaymora.com\\\/wp-content\\\/uploads\\\/2025\\\/10\\\/mini-duo-lolita-lempicka-sweet.png\",\"contentUrl\":\"https:\\\/\\\/www.mentaymora.com\\\/wp-content\\\/uploads\\\/2025\\\/10\\\/mini-duo-lolita-lempicka-sweet.png\",\"width\":1200,\"height\":1200,\"caption\":\"mini duo lolita lempicka sweet\"},{\"@type\":\"BreadcrumbList\",\"@id\":\"https:\\\/\\\/www.mentaymora.com\\\/index.php\\\/producto\\\/duo-mini-bouquet-spray-ambientador-lolita-lempicka-sweet-maison-berger\\\/#breadcrumb\",\"itemListElement\":[{\"@type\":\"ListItem\",\"position\":1,\"name\":\"Portada\",\"item\":\"https:\\\/\\\/www.mentaymora.com\\\/\"},{\"@type\":\"ListItem\",\"position\":2,\"name\":\"Productos\",\"item\":\"https:\\\/\\\/www.mentaymora.com\\\/index.php\\\/tienda\\\/\"},{\"@type\":\"ListItem\",\"position\":3,\"name\":\"D\u00fao mini Bouquet &amp; Spray ambientador Lolita Lempicka Sweet &#8211; Maison Berger\"}]},{\"@type\":\"WebSite\",\"@id\":\"https:\\\/\\\/www.mentaymora.com\\\/#website\",\"url\":\"https:\\\/\\\/www.mentaymora.com\\\/\",\"name\":\"Menta y Mora\",\"description\":\"Regalos y Complementos\",\"publisher\":{\"@id\":\"https:\\\/\\\/www.mentaymora.com\\\/#organization\"},\"potentialAction\":[{\"@type\":\"SearchAction\",\"target\":{\"@type\":\"EntryPoint\",\"urlTemplate\":\"https:\\\/\\\/www.mentaymora.com\\\/?s={search_term_string}\"},\"query-input\":{\"@type\":\"PropertyValueSpecification\",\"valueRequired\":true,\"valueName\":\"search_term_string\"}}],\"inLanguage\":\"es\"},{\"@type\":\"Organization\",\"@id\":\"https:\\\/\\\/www.mentaymora.com\\\/#organization\",\"name\":\"Menta y Mora\",\"url\":\"https:\\\/\\\/www.mentaymora.com\\\/\",\"logo\":{\"@type\":\"ImageObject\",\"inLanguage\":\"es\",\"@id\":\"https:\\\/\\\/www.mentaymora.com\\\/#\\\/schema\\\/logo\\\/image\\\/\",\"url\":\"https:\\\/\\\/www.mentaymora.com\\\/wp-content\\\/uploads\\\/2021\\\/07\\\/Logo.jpg\",\"contentUrl\":\"https:\\\/\\\/www.mentaymora.com\\\/wp-content\\\/uploads\\\/2021\\\/07\\\/Logo.jpg\",\"width\":1172,\"height\":1172,\"caption\":\"Menta y Mora\"},\"image\":{\"@id\":\"https:\\\/\\\/www.mentaymora.com\\\/#\\\/schema\\\/logo\\\/image\\\/\"},\"sameAs\":[\"https:\\\/\\\/es-es.facebook.com\\\/MentayMora\\\/\",\"https:\\\/\\\/www.instagram.com\\\/mentaymora.illescas\\\/?hl=es\",\"https:\\\/\\\/www.youtube.com\\\/channel\\\/UCuMMtdck_1XS-MyW6ZnBAlw\"]}]}<\/script>\n<!-- \/ Yoast SEO plugin. -->","yoast_head_json":{"title":"D\u00fao mini Bouquet &amp; Spray ambientador Lolita Lempicka Sweet - Maison Berger - Menta y Mora","description":"D\u00fao mini Bouquet & Spray ambientador Lolita Lempicka Sweet - Maison Berger Descubre la elegancia del D\u00fao Mini Bouquet & Spray Ambientador Lolita Lempicka","robots":{"index":"index","follow":"follow","max-snippet":"max-snippet:-1","max-image-preview":"max-image-preview:large","max-video-preview":"max-video-preview:-1"},"canonical":"https:\/\/www.mentaymora.com\/index.php\/producto\/duo-mini-bouquet-spray-ambientador-lolita-lempicka-sweet-maison-berger\/","og_locale":"es_ES","og_type":"article","og_title":"D\u00fao mini Bouquet &amp; Spray ambientador Lolita Lempicka Sweet - Maison Berger - Menta y Mora","og_description":"D\u00fao mini Bouquet & Spray ambientador Lolita Lempicka Sweet - Maison Berger Descubre la elegancia del D\u00fao Mini Bouquet & Spray Ambientador Lolita Lempicka","og_url":"https:\/\/www.mentaymora.com\/index.php\/producto\/duo-mini-bouquet-spray-ambientador-lolita-lempicka-sweet-maison-berger\/","og_site_name":"Menta y Mora","article_publisher":"https:\/\/es-es.facebook.com\/MentayMora\/","article_modified_time":"2025-11-19T09:43:37+00:00","og_image":[{"width":1200,"height":1200,"url":"https:\/\/www.mentaymora.com\/wp-content\/uploads\/2025\/10\/mini-duo-lolita-lempicka-sweet.png","type":"image\/png"}],"twitter_card":"summary_large_image","twitter_misc":{"Tiempo de lectura":"2 minutos"},"schema":{"@context":"https:\/\/schema.org","@graph":[{"@type":"WebPage","@id":"https:\/\/www.mentaymora.com\/index.php\/producto\/duo-mini-bouquet-spray-ambientador-lolita-lempicka-sweet-maison-berger\/","url":"https:\/\/www.mentaymora.com\/index.php\/producto\/duo-mini-bouquet-spray-ambientador-lolita-lempicka-sweet-maison-berger\/","name":"D\u00fao mini Bouquet &amp; Spray ambientador Lolita Lempicka Sweet - Maison Berger - Menta y Mora","isPartOf":{"@id":"https:\/\/www.mentaymora.com\/#website"},"primaryImageOfPage":{"@id":"https:\/\/www.mentaymora.com\/index.php\/producto\/duo-mini-bouquet-spray-ambientador-lolita-lempicka-sweet-maison-berger\/#primaryimage"},"image":{"@id":"https:\/\/www.mentaymora.com\/index.php\/producto\/duo-mini-bouquet-spray-ambientador-lolita-lempicka-sweet-maison-berger\/#primaryimage"},"thumbnailUrl":"https:\/\/www.mentaymora.com\/wp-content\/uploads\/2025\/10\/mini-duo-lolita-lempicka-sweet.png","datePublished":"2025-10-19T05:49:22+00:00","dateModified":"2025-11-19T09:43:37+00:00","description":"D\u00fao mini Bouquet & Spray ambientador Lolita Lempicka Sweet - Maison Berger Descubre la elegancia del D\u00fao Mini Bouquet & Spray Ambientador Lolita Lempicka","breadcrumb":{"@id":"https:\/\/www.mentaymora.com\/index.php\/producto\/duo-mini-bouquet-spray-ambientador-lolita-lempicka-sweet-maison-berger\/#breadcrumb"},"inLanguage":"es","potentialAction":[{"@type":"ReadAction","target":["https:\/\/www.mentaymora.com\/index.php\/producto\/duo-mini-bouquet-spray-ambientador-lolita-lempicka-sweet-maison-berger\/"]}]},{"@type":"ImageObject","inLanguage":"es","@id":"https:\/\/www.mentaymora.com\/index.php\/producto\/duo-mini-bouquet-spray-ambientador-lolita-lempicka-sweet-maison-berger\/#primaryimage","url":"https:\/\/www.mentaymora.com\/wp-content\/uploads\/2025\/10\/mini-duo-lolita-lempicka-sweet.png","contentUrl":"https:\/\/www.mentaymora.com\/wp-content\/uploads\/2025\/10\/mini-duo-lolita-lempicka-sweet.png","width":1200,"height":1200,"caption":"mini duo lolita lempicka sweet"},{"@type":"BreadcrumbList","@id":"https:\/\/www.mentaymora.com\/index.php\/producto\/duo-mini-bouquet-spray-ambientador-lolita-lempicka-sweet-maison-berger\/#breadcrumb","itemListElement":[{"@type":"ListItem","position":1,"name":"Portada","item":"https:\/\/www.mentaymora.com\/"},{"@type":"ListItem","position":2,"name":"Productos","item":"https:\/\/www.mentaymora.com\/index.php\/tienda\/"},{"@type":"ListItem","position":3,"name":"D\u00fao mini Bouquet &amp; Spray ambientador Lolita Lempicka Sweet &#8211; Maison Berger"}]},{"@type":"WebSite","@id":"https:\/\/www.mentaymora.com\/#website","url":"https:\/\/www.mentaymora.com\/","name":"Menta y Mora","description":"Regalos y Complementos","publisher":{"@id":"https:\/\/www.mentaymora.com\/#organization"},"potentialAction":[{"@type":"SearchAction","target":{"@type":"EntryPoint","urlTemplate":"https:\/\/www.mentaymora.com\/?s={search_term_string}"},"query-input":{"@type":"PropertyValueSpecification","valueRequired":true,"valueName":"search_term_string"}}],"inLanguage":"es"},{"@type":"Organization","@id":"https:\/\/www.mentaymora.com\/#organization","name":"Menta y Mora","url":"https:\/\/www.mentaymora.com\/","logo":{"@type":"ImageObject","inLanguage":"es","@id":"https:\/\/www.mentaymora.com\/#\/schema\/logo\/image\/","url":"https:\/\/www.mentaymora.com\/wp-content\/uploads\/2021\/07\/Logo.jpg","contentUrl":"https:\/\/www.mentaymora.com\/wp-content\/uploads\/2021\/07\/Logo.jpg","width":1172,"height":1172,"caption":"Menta y Mora"},"image":{"@id":"https:\/\/www.mentaymora.com\/#\/schema\/logo\/image\/"},"sameAs":["https:\/\/es-es.facebook.com\/MentayMora\/","https:\/\/www.instagram.com\/mentaymora.illescas\/?hl=es","https:\/\/www.youtube.com\/channel\/UCuMMtdck_1XS-MyW6ZnBAlw"]}]}},"_links":{"self":[{"href":"https:\/\/www.mentaymora.com\/index.php\/wp-json\/wp\/v2\/product\/20015","targetHints":{"allow":["GET"]}}],"collection":[{"href":"https:\/\/www.mentaymora.com\/index.php\/wp-json\/wp\/v2\/product"}],"about":[{"href":"https:\/\/www.mentaymora.com\/index.php\/wp-json\/wp\/v2\/types\/product"}],"replies":[{"embeddable":true,"href":"https:\/\/www.mentaymora.com\/index.php\/wp-json\/wp\/v2\/comments?post=20015"}],"wp:featuredmedia":[{"embeddable":true,"href":"https:\/\/www.mentaymora.com\/index.php\/wp-json\/wp\/v2\/media\/20019"}],"wp:attachment":[{"href":"https:\/\/www.mentaymora.com\/index.php\/wp-json\/wp\/v2\/media?parent=20015"}],"wp:term":[{"taxonomy":"product_brand","embeddable":true,"href":"https:\/\/www.mentaymora.com\/index.php\/wp-json\/wp\/v2\/product_brand?post=20015"},{"taxonomy":"product_cat","embeddable":true,"href":"https:\/\/www.mentaymora.com\/index.php\/wp-json\/wp\/v2\/product_cat?post=20015"},{"taxonomy":"product_tag","embeddable":true,"href":"https:\/\/www.mentaymora.com\/index.php\/wp-json\/wp\/v2\/product_tag?post=20015"}],"curies":[{"name":"wp","href":"https:\/\/api.w.org\/{rel}","templated":true}]}}