{"id":2052,"date":"2021-05-06T15:35:17","date_gmt":"2021-05-06T14:35:17","guid":{"rendered":"https:\/\/www.mentaymora.com\/index.php\/producto\/jeju-microexfoliante-corporal-negro\/"},"modified":"2021-05-06T16:52:28","modified_gmt":"2021-05-06T15:52:28","slug":"jeju-microexfoliante-corporal-negro","status":"publish","type":"product","link":"https:\/\/www.mentaymora.com\/index.php\/producto\/jeju-microexfoliante-corporal-negro\/","title":{"rendered":"JEJU Microexfoliante Corporal Negro"},"content":{"rendered":"<p>JEJU Microexfoliante Corporal Negro<\/p>\n<p>Microexfoliante corporal negro de micro part\u00edculas.<\/p>\n<p>Basado en part\u00edculas biodegradables &#8211; de \u00e1cido polil\u00e1ctico y celulosa, contiene glicerina hidratante. No contiene tensioactivos.<\/p>\n<p>F\u00e1cil de enjuagar.<\/p>\n<p>Limpia eficazmente la piel corporal, ayuda a la exfoliaci\u00f3n de las c\u00e9lulas muertas y proporciona un agradable masaje en la piel.<\/p>\n<p>Deja la piel suave, fresca y agradable al tacto.<\/p>\n<p><strong>Ingredientes activos principales:<\/strong> El Aceite de Camelia japonesa suaviza, hidrata y regenera la piel. El extracto de Cistus es efectivo contra el acn\u00e9. El Carb\u00f3n Binchot\u00e1n elimina las impurezas y el exceso de sebo.<\/p>\n<p><strong>Modo de empleo:<\/strong> Aplicar sobre la piel humedecida, masajear con movimientos circulares y enjuaguar. Apto para uso diario.<\/p>\n<p>Contenido: 200ml.<\/p>\n<p>JEJU Microexfoliante Corporal Negro<\/p>\n<p>Recuerda recomendar a\u00a0<a href=\"https:\/\/www.mentaymora.com\/\">Menta y Mora<\/a>\u00a0para cuidar tu piel.<\/p>\n<p>S\u00edguenos en nuestras RRSS (<a href=\"https:\/\/es-es.facebook.com\/MentayMora\/\">Facebook<\/a>\u00a0e\u00a0<a href=\"https:\/\/www.instagram.com\/mentaymora.illescas\/?hl=es\">Instagram<\/a>)<\/p>\n<p>Si tienes alguna consulta,\u00a0<a href=\"mailto:%20info@mentaymora.com\">preg\u00fantanos<\/a>.<\/p>\n","protected":false},"excerpt":{"rendered":"<p>El Aceite de Camelia japonesa suaviza, hidrata y regenera la piel.<\/p>\n<p>El extracto de Cistus es efectivo contra el acn\u00e9.<\/p>\n<p>El Carb\u00f3n Binchot\u00e1n elimina las impurezas y el exceso de sebo.<\/p>\n<p>Contenido: 200ml.<\/p>\n<p><img decoding=\"async\" class=\" wp-image-1683\" title=\"Logo Vegano\" src=\"https:\/\/www.mentaymora.com\/wp-content\/uploads\/2021\/04\/PngItem_5501122-300x300.png\" alt=\"Logo Vegano\" width=\"75\" height=\"75\" srcset=\"https:\/\/www.mentaymora.com\/wp-content\/uploads\/2021\/04\/PngItem_5501122-300x300.png 300w, https:\/\/www.mentaymora.com\/wp-content\/uploads\/2021\/04\/PngItem_5501122-100x100.png 100w, https:\/\/www.mentaymora.com\/wp-content\/uploads\/2021\/04\/PngItem_5501122-600x600.png 600w\" sizes=\"(max-width: 75px) 100vw, 75px\" \/><\/p>\n","protected":false},"featured_media":2076,"comment_status":"open","ping_status":"closed","template":"","meta":{"_acf_changed":false,"_joinchat":[]},"product_brand":[],"product_cat":[261,78],"product_tag":[267,262,266],"class_list":{"0":"post-2052","1":"product","2":"type-product","3":"status-publish","4":"has-post-thumbnail","6":"product_cat-jeju-purificante","7":"product_cat-ziaja","8":"product_tag-corporal","9":"product_tag-jeju","10":"product_tag-microexfoliante","11":"latest_post","13":"first","14":"instock","15":"taxable","16":"shipping-taxable","17":"purchasable","18":"product-type-simple"},"acf":[],"yoast_head":"<!-- This site is optimized with the Yoast SEO plugin v27.4 - https:\/\/yoast.com\/product\/yoast-seo-wordpress\/ -->\n<title>JEJU Microexfoliante Corporal Negro de Ziaja - Menta y Mora - Tienda<\/title>\n<meta name=\"description\" content=\"JEJU Microexfoliante Corporal Negro. Microexfoliante corporal negro de micro part\u00edculas. Basado en part\u00edculas biodegradables - de \u00e1cido\" \/>\n<meta name=\"robots\" content=\"index, follow, max-snippet:-1, max-image-preview:large, max-video-preview:-1\" \/>\n<link rel=\"canonical\" href=\"https:\/\/www.mentaymora.com\/index.php\/producto\/jeju-microexfoliante-corporal-negro\/\" \/>\n<meta property=\"og:locale\" content=\"es_ES\" \/>\n<meta property=\"og:type\" content=\"article\" \/>\n<meta property=\"og:title\" content=\"JEJU Microexfoliante Corporal Negro de Ziaja - Menta y Mora - Tienda\" \/>\n<meta property=\"og:description\" content=\"JEJU Microexfoliante Corporal Negro. Microexfoliante corporal negro de micro part\u00edculas. Basado en part\u00edculas biodegradables - de \u00e1cido\" \/>\n<meta property=\"og:url\" content=\"https:\/\/www.mentaymora.com\/index.php\/producto\/jeju-microexfoliante-corporal-negro\/\" \/>\n<meta property=\"og:site_name\" content=\"Menta y Mora\" \/>\n<meta property=\"article:publisher\" content=\"https:\/\/es-es.facebook.com\/MentayMora\/\" \/>\n<meta property=\"article:modified_time\" content=\"2021-05-06T15:52:28+00:00\" \/>\n<meta property=\"og:image\" content=\"https:\/\/i2.wp.com\/www.mentaymora.com\/wp-content\/uploads\/2021\/05\/Microexfoliante-Corporal-Negro.jpg?fit=600%2C600&ssl=1\" \/>\n\t<meta property=\"og:image:width\" content=\"600\" \/>\n\t<meta property=\"og:image:height\" content=\"600\" \/>\n\t<meta property=\"og:image:type\" content=\"image\/jpeg\" \/>\n<meta name=\"twitter:card\" content=\"summary_large_image\" \/>\n<meta name=\"twitter:label1\" content=\"Tiempo de lectura\" \/>\n\t<meta name=\"twitter:data1\" content=\"1 minuto\" \/>\n<script type=\"application\/ld+json\" class=\"yoast-schema-graph\">{\"@context\":\"https:\\\/\\\/schema.org\",\"@graph\":[{\"@type\":\"WebPage\",\"@id\":\"https:\\\/\\\/www.mentaymora.com\\\/index.php\\\/producto\\\/jeju-microexfoliante-corporal-negro\\\/\",\"url\":\"https:\\\/\\\/www.mentaymora.com\\\/index.php\\\/producto\\\/jeju-microexfoliante-corporal-negro\\\/\",\"name\":\"JEJU Microexfoliante Corporal Negro de Ziaja - Menta y Mora - Tienda\",\"isPartOf\":{\"@id\":\"https:\\\/\\\/www.mentaymora.com\\\/#website\"},\"primaryImageOfPage\":{\"@id\":\"https:\\\/\\\/www.mentaymora.com\\\/index.php\\\/producto\\\/jeju-microexfoliante-corporal-negro\\\/#primaryimage\"},\"image\":{\"@id\":\"https:\\\/\\\/www.mentaymora.com\\\/index.php\\\/producto\\\/jeju-microexfoliante-corporal-negro\\\/#primaryimage\"},\"thumbnailUrl\":\"https:\\\/\\\/www.mentaymora.com\\\/wp-content\\\/uploads\\\/2021\\\/05\\\/Microexfoliante-Corporal-Negro.jpg\",\"datePublished\":\"2021-05-06T14:35:17+00:00\",\"dateModified\":\"2021-05-06T15:52:28+00:00\",\"description\":\"JEJU Microexfoliante Corporal Negro. Microexfoliante corporal negro de micro part\u00edculas. Basado en part\u00edculas biodegradables - de \u00e1cido\",\"breadcrumb\":{\"@id\":\"https:\\\/\\\/www.mentaymora.com\\\/index.php\\\/producto\\\/jeju-microexfoliante-corporal-negro\\\/#breadcrumb\"},\"inLanguage\":\"es\",\"potentialAction\":[{\"@type\":\"ReadAction\",\"target\":[\"https:\\\/\\\/www.mentaymora.com\\\/index.php\\\/producto\\\/jeju-microexfoliante-corporal-negro\\\/\"]}]},{\"@type\":\"ImageObject\",\"inLanguage\":\"es\",\"@id\":\"https:\\\/\\\/www.mentaymora.com\\\/index.php\\\/producto\\\/jeju-microexfoliante-corporal-negro\\\/#primaryimage\",\"url\":\"https:\\\/\\\/www.mentaymora.com\\\/wp-content\\\/uploads\\\/2021\\\/05\\\/Microexfoliante-Corporal-Negro.jpg\",\"contentUrl\":\"https:\\\/\\\/www.mentaymora.com\\\/wp-content\\\/uploads\\\/2021\\\/05\\\/Microexfoliante-Corporal-Negro.jpg\",\"width\":600,\"height\":600,\"caption\":\"Microexfoliante Corporal Negro\"},{\"@type\":\"BreadcrumbList\",\"@id\":\"https:\\\/\\\/www.mentaymora.com\\\/index.php\\\/producto\\\/jeju-microexfoliante-corporal-negro\\\/#breadcrumb\",\"itemListElement\":[{\"@type\":\"ListItem\",\"position\":1,\"name\":\"Portada\",\"item\":\"https:\\\/\\\/www.mentaymora.com\\\/\"},{\"@type\":\"ListItem\",\"position\":2,\"name\":\"Productos\",\"item\":\"https:\\\/\\\/www.mentaymora.com\\\/index.php\\\/tienda\\\/\"},{\"@type\":\"ListItem\",\"position\":3,\"name\":\"JEJU Microexfoliante Corporal Negro\"}]},{\"@type\":\"WebSite\",\"@id\":\"https:\\\/\\\/www.mentaymora.com\\\/#website\",\"url\":\"https:\\\/\\\/www.mentaymora.com\\\/\",\"name\":\"Menta y Mora\",\"description\":\"Regalos y Complementos\",\"publisher\":{\"@id\":\"https:\\\/\\\/www.mentaymora.com\\\/#organization\"},\"potentialAction\":[{\"@type\":\"SearchAction\",\"target\":{\"@type\":\"EntryPoint\",\"urlTemplate\":\"https:\\\/\\\/www.mentaymora.com\\\/?s={search_term_string}\"},\"query-input\":{\"@type\":\"PropertyValueSpecification\",\"valueRequired\":true,\"valueName\":\"search_term_string\"}}],\"inLanguage\":\"es\"},{\"@type\":\"Organization\",\"@id\":\"https:\\\/\\\/www.mentaymora.com\\\/#organization\",\"name\":\"Menta y Mora\",\"url\":\"https:\\\/\\\/www.mentaymora.com\\\/\",\"logo\":{\"@type\":\"ImageObject\",\"inLanguage\":\"es\",\"@id\":\"https:\\\/\\\/www.mentaymora.com\\\/#\\\/schema\\\/logo\\\/image\\\/\",\"url\":\"https:\\\/\\\/www.mentaymora.com\\\/wp-content\\\/uploads\\\/2021\\\/07\\\/Logo.jpg\",\"contentUrl\":\"https:\\\/\\\/www.mentaymora.com\\\/wp-content\\\/uploads\\\/2021\\\/07\\\/Logo.jpg\",\"width\":1172,\"height\":1172,\"caption\":\"Menta y Mora\"},\"image\":{\"@id\":\"https:\\\/\\\/www.mentaymora.com\\\/#\\\/schema\\\/logo\\\/image\\\/\"},\"sameAs\":[\"https:\\\/\\\/es-es.facebook.com\\\/MentayMora\\\/\",\"https:\\\/\\\/www.instagram.com\\\/mentaymora.illescas\\\/?hl=es\",\"https:\\\/\\\/www.youtube.com\\\/channel\\\/UCuMMtdck_1XS-MyW6ZnBAlw\"]}]}<\/script>\n<!-- \/ Yoast SEO plugin. -->","yoast_head_json":{"title":"JEJU Microexfoliante Corporal Negro de Ziaja - Menta y Mora - Tienda","description":"JEJU Microexfoliante Corporal Negro. Microexfoliante corporal negro de micro part\u00edculas. Basado en part\u00edculas biodegradables - de \u00e1cido","robots":{"index":"index","follow":"follow","max-snippet":"max-snippet:-1","max-image-preview":"max-image-preview:large","max-video-preview":"max-video-preview:-1"},"canonical":"https:\/\/www.mentaymora.com\/index.php\/producto\/jeju-microexfoliante-corporal-negro\/","og_locale":"es_ES","og_type":"article","og_title":"JEJU Microexfoliante Corporal Negro de Ziaja - Menta y Mora - Tienda","og_description":"JEJU Microexfoliante Corporal Negro. Microexfoliante corporal negro de micro part\u00edculas. Basado en part\u00edculas biodegradables - de \u00e1cido","og_url":"https:\/\/www.mentaymora.com\/index.php\/producto\/jeju-microexfoliante-corporal-negro\/","og_site_name":"Menta y Mora","article_publisher":"https:\/\/es-es.facebook.com\/MentayMora\/","article_modified_time":"2021-05-06T15:52:28+00:00","og_image":[{"width":600,"height":600,"url":"https:\/\/i2.wp.com\/www.mentaymora.com\/wp-content\/uploads\/2021\/05\/Microexfoliante-Corporal-Negro.jpg?fit=600%2C600&ssl=1","type":"image\/jpeg"}],"twitter_card":"summary_large_image","twitter_misc":{"Tiempo de lectura":"1 minuto"},"schema":{"@context":"https:\/\/schema.org","@graph":[{"@type":"WebPage","@id":"https:\/\/www.mentaymora.com\/index.php\/producto\/jeju-microexfoliante-corporal-negro\/","url":"https:\/\/www.mentaymora.com\/index.php\/producto\/jeju-microexfoliante-corporal-negro\/","name":"JEJU Microexfoliante Corporal Negro de Ziaja - Menta y Mora - Tienda","isPartOf":{"@id":"https:\/\/www.mentaymora.com\/#website"},"primaryImageOfPage":{"@id":"https:\/\/www.mentaymora.com\/index.php\/producto\/jeju-microexfoliante-corporal-negro\/#primaryimage"},"image":{"@id":"https:\/\/www.mentaymora.com\/index.php\/producto\/jeju-microexfoliante-corporal-negro\/#primaryimage"},"thumbnailUrl":"https:\/\/www.mentaymora.com\/wp-content\/uploads\/2021\/05\/Microexfoliante-Corporal-Negro.jpg","datePublished":"2021-05-06T14:35:17+00:00","dateModified":"2021-05-06T15:52:28+00:00","description":"JEJU Microexfoliante Corporal Negro. Microexfoliante corporal negro de micro part\u00edculas. Basado en part\u00edculas biodegradables - de \u00e1cido","breadcrumb":{"@id":"https:\/\/www.mentaymora.com\/index.php\/producto\/jeju-microexfoliante-corporal-negro\/#breadcrumb"},"inLanguage":"es","potentialAction":[{"@type":"ReadAction","target":["https:\/\/www.mentaymora.com\/index.php\/producto\/jeju-microexfoliante-corporal-negro\/"]}]},{"@type":"ImageObject","inLanguage":"es","@id":"https:\/\/www.mentaymora.com\/index.php\/producto\/jeju-microexfoliante-corporal-negro\/#primaryimage","url":"https:\/\/www.mentaymora.com\/wp-content\/uploads\/2021\/05\/Microexfoliante-Corporal-Negro.jpg","contentUrl":"https:\/\/www.mentaymora.com\/wp-content\/uploads\/2021\/05\/Microexfoliante-Corporal-Negro.jpg","width":600,"height":600,"caption":"Microexfoliante Corporal Negro"},{"@type":"BreadcrumbList","@id":"https:\/\/www.mentaymora.com\/index.php\/producto\/jeju-microexfoliante-corporal-negro\/#breadcrumb","itemListElement":[{"@type":"ListItem","position":1,"name":"Portada","item":"https:\/\/www.mentaymora.com\/"},{"@type":"ListItem","position":2,"name":"Productos","item":"https:\/\/www.mentaymora.com\/index.php\/tienda\/"},{"@type":"ListItem","position":3,"name":"JEJU Microexfoliante Corporal Negro"}]},{"@type":"WebSite","@id":"https:\/\/www.mentaymora.com\/#website","url":"https:\/\/www.mentaymora.com\/","name":"Menta y Mora","description":"Regalos y Complementos","publisher":{"@id":"https:\/\/www.mentaymora.com\/#organization"},"potentialAction":[{"@type":"SearchAction","target":{"@type":"EntryPoint","urlTemplate":"https:\/\/www.mentaymora.com\/?s={search_term_string}"},"query-input":{"@type":"PropertyValueSpecification","valueRequired":true,"valueName":"search_term_string"}}],"inLanguage":"es"},{"@type":"Organization","@id":"https:\/\/www.mentaymora.com\/#organization","name":"Menta y Mora","url":"https:\/\/www.mentaymora.com\/","logo":{"@type":"ImageObject","inLanguage":"es","@id":"https:\/\/www.mentaymora.com\/#\/schema\/logo\/image\/","url":"https:\/\/www.mentaymora.com\/wp-content\/uploads\/2021\/07\/Logo.jpg","contentUrl":"https:\/\/www.mentaymora.com\/wp-content\/uploads\/2021\/07\/Logo.jpg","width":1172,"height":1172,"caption":"Menta y Mora"},"image":{"@id":"https:\/\/www.mentaymora.com\/#\/schema\/logo\/image\/"},"sameAs":["https:\/\/es-es.facebook.com\/MentayMora\/","https:\/\/www.instagram.com\/mentaymora.illescas\/?hl=es","https:\/\/www.youtube.com\/channel\/UCuMMtdck_1XS-MyW6ZnBAlw"]}]}},"_links":{"self":[{"href":"https:\/\/www.mentaymora.com\/index.php\/wp-json\/wp\/v2\/product\/2052","targetHints":{"allow":["GET"]}}],"collection":[{"href":"https:\/\/www.mentaymora.com\/index.php\/wp-json\/wp\/v2\/product"}],"about":[{"href":"https:\/\/www.mentaymora.com\/index.php\/wp-json\/wp\/v2\/types\/product"}],"replies":[{"embeddable":true,"href":"https:\/\/www.mentaymora.com\/index.php\/wp-json\/wp\/v2\/comments?post=2052"}],"wp:featuredmedia":[{"embeddable":true,"href":"https:\/\/www.mentaymora.com\/index.php\/wp-json\/wp\/v2\/media\/2076"}],"wp:attachment":[{"href":"https:\/\/www.mentaymora.com\/index.php\/wp-json\/wp\/v2\/media?parent=2052"}],"wp:term":[{"taxonomy":"product_brand","embeddable":true,"href":"https:\/\/www.mentaymora.com\/index.php\/wp-json\/wp\/v2\/product_brand?post=2052"},{"taxonomy":"product_cat","embeddable":true,"href":"https:\/\/www.mentaymora.com\/index.php\/wp-json\/wp\/v2\/product_cat?post=2052"},{"taxonomy":"product_tag","embeddable":true,"href":"https:\/\/www.mentaymora.com\/index.php\/wp-json\/wp\/v2\/product_tag?post=2052"}],"curies":[{"name":"wp","href":"https:\/\/api.w.org\/{rel}","templated":true}]}}