{"id":20614,"date":"2025-12-06T16:39:49","date_gmt":"2025-12-06T15:39:49","guid":{"rendered":"https:\/\/www.mentaymora.com\/?post_type=product&#038;p=20614"},"modified":"2025-12-06T17:00:10","modified_gmt":"2025-12-06T16:00:10","slug":"body-bebe-dia-del-padre-personalizado","status":"publish","type":"product","link":"https:\/\/www.mentaymora.com\/index.php\/producto\/body-bebe-dia-del-padre-personalizado\/","title":{"rendered":"Body Beb\u00e9 D\u00eda del Padre Personalizado"},"content":{"rendered":"<div class=\"elementor-element elementor-element-695b96d elementor-widget elementor-widget-woocommerce-product-title elementor-page-title elementor-widget-heading\" data-id=\"695b96d\" data-element_type=\"widget\" data-widget_type=\"woocommerce-product-title.default\">\n<div class=\"elementor-widget-container\">\n<p class=\"product_title entry-title elementor-heading-title elementor-size-default\">Body Beb\u00e9 D\u00eda del Padre Personalizado<\/p>\n<\/div>\n<\/div>\n<div class=\"elementor-element elementor-element-912f065 elementor-widget elementor-widget-woocommerce-product-price\" data-id=\"912f065\" data-element_type=\"widget\" data-widget_type=\"woocommerce-product-price.default\">\n<div class=\"elementor-widget-container\">\n<p>Dale un toque especial a la ropa de tu beb\u00e9 con nuestro\u00a0<strong>body de algod\u00f3n personalizado<\/strong>, dise\u00f1ado para ofrecer comodidad y estilo. Personaliza <strong>con el nombre hasta de tres hijos<\/strong>\u00a0y elige la\u00a0<strong>talla perfecta<\/strong>\u00a0para que luzca \u00fanico y adorable.<\/p>\n<p><strong>Caracter\u00edsticas:<\/strong><\/p>\n<ul>\n<li>100%\u00a0<strong>algod\u00f3n suave y transpirable<\/strong>, ideal para la piel delicada del beb\u00e9.<\/li>\n<li><strong>Personalizaci\u00f3n con el nombre hasta de tres hijos<\/strong>, convirti\u00e9ndolo en un regalo especial.<\/li>\n<li>Disponible en\u00a0<strong>varias tallas<\/strong>\u00a0para adaptarse al crecimiento del beb\u00e9.<\/li>\n<\/ul>\n<p><strong>Consejos de Lavado:<\/strong><\/p>\n<ul>\n<li>Lavar en\u00a0<strong>programa corto<\/strong>, del rev\u00e9s, a una temperatura m\u00e1xima de\u00a0<strong>30\u00baC<\/strong>.<\/li>\n<li><strong>No usar lej\u00eda<\/strong>\u00a0para conservar los colores y la suavidad del tejido.<\/li>\n<li><strong>Planchar a temperatura baja<\/strong>\u00a0para mantener la calidad de la personalizaci\u00f3n.<\/li>\n<\/ul>\n<p><strong>Un Regalo \u00danico y Especial<\/strong><\/p>\n<p>Ideal para regalar en\u00a0<strong>baby showers, nacimientos o como un detalle original<\/strong>. Personaliza el body con su personaje favorito y crea un recuerdo inolvidable.<\/p>\n<ul>\n<li><strong>Alta calidad y confort para el beb\u00e9.<\/strong><\/li>\n<li><strong>Dise\u00f1o exclusivo con impresi\u00f3n duradera.<\/strong><\/li>\n<li><strong>Perfecto para sesiones de fotos y ocasiones especiales.<\/strong><\/li>\n<\/ul>\n<p><strong>\u00a1Haz tu pedido ahora y dise\u00f1a un body \u00fanico para tu beb\u00e9!<\/strong><\/p>\n<p style=\"text-align: center;\"><a href=\"https:\/\/www.mentaymora.com\/\">Menta y Mora<\/a>\u00a0Te Enamora\u00a0 \u00a0 \u00a0 S\u00edguenos en nuestras RRSS (<a href=\"https:\/\/es-es.facebook.com\/MentayMora\/\">Facebook<\/a>\u00a0e\u00a0<a href=\"https:\/\/www.instagram.com\/mentaymora.illescas\/?hl=es\">Instagram<\/a>)\u00a0 \u00a0 \u00a0 \u00a0Si tienes alguna consulta,\u00a0<a href=\"mailto:%20info@mentaymora.com\">preg\u00fantanos<\/a><\/p>\n<\/div>\n<\/div>\n","protected":false},"excerpt":{"rendered":"<p>Dale un toque especial a la ropa de tu beb\u00e9 con nuestro\u00a0<strong>body de algod\u00f3n personalizado<\/strong>, dise\u00f1ado para ofrecer comodidad y estilo. Personaliza <strong>con el nombre hasta de tres hijos<\/strong>\u00a0y elige la\u00a0<strong>talla perfecta<\/strong>\u00a0para que luzca \u00fanico y adorable.<\/p>\n<ul>\n<li><strong>Tiempo de env\u00edo:<\/strong>\u00a02-3 d\u00edas h\u00e1biles.<\/li>\n<li><strong>Letra Predeterminada:<\/strong>\u00a0Disney.<\/li>\n<\/ul>\n","protected":false},"featured_media":20620,"comment_status":"open","ping_status":"closed","template":"","meta":{"_acf_changed":false,"_joinchat":[]},"product_brand":[1539],"product_cat":[1711],"product_tag":[191,386],"class_list":{"0":"post-20614","1":"product","2":"type-product","3":"status-publish","4":"has-post-thumbnail","6":"product_brand-menta-y-mora","7":"product_cat-bodys","8":"product_tag-aguacate","9":"product_tag-body","10":"latest_post","12":"first","13":"instock","14":"taxable","15":"shipping-taxable","16":"purchasable","17":"product-type-variable"},"acf":[],"yoast_head":"<!-- This site is optimized with the Yoast SEO plugin v27.3 - https:\/\/yoast.com\/product\/yoast-seo-wordpress\/ -->\n<title>Body Beb\u00e9 D\u00eda del Padre Personalizado - Menta y Mora<\/title>\n<meta name=\"description\" content=\"Body Beb\u00e9 D\u00eda del Padre Personalizado Dale un toque especial a la ropa de tu beb\u00e9 con nuestro\u00a0body de algod\u00f3n personalizado, dise\u00f1ado para ofrecer comodidad\" \/>\n<meta name=\"robots\" content=\"index, follow, max-snippet:-1, max-image-preview:large, max-video-preview:-1\" \/>\n<link rel=\"canonical\" href=\"https:\/\/www.mentaymora.com\/index.php\/producto\/body-bebe-dia-del-padre-personalizado\/\" \/>\n<meta property=\"og:locale\" content=\"es_ES\" \/>\n<meta property=\"og:type\" content=\"article\" \/>\n<meta property=\"og:title\" content=\"Body Beb\u00e9 D\u00eda del Padre Personalizado - Menta y Mora\" \/>\n<meta property=\"og:description\" content=\"Body Beb\u00e9 D\u00eda del Padre Personalizado Dale un toque especial a la ropa de tu beb\u00e9 con nuestro\u00a0body de algod\u00f3n personalizado, dise\u00f1ado para ofrecer comodidad\" \/>\n<meta property=\"og:url\" content=\"https:\/\/www.mentaymora.com\/index.php\/producto\/body-bebe-dia-del-padre-personalizado\/\" \/>\n<meta property=\"og:site_name\" content=\"Menta y Mora\" \/>\n<meta property=\"article:publisher\" content=\"https:\/\/es-es.facebook.com\/MentayMora\/\" \/>\n<meta property=\"article:modified_time\" content=\"2025-12-06T16:00:10+00:00\" \/>\n<meta property=\"og:image\" content=\"https:\/\/www.mentaymora.com\/wp-content\/uploads\/2025\/12\/Body_Dia_del_Padre_Personalizado_.jpg\" \/>\n\t<meta property=\"og:image:width\" content=\"1079\" \/>\n\t<meta property=\"og:image:height\" content=\"1080\" \/>\n\t<meta property=\"og:image:type\" content=\"image\/jpeg\" \/>\n<meta name=\"twitter:card\" content=\"summary_large_image\" \/>\n<meta name=\"twitter:label1\" content=\"Tiempo de lectura\" \/>\n\t<meta name=\"twitter:data1\" content=\"2 minutos\" \/>\n<script type=\"application\/ld+json\" class=\"yoast-schema-graph\">{\"@context\":\"https:\\\/\\\/schema.org\",\"@graph\":[{\"@type\":\"WebPage\",\"@id\":\"https:\\\/\\\/www.mentaymora.com\\\/index.php\\\/producto\\\/body-bebe-dia-del-padre-personalizado\\\/\",\"url\":\"https:\\\/\\\/www.mentaymora.com\\\/index.php\\\/producto\\\/body-bebe-dia-del-padre-personalizado\\\/\",\"name\":\"Body Beb\u00e9 D\u00eda del Padre Personalizado - Menta y Mora\",\"isPartOf\":{\"@id\":\"https:\\\/\\\/www.mentaymora.com\\\/#website\"},\"primaryImageOfPage\":{\"@id\":\"https:\\\/\\\/www.mentaymora.com\\\/index.php\\\/producto\\\/body-bebe-dia-del-padre-personalizado\\\/#primaryimage\"},\"image\":{\"@id\":\"https:\\\/\\\/www.mentaymora.com\\\/index.php\\\/producto\\\/body-bebe-dia-del-padre-personalizado\\\/#primaryimage\"},\"thumbnailUrl\":\"https:\\\/\\\/www.mentaymora.com\\\/wp-content\\\/uploads\\\/2025\\\/12\\\/Body_Dia_del_Padre_Personalizado_.jpg\",\"datePublished\":\"2025-12-06T15:39:49+00:00\",\"dateModified\":\"2025-12-06T16:00:10+00:00\",\"description\":\"Body Beb\u00e9 D\u00eda del Padre Personalizado Dale un toque especial a la ropa de tu beb\u00e9 con nuestro\u00a0body de algod\u00f3n personalizado, dise\u00f1ado para ofrecer comodidad\",\"breadcrumb\":{\"@id\":\"https:\\\/\\\/www.mentaymora.com\\\/index.php\\\/producto\\\/body-bebe-dia-del-padre-personalizado\\\/#breadcrumb\"},\"inLanguage\":\"es\",\"potentialAction\":[{\"@type\":\"ReadAction\",\"target\":[\"https:\\\/\\\/www.mentaymora.com\\\/index.php\\\/producto\\\/body-bebe-dia-del-padre-personalizado\\\/\"]}]},{\"@type\":\"ImageObject\",\"inLanguage\":\"es\",\"@id\":\"https:\\\/\\\/www.mentaymora.com\\\/index.php\\\/producto\\\/body-bebe-dia-del-padre-personalizado\\\/#primaryimage\",\"url\":\"https:\\\/\\\/www.mentaymora.com\\\/wp-content\\\/uploads\\\/2025\\\/12\\\/Body_Dia_del_Padre_Personalizado_.jpg\",\"contentUrl\":\"https:\\\/\\\/www.mentaymora.com\\\/wp-content\\\/uploads\\\/2025\\\/12\\\/Body_Dia_del_Padre_Personalizado_.jpg\",\"width\":1079,\"height\":1080,\"caption\":\"Body Dia del Padre Personalizado\"},{\"@type\":\"BreadcrumbList\",\"@id\":\"https:\\\/\\\/www.mentaymora.com\\\/index.php\\\/producto\\\/body-bebe-dia-del-padre-personalizado\\\/#breadcrumb\",\"itemListElement\":[{\"@type\":\"ListItem\",\"position\":1,\"name\":\"Portada\",\"item\":\"https:\\\/\\\/www.mentaymora.com\\\/\"},{\"@type\":\"ListItem\",\"position\":2,\"name\":\"Productos\",\"item\":\"https:\\\/\\\/www.mentaymora.com\\\/index.php\\\/tienda\\\/\"},{\"@type\":\"ListItem\",\"position\":3,\"name\":\"Body Beb\u00e9 D\u00eda del Padre Personalizado\"}]},{\"@type\":\"WebSite\",\"@id\":\"https:\\\/\\\/www.mentaymora.com\\\/#website\",\"url\":\"https:\\\/\\\/www.mentaymora.com\\\/\",\"name\":\"Menta y Mora\",\"description\":\"Regalos y Complementos\",\"publisher\":{\"@id\":\"https:\\\/\\\/www.mentaymora.com\\\/#organization\"},\"potentialAction\":[{\"@type\":\"SearchAction\",\"target\":{\"@type\":\"EntryPoint\",\"urlTemplate\":\"https:\\\/\\\/www.mentaymora.com\\\/?s={search_term_string}\"},\"query-input\":{\"@type\":\"PropertyValueSpecification\",\"valueRequired\":true,\"valueName\":\"search_term_string\"}}],\"inLanguage\":\"es\"},{\"@type\":\"Organization\",\"@id\":\"https:\\\/\\\/www.mentaymora.com\\\/#organization\",\"name\":\"Menta y Mora\",\"url\":\"https:\\\/\\\/www.mentaymora.com\\\/\",\"logo\":{\"@type\":\"ImageObject\",\"inLanguage\":\"es\",\"@id\":\"https:\\\/\\\/www.mentaymora.com\\\/#\\\/schema\\\/logo\\\/image\\\/\",\"url\":\"https:\\\/\\\/www.mentaymora.com\\\/wp-content\\\/uploads\\\/2021\\\/07\\\/Logo.jpg\",\"contentUrl\":\"https:\\\/\\\/www.mentaymora.com\\\/wp-content\\\/uploads\\\/2021\\\/07\\\/Logo.jpg\",\"width\":1172,\"height\":1172,\"caption\":\"Menta y Mora\"},\"image\":{\"@id\":\"https:\\\/\\\/www.mentaymora.com\\\/#\\\/schema\\\/logo\\\/image\\\/\"},\"sameAs\":[\"https:\\\/\\\/es-es.facebook.com\\\/MentayMora\\\/\",\"https:\\\/\\\/www.instagram.com\\\/mentaymora.illescas\\\/?hl=es\",\"https:\\\/\\\/www.youtube.com\\\/channel\\\/UCuMMtdck_1XS-MyW6ZnBAlw\"]}]}<\/script>\n<!-- \/ Yoast SEO plugin. -->","yoast_head_json":{"title":"Body Beb\u00e9 D\u00eda del Padre Personalizado - Menta y Mora","description":"Body Beb\u00e9 D\u00eda del Padre Personalizado Dale un toque especial a la ropa de tu beb\u00e9 con nuestro\u00a0body de algod\u00f3n personalizado, dise\u00f1ado para ofrecer comodidad","robots":{"index":"index","follow":"follow","max-snippet":"max-snippet:-1","max-image-preview":"max-image-preview:large","max-video-preview":"max-video-preview:-1"},"canonical":"https:\/\/www.mentaymora.com\/index.php\/producto\/body-bebe-dia-del-padre-personalizado\/","og_locale":"es_ES","og_type":"article","og_title":"Body Beb\u00e9 D\u00eda del Padre Personalizado - Menta y Mora","og_description":"Body Beb\u00e9 D\u00eda del Padre Personalizado Dale un toque especial a la ropa de tu beb\u00e9 con nuestro\u00a0body de algod\u00f3n personalizado, dise\u00f1ado para ofrecer comodidad","og_url":"https:\/\/www.mentaymora.com\/index.php\/producto\/body-bebe-dia-del-padre-personalizado\/","og_site_name":"Menta y Mora","article_publisher":"https:\/\/es-es.facebook.com\/MentayMora\/","article_modified_time":"2025-12-06T16:00:10+00:00","og_image":[{"width":1079,"height":1080,"url":"https:\/\/www.mentaymora.com\/wp-content\/uploads\/2025\/12\/Body_Dia_del_Padre_Personalizado_.jpg","type":"image\/jpeg"}],"twitter_card":"summary_large_image","twitter_misc":{"Tiempo de lectura":"2 minutos"},"schema":{"@context":"https:\/\/schema.org","@graph":[{"@type":"WebPage","@id":"https:\/\/www.mentaymora.com\/index.php\/producto\/body-bebe-dia-del-padre-personalizado\/","url":"https:\/\/www.mentaymora.com\/index.php\/producto\/body-bebe-dia-del-padre-personalizado\/","name":"Body Beb\u00e9 D\u00eda del Padre Personalizado - Menta y Mora","isPartOf":{"@id":"https:\/\/www.mentaymora.com\/#website"},"primaryImageOfPage":{"@id":"https:\/\/www.mentaymora.com\/index.php\/producto\/body-bebe-dia-del-padre-personalizado\/#primaryimage"},"image":{"@id":"https:\/\/www.mentaymora.com\/index.php\/producto\/body-bebe-dia-del-padre-personalizado\/#primaryimage"},"thumbnailUrl":"https:\/\/www.mentaymora.com\/wp-content\/uploads\/2025\/12\/Body_Dia_del_Padre_Personalizado_.jpg","datePublished":"2025-12-06T15:39:49+00:00","dateModified":"2025-12-06T16:00:10+00:00","description":"Body Beb\u00e9 D\u00eda del Padre Personalizado Dale un toque especial a la ropa de tu beb\u00e9 con nuestro\u00a0body de algod\u00f3n personalizado, dise\u00f1ado para ofrecer comodidad","breadcrumb":{"@id":"https:\/\/www.mentaymora.com\/index.php\/producto\/body-bebe-dia-del-padre-personalizado\/#breadcrumb"},"inLanguage":"es","potentialAction":[{"@type":"ReadAction","target":["https:\/\/www.mentaymora.com\/index.php\/producto\/body-bebe-dia-del-padre-personalizado\/"]}]},{"@type":"ImageObject","inLanguage":"es","@id":"https:\/\/www.mentaymora.com\/index.php\/producto\/body-bebe-dia-del-padre-personalizado\/#primaryimage","url":"https:\/\/www.mentaymora.com\/wp-content\/uploads\/2025\/12\/Body_Dia_del_Padre_Personalizado_.jpg","contentUrl":"https:\/\/www.mentaymora.com\/wp-content\/uploads\/2025\/12\/Body_Dia_del_Padre_Personalizado_.jpg","width":1079,"height":1080,"caption":"Body Dia del Padre Personalizado"},{"@type":"BreadcrumbList","@id":"https:\/\/www.mentaymora.com\/index.php\/producto\/body-bebe-dia-del-padre-personalizado\/#breadcrumb","itemListElement":[{"@type":"ListItem","position":1,"name":"Portada","item":"https:\/\/www.mentaymora.com\/"},{"@type":"ListItem","position":2,"name":"Productos","item":"https:\/\/www.mentaymora.com\/index.php\/tienda\/"},{"@type":"ListItem","position":3,"name":"Body Beb\u00e9 D\u00eda del Padre Personalizado"}]},{"@type":"WebSite","@id":"https:\/\/www.mentaymora.com\/#website","url":"https:\/\/www.mentaymora.com\/","name":"Menta y Mora","description":"Regalos y Complementos","publisher":{"@id":"https:\/\/www.mentaymora.com\/#organization"},"potentialAction":[{"@type":"SearchAction","target":{"@type":"EntryPoint","urlTemplate":"https:\/\/www.mentaymora.com\/?s={search_term_string}"},"query-input":{"@type":"PropertyValueSpecification","valueRequired":true,"valueName":"search_term_string"}}],"inLanguage":"es"},{"@type":"Organization","@id":"https:\/\/www.mentaymora.com\/#organization","name":"Menta y Mora","url":"https:\/\/www.mentaymora.com\/","logo":{"@type":"ImageObject","inLanguage":"es","@id":"https:\/\/www.mentaymora.com\/#\/schema\/logo\/image\/","url":"https:\/\/www.mentaymora.com\/wp-content\/uploads\/2021\/07\/Logo.jpg","contentUrl":"https:\/\/www.mentaymora.com\/wp-content\/uploads\/2021\/07\/Logo.jpg","width":1172,"height":1172,"caption":"Menta y Mora"},"image":{"@id":"https:\/\/www.mentaymora.com\/#\/schema\/logo\/image\/"},"sameAs":["https:\/\/es-es.facebook.com\/MentayMora\/","https:\/\/www.instagram.com\/mentaymora.illescas\/?hl=es","https:\/\/www.youtube.com\/channel\/UCuMMtdck_1XS-MyW6ZnBAlw"]}]}},"_links":{"self":[{"href":"https:\/\/www.mentaymora.com\/index.php\/wp-json\/wp\/v2\/product\/20614","targetHints":{"allow":["GET"]}}],"collection":[{"href":"https:\/\/www.mentaymora.com\/index.php\/wp-json\/wp\/v2\/product"}],"about":[{"href":"https:\/\/www.mentaymora.com\/index.php\/wp-json\/wp\/v2\/types\/product"}],"replies":[{"embeddable":true,"href":"https:\/\/www.mentaymora.com\/index.php\/wp-json\/wp\/v2\/comments?post=20614"}],"wp:featuredmedia":[{"embeddable":true,"href":"https:\/\/www.mentaymora.com\/index.php\/wp-json\/wp\/v2\/media\/20620"}],"wp:attachment":[{"href":"https:\/\/www.mentaymora.com\/index.php\/wp-json\/wp\/v2\/media?parent=20614"}],"wp:term":[{"taxonomy":"product_brand","embeddable":true,"href":"https:\/\/www.mentaymora.com\/index.php\/wp-json\/wp\/v2\/product_brand?post=20614"},{"taxonomy":"product_cat","embeddable":true,"href":"https:\/\/www.mentaymora.com\/index.php\/wp-json\/wp\/v2\/product_cat?post=20614"},{"taxonomy":"product_tag","embeddable":true,"href":"https:\/\/www.mentaymora.com\/index.php\/wp-json\/wp\/v2\/product_tag?post=20614"}],"curies":[{"name":"wp","href":"https:\/\/api.w.org\/{rel}","templated":true}]}}