{"id":20622,"date":"2025-12-07T20:24:36","date_gmt":"2025-12-07T19:24:36","guid":{"rendered":"https:\/\/www.mentaymora.com\/?post_type=product&#038;p=20622"},"modified":"2025-12-07T20:39:12","modified_gmt":"2025-12-07T19:39:12","slug":"cofre-lampara-berger-pomelo-chocolat-maison-berger","status":"publish","type":"product","link":"https:\/\/www.mentaymora.com\/index.php\/producto\/cofre-lampara-berger-pomelo-chocolat-maison-berger\/","title":{"rendered":"Cofre L\u00e1mpara Berger Pomelo Chocolat &#8211; Maison Berger"},"content":{"rendered":"<p>Cofre L\u00e1mpara Berger Pomelo Chocolat &#8211; Maison Berger<\/p>\n<p data-start=\"256\" data-end=\"718\">La <strong data-start=\"259\" data-end=\"294\">L\u00e1mpara Berger Pom\u00e9lis Chocolat<\/strong> es una creaci\u00f3n refinada de Maison Berger Paris que combina dise\u00f1o, armon\u00eda y el inconfundible savoir-faire franc\u00e9s. Su vidrio en tono <strong data-start=\"430\" data-end=\"442\">chocolat<\/strong>, c\u00e1lido y profundo, aporta una presencia decorativa elegante capaz de integrarse con facilidad en cualquier estilo de interiorismo. Su forma equilibrada y la suavidad de sus curvas transmiten serenidad, mientras que su acabado aporta un toque de distinci\u00f3n sutil y atemporal.<\/p>\n<p data-start=\"681\" data-end=\"1025\">El cofre incorpora una <strong data-start=\"704\" data-end=\"759\">recarga de 250 ml de la fragancia Vanille Splendeur<\/strong>, una composici\u00f3n rica y sensual que combina el dulzor refinado de la vainilla con matices c\u00e1lidos que envuelven el hogar en una atm\u00f3sfera acogedora. Su car\u00e1cter c\u00e1lido y elegante aporta serenidad y bienestar, convirtiendo cada rinc\u00f3n en un espacio lleno de confort.<\/p>\n<p data-start=\"1041\" data-end=\"1367\">M\u00e1s all\u00e1 de su belleza est\u00e9tica, la l\u00e1mpara catal\u00edtica Berger destaca por su tecnolog\u00eda exclusiva, capaz de <strong data-start=\"1149\" data-end=\"1194\">purificar el aire eliminando malos olores<\/strong> a la vez que difunde una fragancia delicada y equilibrada. El resultado es un ambiente m\u00e1s limpio, saludable y con un perfume que envuelve suavemente cada rinc\u00f3n del hogar.<\/p>\n<h4 data-start=\"1299\" data-end=\"1334\">Caracter\u00edsticas principales:<\/h4>\n<ul data-start=\"1335\" data-end=\"1502\">\n<li data-start=\"1335\" data-end=\"1400\">\n<p data-start=\"1337\" data-end=\"1400\"><strong data-start=\"1337\" data-end=\"1349\">Material<\/strong>: vidrio lacado.<\/p>\n<\/li>\n<li data-start=\"1401\" data-end=\"1443\">\n<p data-start=\"1403\" data-end=\"1443\"><strong data-start=\"1403\" data-end=\"1412\">Color<\/strong>: chocolate.<\/p>\n<\/li>\n<li data-start=\"1444\" data-end=\"1470\">\n<p data-start=\"1446\" data-end=\"1470\"><strong data-start=\"1446\" data-end=\"1459\">Capacidad<\/strong>: 342 ml.<\/p>\n<\/li>\n<li data-start=\"1471\" data-end=\"1502\">\n<p data-start=\"1473\" data-end=\"1502\"><strong data-start=\"1473\" data-end=\"1484\">Montura<\/strong>: Pomelis Oro Rosa.<\/p>\n<\/li>\n<\/ul>\n<p data-start=\"1564\" data-end=\"1792\">La <strong data-start=\"1567\" data-end=\"1602\">L\u00e1mpara Berger Pom\u00e9lis Chocolat<\/strong> es ideal para quienes buscan unir est\u00e9tica contempor\u00e1nea, bienestar y un aroma fresco y revitalizante, aportando car\u00e1cter, estilo y una experiencia olfativa de calidad a cualquier estancia.<\/p>\n<p data-start=\"1440\" data-end=\"1582\"><a href=\"https:\/\/www.mentaymora.com\/\">Menta y Mora<\/a>\u00a0Te Enamora\u00a0 \u00a0 S\u00edguenos en nuestras RRSS (<a href=\"https:\/\/es-es.facebook.com\/MentayMora\/\">Facebook<\/a>\u00a0e\u00a0<a href=\"https:\/\/www.instagram.com\/mentaymora.illescas\/?hl=es\">Instagram<\/a>)\u00a0 \u00a0 Si tienes alguna consulta,\u00a0<a href=\"mailto:%20info@mentaymora.com\">preg\u00fantanos<\/a>.<\/p>\n","protected":false},"excerpt":{"rendered":"<p data-start=\"191\" data-end=\"271\">La <strong data-start=\"194\" data-end=\"228\">L\u00e1mpara Berger Pomelis Chocolat<\/strong> aporta calidez y sofisticaci\u00f3n al hogar.<\/p>\n<ul data-start=\"272\" data-end=\"458\">\n<li data-start=\"272\" data-end=\"341\">\n<p data-start=\"274\" data-end=\"341\">Dise\u00f1o en vidrio lacado, creado por el dise\u00f1ador Sylvie de France.<\/p>\n<\/li>\n<li data-start=\"342\" data-end=\"393\">\n<p data-start=\"344\" data-end=\"393\">Montura Pomelis Oro Rosa y capacidad de 342 ml.<\/p>\n<\/li>\n<li data-start=\"394\" data-end=\"458\">\n<p data-start=\"396\" data-end=\"458\">Purifica y perfuma el aire con un toque decorativo elegante.<\/p>\n<\/li>\n<\/ul>\n<p>El cofre incorpora una <strong data-start=\"704\" data-end=\"759\">recarga de 250 ml de la fragancia Vanille Splendeur<\/strong>, una composici\u00f3n rica y sensual que combina el dulzor refinado de la vainilla con matices c\u00e1lidos que envuelven el hogar en una atm\u00f3sfera acogedora. Su car\u00e1cter c\u00e1lido y elegante aporta serenidad y bienestar, convirtiendo cada rinc\u00f3n en un espacio lleno de confort.<\/p>\n","protected":false},"featured_media":20625,"comment_status":"open","ping_status":"closed","template":"","meta":{"_acf_changed":false,"_joinchat":[]},"product_brand":[1611],"product_cat":[1616],"product_tag":[122],"class_list":{"0":"post-20622","1":"product","2":"type-product","3":"status-publish","4":"has-post-thumbnail","6":"product_brand-maison-berger","7":"product_cat-lamparas-cataliticas-mb","8":"product_tag-lampara-catalitica","9":"latest_post","11":"first","12":"instock","13":"taxable","14":"shipping-taxable","15":"purchasable","16":"product-type-simple"},"acf":[],"yoast_head":"<!-- This site is optimized with the Yoast SEO plugin v27.4 - https:\/\/yoast.com\/product\/yoast-seo-wordpress\/ -->\n<title>Cofre L\u00e1mpara Berger Pomelo Chocolat - Maison Berger - Menta y Mora<\/title>\n<meta name=\"description\" content=\"Cofre L\u00e1mpara Berger Pomelo Chocolat - Maison Berger La L\u00e1mpara Berger Pom\u00e9lis Chocolat es una creaci\u00f3n refinada de Maison Berger Paris que combina dise\u00f1o\" \/>\n<meta name=\"robots\" content=\"index, follow, max-snippet:-1, max-image-preview:large, max-video-preview:-1\" \/>\n<link rel=\"canonical\" href=\"https:\/\/www.mentaymora.com\/index.php\/producto\/cofre-lampara-berger-pomelo-chocolat-maison-berger\/\" \/>\n<meta property=\"og:locale\" content=\"es_ES\" \/>\n<meta property=\"og:type\" content=\"article\" \/>\n<meta property=\"og:title\" content=\"Cofre L\u00e1mpara Berger Pomelo Chocolat - Maison Berger - Menta y Mora\" \/>\n<meta property=\"og:description\" content=\"Cofre L\u00e1mpara Berger Pomelo Chocolat - Maison Berger La L\u00e1mpara Berger Pom\u00e9lis Chocolat es una creaci\u00f3n refinada de Maison Berger Paris que combina dise\u00f1o\" \/>\n<meta property=\"og:url\" content=\"https:\/\/www.mentaymora.com\/index.php\/producto\/cofre-lampara-berger-pomelo-chocolat-maison-berger\/\" \/>\n<meta property=\"og:site_name\" content=\"Menta y Mora\" \/>\n<meta property=\"article:publisher\" content=\"https:\/\/es-es.facebook.com\/MentayMora\/\" \/>\n<meta property=\"article:modified_time\" content=\"2025-12-07T19:39:12+00:00\" \/>\n<meta property=\"og:image\" content=\"https:\/\/www.mentaymora.com\/wp-content\/uploads\/2025\/12\/Lampara-Berger-Pomelo-Chocolat-Maison-Berger.png\" \/>\n\t<meta property=\"og:image:width\" content=\"1200\" \/>\n\t<meta property=\"og:image:height\" content=\"1200\" \/>\n\t<meta property=\"og:image:type\" content=\"image\/png\" \/>\n<meta name=\"twitter:card\" content=\"summary_large_image\" \/>\n<meta name=\"twitter:label1\" content=\"Tiempo de lectura\" \/>\n\t<meta name=\"twitter:data1\" content=\"2 minutos\" \/>\n<script type=\"application\/ld+json\" class=\"yoast-schema-graph\">{\"@context\":\"https:\\\/\\\/schema.org\",\"@graph\":[{\"@type\":\"WebPage\",\"@id\":\"https:\\\/\\\/www.mentaymora.com\\\/index.php\\\/producto\\\/cofre-lampara-berger-pomelo-chocolat-maison-berger\\\/\",\"url\":\"https:\\\/\\\/www.mentaymora.com\\\/index.php\\\/producto\\\/cofre-lampara-berger-pomelo-chocolat-maison-berger\\\/\",\"name\":\"Cofre L\u00e1mpara Berger Pomelo Chocolat - Maison Berger - Menta y Mora\",\"isPartOf\":{\"@id\":\"https:\\\/\\\/www.mentaymora.com\\\/#website\"},\"primaryImageOfPage\":{\"@id\":\"https:\\\/\\\/www.mentaymora.com\\\/index.php\\\/producto\\\/cofre-lampara-berger-pomelo-chocolat-maison-berger\\\/#primaryimage\"},\"image\":{\"@id\":\"https:\\\/\\\/www.mentaymora.com\\\/index.php\\\/producto\\\/cofre-lampara-berger-pomelo-chocolat-maison-berger\\\/#primaryimage\"},\"thumbnailUrl\":\"https:\\\/\\\/www.mentaymora.com\\\/wp-content\\\/uploads\\\/2025\\\/12\\\/Lampara-Berger-Pomelo-Chocolat-Maison-Berger.png\",\"datePublished\":\"2025-12-07T19:24:36+00:00\",\"dateModified\":\"2025-12-07T19:39:12+00:00\",\"description\":\"Cofre L\u00e1mpara Berger Pomelo Chocolat - Maison Berger La L\u00e1mpara Berger Pom\u00e9lis Chocolat es una creaci\u00f3n refinada de Maison Berger Paris que combina dise\u00f1o\",\"breadcrumb\":{\"@id\":\"https:\\\/\\\/www.mentaymora.com\\\/index.php\\\/producto\\\/cofre-lampara-berger-pomelo-chocolat-maison-berger\\\/#breadcrumb\"},\"inLanguage\":\"es\",\"potentialAction\":[{\"@type\":\"ReadAction\",\"target\":[\"https:\\\/\\\/www.mentaymora.com\\\/index.php\\\/producto\\\/cofre-lampara-berger-pomelo-chocolat-maison-berger\\\/\"]}]},{\"@type\":\"ImageObject\",\"inLanguage\":\"es\",\"@id\":\"https:\\\/\\\/www.mentaymora.com\\\/index.php\\\/producto\\\/cofre-lampara-berger-pomelo-chocolat-maison-berger\\\/#primaryimage\",\"url\":\"https:\\\/\\\/www.mentaymora.com\\\/wp-content\\\/uploads\\\/2025\\\/12\\\/Lampara-Berger-Pomelo-Chocolat-Maison-Berger.png\",\"contentUrl\":\"https:\\\/\\\/www.mentaymora.com\\\/wp-content\\\/uploads\\\/2025\\\/12\\\/Lampara-Berger-Pomelo-Chocolat-Maison-Berger.png\",\"width\":1200,\"height\":1200,\"caption\":\"L\u00e1mpara Berger Pomelo Chocolat Maison Berger\"},{\"@type\":\"BreadcrumbList\",\"@id\":\"https:\\\/\\\/www.mentaymora.com\\\/index.php\\\/producto\\\/cofre-lampara-berger-pomelo-chocolat-maison-berger\\\/#breadcrumb\",\"itemListElement\":[{\"@type\":\"ListItem\",\"position\":1,\"name\":\"Portada\",\"item\":\"https:\\\/\\\/www.mentaymora.com\\\/\"},{\"@type\":\"ListItem\",\"position\":2,\"name\":\"Productos\",\"item\":\"https:\\\/\\\/www.mentaymora.com\\\/index.php\\\/tienda\\\/\"},{\"@type\":\"ListItem\",\"position\":3,\"name\":\"Cofre L\u00e1mpara Berger Pomelo Chocolat &#8211; Maison Berger\"}]},{\"@type\":\"WebSite\",\"@id\":\"https:\\\/\\\/www.mentaymora.com\\\/#website\",\"url\":\"https:\\\/\\\/www.mentaymora.com\\\/\",\"name\":\"Menta y Mora\",\"description\":\"Regalos y Complementos\",\"publisher\":{\"@id\":\"https:\\\/\\\/www.mentaymora.com\\\/#organization\"},\"potentialAction\":[{\"@type\":\"SearchAction\",\"target\":{\"@type\":\"EntryPoint\",\"urlTemplate\":\"https:\\\/\\\/www.mentaymora.com\\\/?s={search_term_string}\"},\"query-input\":{\"@type\":\"PropertyValueSpecification\",\"valueRequired\":true,\"valueName\":\"search_term_string\"}}],\"inLanguage\":\"es\"},{\"@type\":\"Organization\",\"@id\":\"https:\\\/\\\/www.mentaymora.com\\\/#organization\",\"name\":\"Menta y Mora\",\"url\":\"https:\\\/\\\/www.mentaymora.com\\\/\",\"logo\":{\"@type\":\"ImageObject\",\"inLanguage\":\"es\",\"@id\":\"https:\\\/\\\/www.mentaymora.com\\\/#\\\/schema\\\/logo\\\/image\\\/\",\"url\":\"https:\\\/\\\/www.mentaymora.com\\\/wp-content\\\/uploads\\\/2021\\\/07\\\/Logo.jpg\",\"contentUrl\":\"https:\\\/\\\/www.mentaymora.com\\\/wp-content\\\/uploads\\\/2021\\\/07\\\/Logo.jpg\",\"width\":1172,\"height\":1172,\"caption\":\"Menta y Mora\"},\"image\":{\"@id\":\"https:\\\/\\\/www.mentaymora.com\\\/#\\\/schema\\\/logo\\\/image\\\/\"},\"sameAs\":[\"https:\\\/\\\/es-es.facebook.com\\\/MentayMora\\\/\",\"https:\\\/\\\/www.instagram.com\\\/mentaymora.illescas\\\/?hl=es\",\"https:\\\/\\\/www.youtube.com\\\/channel\\\/UCuMMtdck_1XS-MyW6ZnBAlw\"]}]}<\/script>\n<!-- \/ Yoast SEO plugin. -->","yoast_head_json":{"title":"Cofre L\u00e1mpara Berger Pomelo Chocolat - Maison Berger - Menta y Mora","description":"Cofre L\u00e1mpara Berger Pomelo Chocolat - Maison Berger La L\u00e1mpara Berger Pom\u00e9lis Chocolat es una creaci\u00f3n refinada de Maison Berger Paris que combina dise\u00f1o","robots":{"index":"index","follow":"follow","max-snippet":"max-snippet:-1","max-image-preview":"max-image-preview:large","max-video-preview":"max-video-preview:-1"},"canonical":"https:\/\/www.mentaymora.com\/index.php\/producto\/cofre-lampara-berger-pomelo-chocolat-maison-berger\/","og_locale":"es_ES","og_type":"article","og_title":"Cofre L\u00e1mpara Berger Pomelo Chocolat - Maison Berger - Menta y Mora","og_description":"Cofre L\u00e1mpara Berger Pomelo Chocolat - Maison Berger La L\u00e1mpara Berger Pom\u00e9lis Chocolat es una creaci\u00f3n refinada de Maison Berger Paris que combina dise\u00f1o","og_url":"https:\/\/www.mentaymora.com\/index.php\/producto\/cofre-lampara-berger-pomelo-chocolat-maison-berger\/","og_site_name":"Menta y Mora","article_publisher":"https:\/\/es-es.facebook.com\/MentayMora\/","article_modified_time":"2025-12-07T19:39:12+00:00","og_image":[{"width":1200,"height":1200,"url":"https:\/\/www.mentaymora.com\/wp-content\/uploads\/2025\/12\/Lampara-Berger-Pomelo-Chocolat-Maison-Berger.png","type":"image\/png"}],"twitter_card":"summary_large_image","twitter_misc":{"Tiempo de lectura":"2 minutos"},"schema":{"@context":"https:\/\/schema.org","@graph":[{"@type":"WebPage","@id":"https:\/\/www.mentaymora.com\/index.php\/producto\/cofre-lampara-berger-pomelo-chocolat-maison-berger\/","url":"https:\/\/www.mentaymora.com\/index.php\/producto\/cofre-lampara-berger-pomelo-chocolat-maison-berger\/","name":"Cofre L\u00e1mpara Berger Pomelo Chocolat - Maison Berger - Menta y Mora","isPartOf":{"@id":"https:\/\/www.mentaymora.com\/#website"},"primaryImageOfPage":{"@id":"https:\/\/www.mentaymora.com\/index.php\/producto\/cofre-lampara-berger-pomelo-chocolat-maison-berger\/#primaryimage"},"image":{"@id":"https:\/\/www.mentaymora.com\/index.php\/producto\/cofre-lampara-berger-pomelo-chocolat-maison-berger\/#primaryimage"},"thumbnailUrl":"https:\/\/www.mentaymora.com\/wp-content\/uploads\/2025\/12\/Lampara-Berger-Pomelo-Chocolat-Maison-Berger.png","datePublished":"2025-12-07T19:24:36+00:00","dateModified":"2025-12-07T19:39:12+00:00","description":"Cofre L\u00e1mpara Berger Pomelo Chocolat - Maison Berger La L\u00e1mpara Berger Pom\u00e9lis Chocolat es una creaci\u00f3n refinada de Maison Berger Paris que combina dise\u00f1o","breadcrumb":{"@id":"https:\/\/www.mentaymora.com\/index.php\/producto\/cofre-lampara-berger-pomelo-chocolat-maison-berger\/#breadcrumb"},"inLanguage":"es","potentialAction":[{"@type":"ReadAction","target":["https:\/\/www.mentaymora.com\/index.php\/producto\/cofre-lampara-berger-pomelo-chocolat-maison-berger\/"]}]},{"@type":"ImageObject","inLanguage":"es","@id":"https:\/\/www.mentaymora.com\/index.php\/producto\/cofre-lampara-berger-pomelo-chocolat-maison-berger\/#primaryimage","url":"https:\/\/www.mentaymora.com\/wp-content\/uploads\/2025\/12\/Lampara-Berger-Pomelo-Chocolat-Maison-Berger.png","contentUrl":"https:\/\/www.mentaymora.com\/wp-content\/uploads\/2025\/12\/Lampara-Berger-Pomelo-Chocolat-Maison-Berger.png","width":1200,"height":1200,"caption":"L\u00e1mpara Berger Pomelo Chocolat Maison Berger"},{"@type":"BreadcrumbList","@id":"https:\/\/www.mentaymora.com\/index.php\/producto\/cofre-lampara-berger-pomelo-chocolat-maison-berger\/#breadcrumb","itemListElement":[{"@type":"ListItem","position":1,"name":"Portada","item":"https:\/\/www.mentaymora.com\/"},{"@type":"ListItem","position":2,"name":"Productos","item":"https:\/\/www.mentaymora.com\/index.php\/tienda\/"},{"@type":"ListItem","position":3,"name":"Cofre L\u00e1mpara Berger Pomelo Chocolat &#8211; Maison Berger"}]},{"@type":"WebSite","@id":"https:\/\/www.mentaymora.com\/#website","url":"https:\/\/www.mentaymora.com\/","name":"Menta y Mora","description":"Regalos y Complementos","publisher":{"@id":"https:\/\/www.mentaymora.com\/#organization"},"potentialAction":[{"@type":"SearchAction","target":{"@type":"EntryPoint","urlTemplate":"https:\/\/www.mentaymora.com\/?s={search_term_string}"},"query-input":{"@type":"PropertyValueSpecification","valueRequired":true,"valueName":"search_term_string"}}],"inLanguage":"es"},{"@type":"Organization","@id":"https:\/\/www.mentaymora.com\/#organization","name":"Menta y Mora","url":"https:\/\/www.mentaymora.com\/","logo":{"@type":"ImageObject","inLanguage":"es","@id":"https:\/\/www.mentaymora.com\/#\/schema\/logo\/image\/","url":"https:\/\/www.mentaymora.com\/wp-content\/uploads\/2021\/07\/Logo.jpg","contentUrl":"https:\/\/www.mentaymora.com\/wp-content\/uploads\/2021\/07\/Logo.jpg","width":1172,"height":1172,"caption":"Menta y Mora"},"image":{"@id":"https:\/\/www.mentaymora.com\/#\/schema\/logo\/image\/"},"sameAs":["https:\/\/es-es.facebook.com\/MentayMora\/","https:\/\/www.instagram.com\/mentaymora.illescas\/?hl=es","https:\/\/www.youtube.com\/channel\/UCuMMtdck_1XS-MyW6ZnBAlw"]}]}},"_links":{"self":[{"href":"https:\/\/www.mentaymora.com\/index.php\/wp-json\/wp\/v2\/product\/20622","targetHints":{"allow":["GET"]}}],"collection":[{"href":"https:\/\/www.mentaymora.com\/index.php\/wp-json\/wp\/v2\/product"}],"about":[{"href":"https:\/\/www.mentaymora.com\/index.php\/wp-json\/wp\/v2\/types\/product"}],"replies":[{"embeddable":true,"href":"https:\/\/www.mentaymora.com\/index.php\/wp-json\/wp\/v2\/comments?post=20622"}],"wp:featuredmedia":[{"embeddable":true,"href":"https:\/\/www.mentaymora.com\/index.php\/wp-json\/wp\/v2\/media\/20625"}],"wp:attachment":[{"href":"https:\/\/www.mentaymora.com\/index.php\/wp-json\/wp\/v2\/media?parent=20622"}],"wp:term":[{"taxonomy":"product_brand","embeddable":true,"href":"https:\/\/www.mentaymora.com\/index.php\/wp-json\/wp\/v2\/product_brand?post=20622"},{"taxonomy":"product_cat","embeddable":true,"href":"https:\/\/www.mentaymora.com\/index.php\/wp-json\/wp\/v2\/product_cat?post=20622"},{"taxonomy":"product_tag","embeddable":true,"href":"https:\/\/www.mentaymora.com\/index.php\/wp-json\/wp\/v2\/product_tag?post=20622"}],"curies":[{"name":"wp","href":"https:\/\/api.w.org\/{rel}","templated":true}]}}