{"id":2150,"date":"2021-05-08T07:53:40","date_gmt":"2021-05-08T06:53:40","guid":{"rendered":"https:\/\/www.mentaymora.com\/index.php\/producto\/crema-manos-y-unas-calendula-150ml-pieles-sensibles\/"},"modified":"2025-11-26T11:37:26","modified_gmt":"2025-11-26T10:37:26","slug":"crema-manos-y-unas-calendula-150ml-pieles-sensibles","status":"publish","type":"product","link":"https:\/\/www.mentaymora.com\/index.php\/producto\/crema-manos-y-unas-calendula-150ml-pieles-sensibles\/","title":{"rendered":"Crema Manos y U\u00f1as Cal\u00e9ndula 150ml (Pieles Sensibles)"},"content":{"rendered":"<p>Crema Manos y U\u00f1as Cal\u00e9ndula 150ml (Pieles Sensibles)<\/p>\n<p>La Crema de Manos y U\u00f1as Cal\u00e9ndula es una crema enriquecida con extracto de Camomila, aceite de Cal\u00e9ndula, aceite de Almendras Dulces, manteca de Karit\u00e9, Urea y Vitamina E.<\/p>\n<p>Protege, suaviza e hidrata la piel. Est\u00e1 indicada\u00a0para pieles sensibles. Antiinflamatoria y cicatrizante. Regenera y tonifica la piel de las manos, u\u00f1as y cut\u00edculas. R\u00e1pida absorci\u00f3n.<\/p>\n<p><strong>Ingredientes principales:<\/strong><\/p>\n<ul>\n<li><strong>Extracto de Camomila:<\/strong> calma las terminaciones nerviosas de la piel, favoreciendo su relajaci\u00f3n y descanso.<\/li>\n<li><strong>Aceite de Almendras Dulces:<\/strong> excelente antiinflamatorio con alto contenido en Vitamina E y Zinc.<\/li>\n<li><strong>Manteca de Karit\u00e9:<\/strong> retrasa la aparici\u00f3n de arrugas o l\u00edneas de expresi\u00f3n. Hace conservar a la piel su elasticidad y flexibilidad.<\/li>\n<li><strong>Vitamina E:<\/strong> neutraliza los redicales libre y protege las c\u00e9lulas.<\/li>\n<\/ul>\n<p><strong>Modo de empleo:<\/strong> Aplicar masajeando la zona hasta su casi total absorci\u00f3n.<\/p>\n<p>Producto Natural. Sin Al\u00e9rgenos.<\/p>\n<p>Contenido: 150ml.<\/p>\n<p>Crema Manos y U\u00f1as Cal\u00e9ndula 150ml (Pieles Sensibles)<\/p>\n<p>Recuerda recomendar a\u00a0<a href=\"https:\/\/www.mentaymora.com\/\">Menta y Mora<\/a>\u00a0para cuidar tu piel.<\/p>\n<p>S\u00edguenos en nuestras RRSS (<a href=\"https:\/\/es-es.facebook.com\/MentayMora\/\">Facebook<\/a>\u00a0e\u00a0<a href=\"https:\/\/www.instagram.com\/mentaymora.illescas\/?hl=es\">Instagram<\/a>)<\/p>\n<p>Si tienes alguna consulta,\u00a0<a href=\"mailto:%20info@mentaymora.com\">preg\u00fantanos<\/a>.<\/p>\n","protected":false},"excerpt":{"rendered":"<p>La Crema de Manos y U\u00f1as Cal\u00e9ndula es una crema enriquecida con extracto de Camomila, aceite de Cal\u00e9ndula, aceite de Almendras Dulces, manteca de Karit\u00e9, Urea y Vitamina E.<\/p>\n<p>Contenido 150ml.<\/p>\n<p>&nbsp;<\/p>\n","protected":false},"featured_media":2199,"comment_status":"open","ping_status":"closed","template":"","meta":{"_acf_changed":false,"_joinchat":[]},"product_brand":[],"product_cat":[17,272,76],"product_tag":[218,281,282,279,283],"class_list":{"0":"post-2150","1":"product","2":"type-product","3":"status-publish","4":"has-post-thumbnail","6":"product_cat-cosmetica","7":"product_cat-cremas-de-manos","8":"product_cat-laboratorio-sys","9":"product_tag-calendula","10":"product_tag-crema","11":"product_tag-manos","12":"product_tag-pieles-sensibles","13":"product_tag-unas","14":"latest_post","16":"first","17":"instock","18":"taxable","19":"shipping-taxable","20":"purchasable","21":"product-type-simple"},"acf":[],"yoast_head":"<!-- This site is optimized with the Yoast SEO plugin v27.4 - https:\/\/yoast.com\/product\/yoast-seo-wordpress\/ -->\n<title>Crema Manos y U\u00f1as Cal\u00e9ndula 150ml (Pieles Sensibles) - Menta y Mora<\/title>\n<meta name=\"description\" content=\"Crema Manos y U\u00f1as Cal\u00e9ndula 150ml (Pieles Sensibles) La Crema de Manos y U\u00f1as Cal\u00e9ndula es una crema enriquecida con extracto de Camomila,\" \/>\n<meta name=\"robots\" content=\"index, follow, max-snippet:-1, max-image-preview:large, max-video-preview:-1\" \/>\n<link rel=\"canonical\" href=\"https:\/\/www.mentaymora.com\/index.php\/producto\/crema-manos-y-unas-calendula-150ml-pieles-sensibles\/\" \/>\n<meta property=\"og:locale\" content=\"es_ES\" \/>\n<meta property=\"og:type\" content=\"article\" \/>\n<meta property=\"og:title\" content=\"Crema Manos y U\u00f1as Cal\u00e9ndula 150ml (Pieles Sensibles) - Menta y Mora\" \/>\n<meta property=\"og:description\" content=\"Crema Manos y U\u00f1as Cal\u00e9ndula 150ml (Pieles Sensibles) La Crema de Manos y U\u00f1as Cal\u00e9ndula es una crema enriquecida con extracto de Camomila,\" \/>\n<meta property=\"og:url\" content=\"https:\/\/www.mentaymora.com\/index.php\/producto\/crema-manos-y-unas-calendula-150ml-pieles-sensibles\/\" \/>\n<meta property=\"og:site_name\" content=\"Menta y Mora\" \/>\n<meta property=\"article:publisher\" content=\"https:\/\/es-es.facebook.com\/MentayMora\/\" \/>\n<meta property=\"article:modified_time\" content=\"2025-11-26T10:37:26+00:00\" \/>\n<meta property=\"og:image\" content=\"https:\/\/www.mentaymora.com\/wp-content\/uploads\/2021\/05\/ManosCalendula.jpg\" \/>\n\t<meta property=\"og:image:width\" content=\"907\" \/>\n\t<meta property=\"og:image:height\" content=\"907\" \/>\n\t<meta property=\"og:image:type\" content=\"image\/jpeg\" \/>\n<meta name=\"twitter:card\" content=\"summary_large_image\" \/>\n<meta name=\"twitter:label1\" content=\"Tiempo de lectura\" \/>\n\t<meta name=\"twitter:data1\" content=\"1 minuto\" \/>\n<script type=\"application\/ld+json\" class=\"yoast-schema-graph\">{\"@context\":\"https:\\\/\\\/schema.org\",\"@graph\":[{\"@type\":\"WebPage\",\"@id\":\"https:\\\/\\\/www.mentaymora.com\\\/index.php\\\/producto\\\/crema-manos-y-unas-calendula-150ml-pieles-sensibles\\\/\",\"url\":\"https:\\\/\\\/www.mentaymora.com\\\/index.php\\\/producto\\\/crema-manos-y-unas-calendula-150ml-pieles-sensibles\\\/\",\"name\":\"Crema Manos y U\u00f1as Cal\u00e9ndula 150ml (Pieles Sensibles) - Menta y Mora\",\"isPartOf\":{\"@id\":\"https:\\\/\\\/www.mentaymora.com\\\/#website\"},\"primaryImageOfPage\":{\"@id\":\"https:\\\/\\\/www.mentaymora.com\\\/index.php\\\/producto\\\/crema-manos-y-unas-calendula-150ml-pieles-sensibles\\\/#primaryimage\"},\"image\":{\"@id\":\"https:\\\/\\\/www.mentaymora.com\\\/index.php\\\/producto\\\/crema-manos-y-unas-calendula-150ml-pieles-sensibles\\\/#primaryimage\"},\"thumbnailUrl\":\"https:\\\/\\\/www.mentaymora.com\\\/wp-content\\\/uploads\\\/2021\\\/05\\\/ManosCalendula.jpg\",\"datePublished\":\"2021-05-08T06:53:40+00:00\",\"dateModified\":\"2025-11-26T10:37:26+00:00\",\"description\":\"Crema Manos y U\u00f1as Cal\u00e9ndula 150ml (Pieles Sensibles) La Crema de Manos y U\u00f1as Cal\u00e9ndula es una crema enriquecida con extracto de Camomila,\",\"breadcrumb\":{\"@id\":\"https:\\\/\\\/www.mentaymora.com\\\/index.php\\\/producto\\\/crema-manos-y-unas-calendula-150ml-pieles-sensibles\\\/#breadcrumb\"},\"inLanguage\":\"es\",\"potentialAction\":[{\"@type\":\"ReadAction\",\"target\":[\"https:\\\/\\\/www.mentaymora.com\\\/index.php\\\/producto\\\/crema-manos-y-unas-calendula-150ml-pieles-sensibles\\\/\"]}]},{\"@type\":\"ImageObject\",\"inLanguage\":\"es\",\"@id\":\"https:\\\/\\\/www.mentaymora.com\\\/index.php\\\/producto\\\/crema-manos-y-unas-calendula-150ml-pieles-sensibles\\\/#primaryimage\",\"url\":\"https:\\\/\\\/www.mentaymora.com\\\/wp-content\\\/uploads\\\/2021\\\/05\\\/ManosCalendula.jpg\",\"contentUrl\":\"https:\\\/\\\/www.mentaymora.com\\\/wp-content\\\/uploads\\\/2021\\\/05\\\/ManosCalendula.jpg\",\"width\":907,\"height\":907,\"caption\":\"ManosCalendula\"},{\"@type\":\"BreadcrumbList\",\"@id\":\"https:\\\/\\\/www.mentaymora.com\\\/index.php\\\/producto\\\/crema-manos-y-unas-calendula-150ml-pieles-sensibles\\\/#breadcrumb\",\"itemListElement\":[{\"@type\":\"ListItem\",\"position\":1,\"name\":\"Portada\",\"item\":\"https:\\\/\\\/www.mentaymora.com\\\/\"},{\"@type\":\"ListItem\",\"position\":2,\"name\":\"Productos\",\"item\":\"https:\\\/\\\/www.mentaymora.com\\\/index.php\\\/tienda\\\/\"},{\"@type\":\"ListItem\",\"position\":3,\"name\":\"Crema Manos y U\u00f1as Cal\u00e9ndula 150ml (Pieles Sensibles)\"}]},{\"@type\":\"WebSite\",\"@id\":\"https:\\\/\\\/www.mentaymora.com\\\/#website\",\"url\":\"https:\\\/\\\/www.mentaymora.com\\\/\",\"name\":\"Menta y Mora\",\"description\":\"Regalos y Complementos\",\"publisher\":{\"@id\":\"https:\\\/\\\/www.mentaymora.com\\\/#organization\"},\"potentialAction\":[{\"@type\":\"SearchAction\",\"target\":{\"@type\":\"EntryPoint\",\"urlTemplate\":\"https:\\\/\\\/www.mentaymora.com\\\/?s={search_term_string}\"},\"query-input\":{\"@type\":\"PropertyValueSpecification\",\"valueRequired\":true,\"valueName\":\"search_term_string\"}}],\"inLanguage\":\"es\"},{\"@type\":\"Organization\",\"@id\":\"https:\\\/\\\/www.mentaymora.com\\\/#organization\",\"name\":\"Menta y Mora\",\"url\":\"https:\\\/\\\/www.mentaymora.com\\\/\",\"logo\":{\"@type\":\"ImageObject\",\"inLanguage\":\"es\",\"@id\":\"https:\\\/\\\/www.mentaymora.com\\\/#\\\/schema\\\/logo\\\/image\\\/\",\"url\":\"https:\\\/\\\/www.mentaymora.com\\\/wp-content\\\/uploads\\\/2021\\\/07\\\/Logo.jpg\",\"contentUrl\":\"https:\\\/\\\/www.mentaymora.com\\\/wp-content\\\/uploads\\\/2021\\\/07\\\/Logo.jpg\",\"width\":1172,\"height\":1172,\"caption\":\"Menta y Mora\"},\"image\":{\"@id\":\"https:\\\/\\\/www.mentaymora.com\\\/#\\\/schema\\\/logo\\\/image\\\/\"},\"sameAs\":[\"https:\\\/\\\/es-es.facebook.com\\\/MentayMora\\\/\",\"https:\\\/\\\/www.instagram.com\\\/mentaymora.illescas\\\/?hl=es\",\"https:\\\/\\\/www.youtube.com\\\/channel\\\/UCuMMtdck_1XS-MyW6ZnBAlw\"]}]}<\/script>\n<!-- \/ Yoast SEO plugin. -->","yoast_head_json":{"title":"Crema Manos y U\u00f1as Cal\u00e9ndula 150ml (Pieles Sensibles) - Menta y Mora","description":"Crema Manos y U\u00f1as Cal\u00e9ndula 150ml (Pieles Sensibles) La Crema de Manos y U\u00f1as Cal\u00e9ndula es una crema enriquecida con extracto de Camomila,","robots":{"index":"index","follow":"follow","max-snippet":"max-snippet:-1","max-image-preview":"max-image-preview:large","max-video-preview":"max-video-preview:-1"},"canonical":"https:\/\/www.mentaymora.com\/index.php\/producto\/crema-manos-y-unas-calendula-150ml-pieles-sensibles\/","og_locale":"es_ES","og_type":"article","og_title":"Crema Manos y U\u00f1as Cal\u00e9ndula 150ml (Pieles Sensibles) - Menta y Mora","og_description":"Crema Manos y U\u00f1as Cal\u00e9ndula 150ml (Pieles Sensibles) La Crema de Manos y U\u00f1as Cal\u00e9ndula es una crema enriquecida con extracto de Camomila,","og_url":"https:\/\/www.mentaymora.com\/index.php\/producto\/crema-manos-y-unas-calendula-150ml-pieles-sensibles\/","og_site_name":"Menta y Mora","article_publisher":"https:\/\/es-es.facebook.com\/MentayMora\/","article_modified_time":"2025-11-26T10:37:26+00:00","og_image":[{"width":907,"height":907,"url":"https:\/\/www.mentaymora.com\/wp-content\/uploads\/2021\/05\/ManosCalendula.jpg","type":"image\/jpeg"}],"twitter_card":"summary_large_image","twitter_misc":{"Tiempo de lectura":"1 minuto"},"schema":{"@context":"https:\/\/schema.org","@graph":[{"@type":"WebPage","@id":"https:\/\/www.mentaymora.com\/index.php\/producto\/crema-manos-y-unas-calendula-150ml-pieles-sensibles\/","url":"https:\/\/www.mentaymora.com\/index.php\/producto\/crema-manos-y-unas-calendula-150ml-pieles-sensibles\/","name":"Crema Manos y U\u00f1as Cal\u00e9ndula 150ml (Pieles Sensibles) - Menta y Mora","isPartOf":{"@id":"https:\/\/www.mentaymora.com\/#website"},"primaryImageOfPage":{"@id":"https:\/\/www.mentaymora.com\/index.php\/producto\/crema-manos-y-unas-calendula-150ml-pieles-sensibles\/#primaryimage"},"image":{"@id":"https:\/\/www.mentaymora.com\/index.php\/producto\/crema-manos-y-unas-calendula-150ml-pieles-sensibles\/#primaryimage"},"thumbnailUrl":"https:\/\/www.mentaymora.com\/wp-content\/uploads\/2021\/05\/ManosCalendula.jpg","datePublished":"2021-05-08T06:53:40+00:00","dateModified":"2025-11-26T10:37:26+00:00","description":"Crema Manos y U\u00f1as Cal\u00e9ndula 150ml (Pieles Sensibles) La Crema de Manos y U\u00f1as Cal\u00e9ndula es una crema enriquecida con extracto de Camomila,","breadcrumb":{"@id":"https:\/\/www.mentaymora.com\/index.php\/producto\/crema-manos-y-unas-calendula-150ml-pieles-sensibles\/#breadcrumb"},"inLanguage":"es","potentialAction":[{"@type":"ReadAction","target":["https:\/\/www.mentaymora.com\/index.php\/producto\/crema-manos-y-unas-calendula-150ml-pieles-sensibles\/"]}]},{"@type":"ImageObject","inLanguage":"es","@id":"https:\/\/www.mentaymora.com\/index.php\/producto\/crema-manos-y-unas-calendula-150ml-pieles-sensibles\/#primaryimage","url":"https:\/\/www.mentaymora.com\/wp-content\/uploads\/2021\/05\/ManosCalendula.jpg","contentUrl":"https:\/\/www.mentaymora.com\/wp-content\/uploads\/2021\/05\/ManosCalendula.jpg","width":907,"height":907,"caption":"ManosCalendula"},{"@type":"BreadcrumbList","@id":"https:\/\/www.mentaymora.com\/index.php\/producto\/crema-manos-y-unas-calendula-150ml-pieles-sensibles\/#breadcrumb","itemListElement":[{"@type":"ListItem","position":1,"name":"Portada","item":"https:\/\/www.mentaymora.com\/"},{"@type":"ListItem","position":2,"name":"Productos","item":"https:\/\/www.mentaymora.com\/index.php\/tienda\/"},{"@type":"ListItem","position":3,"name":"Crema Manos y U\u00f1as Cal\u00e9ndula 150ml (Pieles Sensibles)"}]},{"@type":"WebSite","@id":"https:\/\/www.mentaymora.com\/#website","url":"https:\/\/www.mentaymora.com\/","name":"Menta y Mora","description":"Regalos y Complementos","publisher":{"@id":"https:\/\/www.mentaymora.com\/#organization"},"potentialAction":[{"@type":"SearchAction","target":{"@type":"EntryPoint","urlTemplate":"https:\/\/www.mentaymora.com\/?s={search_term_string}"},"query-input":{"@type":"PropertyValueSpecification","valueRequired":true,"valueName":"search_term_string"}}],"inLanguage":"es"},{"@type":"Organization","@id":"https:\/\/www.mentaymora.com\/#organization","name":"Menta y Mora","url":"https:\/\/www.mentaymora.com\/","logo":{"@type":"ImageObject","inLanguage":"es","@id":"https:\/\/www.mentaymora.com\/#\/schema\/logo\/image\/","url":"https:\/\/www.mentaymora.com\/wp-content\/uploads\/2021\/07\/Logo.jpg","contentUrl":"https:\/\/www.mentaymora.com\/wp-content\/uploads\/2021\/07\/Logo.jpg","width":1172,"height":1172,"caption":"Menta y Mora"},"image":{"@id":"https:\/\/www.mentaymora.com\/#\/schema\/logo\/image\/"},"sameAs":["https:\/\/es-es.facebook.com\/MentayMora\/","https:\/\/www.instagram.com\/mentaymora.illescas\/?hl=es","https:\/\/www.youtube.com\/channel\/UCuMMtdck_1XS-MyW6ZnBAlw"]}]}},"_links":{"self":[{"href":"https:\/\/www.mentaymora.com\/index.php\/wp-json\/wp\/v2\/product\/2150","targetHints":{"allow":["GET"]}}],"collection":[{"href":"https:\/\/www.mentaymora.com\/index.php\/wp-json\/wp\/v2\/product"}],"about":[{"href":"https:\/\/www.mentaymora.com\/index.php\/wp-json\/wp\/v2\/types\/product"}],"replies":[{"embeddable":true,"href":"https:\/\/www.mentaymora.com\/index.php\/wp-json\/wp\/v2\/comments?post=2150"}],"wp:featuredmedia":[{"embeddable":true,"href":"https:\/\/www.mentaymora.com\/index.php\/wp-json\/wp\/v2\/media\/2199"}],"wp:attachment":[{"href":"https:\/\/www.mentaymora.com\/index.php\/wp-json\/wp\/v2\/media?parent=2150"}],"wp:term":[{"taxonomy":"product_brand","embeddable":true,"href":"https:\/\/www.mentaymora.com\/index.php\/wp-json\/wp\/v2\/product_brand?post=2150"},{"taxonomy":"product_cat","embeddable":true,"href":"https:\/\/www.mentaymora.com\/index.php\/wp-json\/wp\/v2\/product_cat?post=2150"},{"taxonomy":"product_tag","embeddable":true,"href":"https:\/\/www.mentaymora.com\/index.php\/wp-json\/wp\/v2\/product_tag?post=2150"}],"curies":[{"name":"wp","href":"https:\/\/api.w.org\/{rel}","templated":true}]}}