{"id":22019,"date":"2026-04-11T08:27:23","date_gmt":"2026-04-11T07:27:23","guid":{"rendered":"https:\/\/www.mentaymora.com\/?post_type=product&#038;p=22019"},"modified":"2026-04-11T09:18:40","modified_gmt":"2026-04-11T08:18:40","slug":"maletin-comunion-coco-y-vainilla-menta-y-mora","status":"publish","type":"product","link":"https:\/\/www.mentaymora.com\/index.php\/producto\/maletin-comunion-coco-y-vainilla-menta-y-mora\/","title":{"rendered":"Malet\u00edn Comuni\u00f3n \u00abCoco y Vainilla\u00bb &#8211; Menta y Mora"},"content":{"rendered":"<p>Malet\u00edn Comuni\u00f3n \u00abCoco y Vainilla\u00bb &#8211; Menta y Mora<\/p>\n<p data-start=\"515\" data-end=\"837\">Malet\u00edn de comuni\u00f3n con dise\u00f1o de <strong>cuadritos vichy<\/strong> que combina est\u00e9tica y funcionalidad en una presentaci\u00f3n cuidada y lista para regalar. En su interior incluye una selecci\u00f3n de productos de cuidado personal con <strong>aroma coco y vainilla<\/strong>, junto con detalles especiales inspirados en la <strong>Primera Comuni\u00f3n<\/strong>.<\/p>\n<p data-start=\"839\" data-end=\"1139\">Este set est\u00e1 compuesto por art\u00edculos de la l\u00ednea <strong>The Fruit Company<\/strong>, aportando una experiencia sensorial agradable y dulce, ideal para el uso diario. Adem\u00e1s, incorpora elementos personalizados de comuni\u00f3n como taza y monedero en forma de coraz\u00f3n, convirti\u00e9ndolo en un <strong>regalo completo y significativo<\/strong>.<\/p>\n<p data-start=\"1141\" data-end=\"1252\">El malet\u00edn r\u00edgido no solo sirve como presentaci\u00f3n, sino tambi\u00e9n como elemento reutilizable para almacenamiento.<\/p>\n<p data-start=\"1254\" data-end=\"1266\"><strong data-start=\"1254\" data-end=\"1266\">Incluye:<\/strong><\/p>\n<ul data-start=\"1267\" data-end=\"1539\">\n<li data-section-id=\"knc57b\" data-start=\"1267\" data-end=\"1294\">Malet\u00edn cuadritos vichy<\/li>\n<li data-section-id=\"azcklk\" data-start=\"1295\" data-end=\"1337\">Crema facial Twister The Fruit Company<\/li>\n<li data-section-id=\"10dxg3a\" data-start=\"1338\" data-end=\"1382\">Crema corporal Twister The Fruit Company<\/li>\n<li data-section-id=\"14gmxrt\" data-start=\"1383\" data-end=\"1415\">Perfume P\u00e2tisserie Lemon Pie<\/li>\n<li data-section-id=\"1i8ndx5\" data-start=\"1416\" data-end=\"1463\">Vela P\u00e2tisserie Lemon Pie The Fruit Company<\/li>\n<li data-section-id=\"1mev7cb\" data-start=\"1464\" data-end=\"1493\">Monedero coraz\u00f3n comuni\u00f3n<\/li>\n<li data-section-id=\"1dt7bk8\" data-start=\"1494\" data-end=\"1511\">Taza comuni\u00f3n<\/li>\n<li data-section-id=\"1k2o431\" data-start=\"1512\" data-end=\"1539\">Jab\u00f3n de glicerina coco<\/li>\n<\/ul>\n<p style=\"text-align: center;\"><a href=\"https:\/\/www.mentaymora.com\/\">Menta y Mora<\/a>\u00a0Te Enamora\u00a0 \u00a0 S\u00edguenos en nuestras RRSS (<a href=\"https:\/\/es-es.facebook.com\/MentayMora\/\">Facebook<\/a>\u00a0e\u00a0<a href=\"https:\/\/www.instagram.com\/mentaymora.illescas\/?hl=es\">Instagram<\/a>)\u00a0 \u00a0 Si tienes alguna consulta,\u00a0<a href=\"mailto:%20info@mentaymora.com\">preg\u00fantanos<\/a>.<\/p>\n","protected":false},"excerpt":{"rendered":"<p data-start=\"102\" data-end=\"338\">Malet\u00edn de comuni\u00f3n con aroma <strong>coco y vainilla<\/strong>, presentado en dise\u00f1o de cuadritos vichy. Incluye una cuidada selecci\u00f3n de productos de cuidado personal y detalles tem\u00e1ticos de comuni\u00f3n, ideal como regalo especial.<\/p>\n<p data-start=\"340\" data-end=\"372\"><strong data-start=\"340\" data-end=\"372\">Caracter\u00edsticas principales:<\/strong><\/p>\n<ul data-start=\"373\" data-end=\"508\">\n<li data-section-id=\"rdzjvu\" data-start=\"373\" data-end=\"412\"><strong>Malet\u00edn<\/strong> decorativo con <strong>dise\u00f1o vichy<\/strong><\/li>\n<li data-section-id=\"1a9ogai\" data-start=\"413\" data-end=\"466\">Selecci\u00f3n completa de <strong>productos The Fruit Company<\/strong><\/li>\n<li data-section-id=\"15sg8by\" data-start=\"467\" data-end=\"508\"><strong>Incluye taza y accesorios<\/strong> de comuni\u00f3n<\/li>\n<\/ul>\n","protected":false},"featured_media":22022,"comment_status":"open","ping_status":"closed","template":"","meta":{"_acf_changed":false,"_joinchat":[]},"product_brand":[1539],"product_cat":[85,1377],"product_tag":[1102,382],"class_list":{"0":"post-22019","1":"product","2":"type-product","3":"status-publish","4":"has-post-thumbnail","6":"product_brand-menta-y-mora","7":"product_cat-cestas-de-regalo","8":"product_cat-comuniones","9":"product_tag-cesta","10":"product_tag-comunion","11":"latest_post","13":"first","14":"instock","15":"featured","16":"taxable","17":"shipping-taxable","18":"purchasable","19":"product-type-simple"},"acf":[],"yoast_head":"<!-- This site is optimized with the Yoast SEO plugin v27.4 - https:\/\/yoast.com\/product\/yoast-seo-wordpress\/ -->\n<title>Malet\u00edn Comuni\u00f3n &quot;Coco y Vainilla&quot; - Menta y Mora - Menta y Mora<\/title>\n<meta name=\"description\" content=\"Malet\u00edn Comuni\u00f3n &quot;Coco y Vainilla&quot; - Menta y Mora Malet\u00edn de comuni\u00f3n con dise\u00f1o de cuadritos vichy que combina est\u00e9tica y funcionalidad en una presentaci\u00f3n\" \/>\n<meta name=\"robots\" content=\"index, follow, max-snippet:-1, max-image-preview:large, max-video-preview:-1\" \/>\n<link rel=\"canonical\" href=\"https:\/\/www.mentaymora.com\/index.php\/producto\/maletin-comunion-coco-y-vainilla-menta-y-mora\/\" \/>\n<meta property=\"og:locale\" content=\"es_ES\" \/>\n<meta property=\"og:type\" content=\"article\" \/>\n<meta property=\"og:title\" content=\"Malet\u00edn Comuni\u00f3n &quot;Coco y Vainilla&quot; - Menta y Mora - Menta y Mora\" \/>\n<meta property=\"og:description\" content=\"Malet\u00edn Comuni\u00f3n &quot;Coco y Vainilla&quot; - Menta y Mora Malet\u00edn de comuni\u00f3n con dise\u00f1o de cuadritos vichy que combina est\u00e9tica y funcionalidad en una presentaci\u00f3n\" \/>\n<meta property=\"og:url\" content=\"https:\/\/www.mentaymora.com\/index.php\/producto\/maletin-comunion-coco-y-vainilla-menta-y-mora\/\" \/>\n<meta property=\"og:site_name\" content=\"Menta y Mora\" \/>\n<meta property=\"article:publisher\" content=\"https:\/\/es-es.facebook.com\/MentayMora\/\" \/>\n<meta property=\"article:modified_time\" content=\"2026-04-11T08:18:40+00:00\" \/>\n<meta property=\"og:image\" content=\"https:\/\/www.mentaymora.com\/wp-content\/uploads\/2026\/04\/Maletin-Comunion-Coco-Vainilla.webp\" \/>\n\t<meta property=\"og:image:width\" content=\"1536\" \/>\n\t<meta property=\"og:image:height\" content=\"2048\" \/>\n\t<meta property=\"og:image:type\" content=\"image\/webp\" \/>\n<meta name=\"twitter:card\" content=\"summary_large_image\" \/>\n<meta name=\"twitter:label1\" content=\"Tiempo de lectura\" \/>\n\t<meta name=\"twitter:data1\" content=\"1 minuto\" \/>\n<script type=\"application\/ld+json\" class=\"yoast-schema-graph\">{\"@context\":\"https:\\\/\\\/schema.org\",\"@graph\":[{\"@type\":\"WebPage\",\"@id\":\"https:\\\/\\\/www.mentaymora.com\\\/index.php\\\/producto\\\/maletin-comunion-coco-y-vainilla-menta-y-mora\\\/\",\"url\":\"https:\\\/\\\/www.mentaymora.com\\\/index.php\\\/producto\\\/maletin-comunion-coco-y-vainilla-menta-y-mora\\\/\",\"name\":\"Malet\u00edn Comuni\u00f3n \\\"Coco y Vainilla\\\" - Menta y Mora - Menta y Mora\",\"isPartOf\":{\"@id\":\"https:\\\/\\\/www.mentaymora.com\\\/#website\"},\"primaryImageOfPage\":{\"@id\":\"https:\\\/\\\/www.mentaymora.com\\\/index.php\\\/producto\\\/maletin-comunion-coco-y-vainilla-menta-y-mora\\\/#primaryimage\"},\"image\":{\"@id\":\"https:\\\/\\\/www.mentaymora.com\\\/index.php\\\/producto\\\/maletin-comunion-coco-y-vainilla-menta-y-mora\\\/#primaryimage\"},\"thumbnailUrl\":\"https:\\\/\\\/www.mentaymora.com\\\/wp-content\\\/uploads\\\/2026\\\/04\\\/Maletin-Comunion-Coco-Vainilla.webp\",\"datePublished\":\"2026-04-11T07:27:23+00:00\",\"dateModified\":\"2026-04-11T08:18:40+00:00\",\"description\":\"Malet\u00edn Comuni\u00f3n \\\"Coco y Vainilla\\\" - Menta y Mora Malet\u00edn de comuni\u00f3n con dise\u00f1o de cuadritos vichy que combina est\u00e9tica y funcionalidad en una presentaci\u00f3n\",\"breadcrumb\":{\"@id\":\"https:\\\/\\\/www.mentaymora.com\\\/index.php\\\/producto\\\/maletin-comunion-coco-y-vainilla-menta-y-mora\\\/#breadcrumb\"},\"inLanguage\":\"es\",\"potentialAction\":[{\"@type\":\"ReadAction\",\"target\":[\"https:\\\/\\\/www.mentaymora.com\\\/index.php\\\/producto\\\/maletin-comunion-coco-y-vainilla-menta-y-mora\\\/\"]}]},{\"@type\":\"ImageObject\",\"inLanguage\":\"es\",\"@id\":\"https:\\\/\\\/www.mentaymora.com\\\/index.php\\\/producto\\\/maletin-comunion-coco-y-vainilla-menta-y-mora\\\/#primaryimage\",\"url\":\"https:\\\/\\\/www.mentaymora.com\\\/wp-content\\\/uploads\\\/2026\\\/04\\\/Maletin-Comunion-Coco-Vainilla.webp\",\"contentUrl\":\"https:\\\/\\\/www.mentaymora.com\\\/wp-content\\\/uploads\\\/2026\\\/04\\\/Maletin-Comunion-Coco-Vainilla.webp\",\"width\":1536,\"height\":2048,\"caption\":\"Maletin Comunion Coco Vainilla\"},{\"@type\":\"BreadcrumbList\",\"@id\":\"https:\\\/\\\/www.mentaymora.com\\\/index.php\\\/producto\\\/maletin-comunion-coco-y-vainilla-menta-y-mora\\\/#breadcrumb\",\"itemListElement\":[{\"@type\":\"ListItem\",\"position\":1,\"name\":\"Portada\",\"item\":\"https:\\\/\\\/www.mentaymora.com\\\/\"},{\"@type\":\"ListItem\",\"position\":2,\"name\":\"Productos\",\"item\":\"https:\\\/\\\/www.mentaymora.com\\\/index.php\\\/tienda\\\/\"},{\"@type\":\"ListItem\",\"position\":3,\"name\":\"Malet\u00edn Comuni\u00f3n \u00abCoco y Vainilla\u00bb &#8211; Menta y Mora\"}]},{\"@type\":\"WebSite\",\"@id\":\"https:\\\/\\\/www.mentaymora.com\\\/#website\",\"url\":\"https:\\\/\\\/www.mentaymora.com\\\/\",\"name\":\"Menta y Mora\",\"description\":\"Regalos y Complementos\",\"publisher\":{\"@id\":\"https:\\\/\\\/www.mentaymora.com\\\/#organization\"},\"potentialAction\":[{\"@type\":\"SearchAction\",\"target\":{\"@type\":\"EntryPoint\",\"urlTemplate\":\"https:\\\/\\\/www.mentaymora.com\\\/?s={search_term_string}\"},\"query-input\":{\"@type\":\"PropertyValueSpecification\",\"valueRequired\":true,\"valueName\":\"search_term_string\"}}],\"inLanguage\":\"es\"},{\"@type\":\"Organization\",\"@id\":\"https:\\\/\\\/www.mentaymora.com\\\/#organization\",\"name\":\"Menta y Mora\",\"url\":\"https:\\\/\\\/www.mentaymora.com\\\/\",\"logo\":{\"@type\":\"ImageObject\",\"inLanguage\":\"es\",\"@id\":\"https:\\\/\\\/www.mentaymora.com\\\/#\\\/schema\\\/logo\\\/image\\\/\",\"url\":\"https:\\\/\\\/www.mentaymora.com\\\/wp-content\\\/uploads\\\/2021\\\/07\\\/Logo.jpg\",\"contentUrl\":\"https:\\\/\\\/www.mentaymora.com\\\/wp-content\\\/uploads\\\/2021\\\/07\\\/Logo.jpg\",\"width\":1172,\"height\":1172,\"caption\":\"Menta y Mora\"},\"image\":{\"@id\":\"https:\\\/\\\/www.mentaymora.com\\\/#\\\/schema\\\/logo\\\/image\\\/\"},\"sameAs\":[\"https:\\\/\\\/es-es.facebook.com\\\/MentayMora\\\/\",\"https:\\\/\\\/www.instagram.com\\\/mentaymora.illescas\\\/?hl=es\",\"https:\\\/\\\/www.youtube.com\\\/channel\\\/UCuMMtdck_1XS-MyW6ZnBAlw\"]}]}<\/script>\n<!-- \/ Yoast SEO plugin. -->","yoast_head_json":{"title":"Malet\u00edn Comuni\u00f3n \"Coco y Vainilla\" - Menta y Mora - Menta y Mora","description":"Malet\u00edn Comuni\u00f3n \"Coco y Vainilla\" - Menta y Mora Malet\u00edn de comuni\u00f3n con dise\u00f1o de cuadritos vichy que combina est\u00e9tica y funcionalidad en una presentaci\u00f3n","robots":{"index":"index","follow":"follow","max-snippet":"max-snippet:-1","max-image-preview":"max-image-preview:large","max-video-preview":"max-video-preview:-1"},"canonical":"https:\/\/www.mentaymora.com\/index.php\/producto\/maletin-comunion-coco-y-vainilla-menta-y-mora\/","og_locale":"es_ES","og_type":"article","og_title":"Malet\u00edn Comuni\u00f3n \"Coco y Vainilla\" - Menta y Mora - Menta y Mora","og_description":"Malet\u00edn Comuni\u00f3n \"Coco y Vainilla\" - Menta y Mora Malet\u00edn de comuni\u00f3n con dise\u00f1o de cuadritos vichy que combina est\u00e9tica y funcionalidad en una presentaci\u00f3n","og_url":"https:\/\/www.mentaymora.com\/index.php\/producto\/maletin-comunion-coco-y-vainilla-menta-y-mora\/","og_site_name":"Menta y Mora","article_publisher":"https:\/\/es-es.facebook.com\/MentayMora\/","article_modified_time":"2026-04-11T08:18:40+00:00","og_image":[{"width":1536,"height":2048,"url":"https:\/\/www.mentaymora.com\/wp-content\/uploads\/2026\/04\/Maletin-Comunion-Coco-Vainilla.webp","type":"image\/webp"}],"twitter_card":"summary_large_image","twitter_misc":{"Tiempo de lectura":"1 minuto"},"schema":{"@context":"https:\/\/schema.org","@graph":[{"@type":"WebPage","@id":"https:\/\/www.mentaymora.com\/index.php\/producto\/maletin-comunion-coco-y-vainilla-menta-y-mora\/","url":"https:\/\/www.mentaymora.com\/index.php\/producto\/maletin-comunion-coco-y-vainilla-menta-y-mora\/","name":"Malet\u00edn Comuni\u00f3n \"Coco y Vainilla\" - Menta y Mora - Menta y Mora","isPartOf":{"@id":"https:\/\/www.mentaymora.com\/#website"},"primaryImageOfPage":{"@id":"https:\/\/www.mentaymora.com\/index.php\/producto\/maletin-comunion-coco-y-vainilla-menta-y-mora\/#primaryimage"},"image":{"@id":"https:\/\/www.mentaymora.com\/index.php\/producto\/maletin-comunion-coco-y-vainilla-menta-y-mora\/#primaryimage"},"thumbnailUrl":"https:\/\/www.mentaymora.com\/wp-content\/uploads\/2026\/04\/Maletin-Comunion-Coco-Vainilla.webp","datePublished":"2026-04-11T07:27:23+00:00","dateModified":"2026-04-11T08:18:40+00:00","description":"Malet\u00edn Comuni\u00f3n \"Coco y Vainilla\" - Menta y Mora Malet\u00edn de comuni\u00f3n con dise\u00f1o de cuadritos vichy que combina est\u00e9tica y funcionalidad en una presentaci\u00f3n","breadcrumb":{"@id":"https:\/\/www.mentaymora.com\/index.php\/producto\/maletin-comunion-coco-y-vainilla-menta-y-mora\/#breadcrumb"},"inLanguage":"es","potentialAction":[{"@type":"ReadAction","target":["https:\/\/www.mentaymora.com\/index.php\/producto\/maletin-comunion-coco-y-vainilla-menta-y-mora\/"]}]},{"@type":"ImageObject","inLanguage":"es","@id":"https:\/\/www.mentaymora.com\/index.php\/producto\/maletin-comunion-coco-y-vainilla-menta-y-mora\/#primaryimage","url":"https:\/\/www.mentaymora.com\/wp-content\/uploads\/2026\/04\/Maletin-Comunion-Coco-Vainilla.webp","contentUrl":"https:\/\/www.mentaymora.com\/wp-content\/uploads\/2026\/04\/Maletin-Comunion-Coco-Vainilla.webp","width":1536,"height":2048,"caption":"Maletin Comunion Coco Vainilla"},{"@type":"BreadcrumbList","@id":"https:\/\/www.mentaymora.com\/index.php\/producto\/maletin-comunion-coco-y-vainilla-menta-y-mora\/#breadcrumb","itemListElement":[{"@type":"ListItem","position":1,"name":"Portada","item":"https:\/\/www.mentaymora.com\/"},{"@type":"ListItem","position":2,"name":"Productos","item":"https:\/\/www.mentaymora.com\/index.php\/tienda\/"},{"@type":"ListItem","position":3,"name":"Malet\u00edn Comuni\u00f3n \u00abCoco y Vainilla\u00bb &#8211; Menta y Mora"}]},{"@type":"WebSite","@id":"https:\/\/www.mentaymora.com\/#website","url":"https:\/\/www.mentaymora.com\/","name":"Menta y Mora","description":"Regalos y Complementos","publisher":{"@id":"https:\/\/www.mentaymora.com\/#organization"},"potentialAction":[{"@type":"SearchAction","target":{"@type":"EntryPoint","urlTemplate":"https:\/\/www.mentaymora.com\/?s={search_term_string}"},"query-input":{"@type":"PropertyValueSpecification","valueRequired":true,"valueName":"search_term_string"}}],"inLanguage":"es"},{"@type":"Organization","@id":"https:\/\/www.mentaymora.com\/#organization","name":"Menta y Mora","url":"https:\/\/www.mentaymora.com\/","logo":{"@type":"ImageObject","inLanguage":"es","@id":"https:\/\/www.mentaymora.com\/#\/schema\/logo\/image\/","url":"https:\/\/www.mentaymora.com\/wp-content\/uploads\/2021\/07\/Logo.jpg","contentUrl":"https:\/\/www.mentaymora.com\/wp-content\/uploads\/2021\/07\/Logo.jpg","width":1172,"height":1172,"caption":"Menta y Mora"},"image":{"@id":"https:\/\/www.mentaymora.com\/#\/schema\/logo\/image\/"},"sameAs":["https:\/\/es-es.facebook.com\/MentayMora\/","https:\/\/www.instagram.com\/mentaymora.illescas\/?hl=es","https:\/\/www.youtube.com\/channel\/UCuMMtdck_1XS-MyW6ZnBAlw"]}]}},"_links":{"self":[{"href":"https:\/\/www.mentaymora.com\/index.php\/wp-json\/wp\/v2\/product\/22019","targetHints":{"allow":["GET"]}}],"collection":[{"href":"https:\/\/www.mentaymora.com\/index.php\/wp-json\/wp\/v2\/product"}],"about":[{"href":"https:\/\/www.mentaymora.com\/index.php\/wp-json\/wp\/v2\/types\/product"}],"replies":[{"embeddable":true,"href":"https:\/\/www.mentaymora.com\/index.php\/wp-json\/wp\/v2\/comments?post=22019"}],"wp:featuredmedia":[{"embeddable":true,"href":"https:\/\/www.mentaymora.com\/index.php\/wp-json\/wp\/v2\/media\/22022"}],"wp:attachment":[{"href":"https:\/\/www.mentaymora.com\/index.php\/wp-json\/wp\/v2\/media?parent=22019"}],"wp:term":[{"taxonomy":"product_brand","embeddable":true,"href":"https:\/\/www.mentaymora.com\/index.php\/wp-json\/wp\/v2\/product_brand?post=22019"},{"taxonomy":"product_cat","embeddable":true,"href":"https:\/\/www.mentaymora.com\/index.php\/wp-json\/wp\/v2\/product_cat?post=22019"},{"taxonomy":"product_tag","embeddable":true,"href":"https:\/\/www.mentaymora.com\/index.php\/wp-json\/wp\/v2\/product_tag?post=22019"}],"curies":[{"name":"wp","href":"https:\/\/api.w.org\/{rel}","templated":true}]}}