{"id":22023,"date":"2026-04-11T08:53:12","date_gmt":"2026-04-11T07:53:12","guid":{"rendered":"https:\/\/www.mentaymora.com\/?post_type=product&#038;p=22023"},"modified":"2026-04-11T09:21:15","modified_gmt":"2026-04-11T08:21:15","slug":"termo-diseno-floral-azul-dcasa","status":"publish","type":"product","link":"https:\/\/www.mentaymora.com\/index.php\/producto\/termo-diseno-floral-azul-dcasa\/","title":{"rendered":"Termo Dise\u00f1o Floral Azul &#8211; D&#8217;Casa"},"content":{"rendered":"<p>Termo Dise\u00f1o Floral Azul &#8211; D&#8217;Casa<\/p>\n<p data-start=\"380\" data-end=\"669\">Termo de <strong>500 ml<\/strong> con acabado en <strong>dise\u00f1o floral<\/strong>, pensado para conservar la temperatura de tus bebidas durante horas. Gracias a su sistema de <strong>doble capa<\/strong>, mantiene tanto bebidas fr\u00edas como calientes en condiciones \u00f3ptimas, siendo una opci\u00f3n funcional para el uso diario.<\/p>\n<p data-start=\"671\" data-end=\"921\">Su formato es <strong>c\u00f3modo y f\u00e1cil de transportar<\/strong>, ideal para llevar en bolso, mochila o utilizar en la oficina, viajes o actividades al aire libre. Fabricado con <strong>materiales resistentes<\/strong>, incorpora <strong>cierre herm\u00e9tico<\/strong> que evita fugas y garantiza un uso seguro.<\/p>\n<p data-start=\"923\" data-end=\"1056\">El dise\u00f1o floral aporta un toque decorativo cuidado, convirti\u00e9ndolo en una opci\u00f3n atractiva tanto para uso personal como para regalo.<\/p>\n<p data-start=\"1058\" data-end=\"1078\"><strong data-start=\"1058\" data-end=\"1078\">Caracter\u00edsticas:<\/strong><\/p>\n<ul data-start=\"1079\" data-end=\"1267\">\n<li data-section-id=\"cef8am\" data-start=\"1079\" data-end=\"1100\">Capacidad: 500 ml<\/li>\n<li data-section-id=\"1hm26xa\" data-start=\"1101\" data-end=\"1126\">Sistema de doble capa<\/li>\n<li data-section-id=\"41z0br\" data-start=\"1127\" data-end=\"1184\">Conservaci\u00f3n de temperatura: hasta 8 horas fr\u00edo\/calor<\/li>\n<li data-section-id=\"1mlgd58\" data-start=\"1185\" data-end=\"1215\">Cierre herm\u00e9tico antigoteo<\/li>\n<li data-section-id=\"10pukrb\" data-start=\"1216\" data-end=\"1233\">Dise\u00f1o floral<\/li>\n<li data-section-id=\"1quvl5z\" data-start=\"1234\" data-end=\"1267\">F\u00e1cil transporte y uso diario<\/li>\n<\/ul>\n<p style=\"text-align: center;\"><a href=\"https:\/\/www.mentaymora.com\/\">Menta y Mora<\/a>\u00a0Te Enamora\u00a0 \u00a0 S\u00edguenos en nuestras RRSS (<a href=\"https:\/\/es-es.facebook.com\/MentayMora\/\">Facebook<\/a>\u00a0e\u00a0<a href=\"https:\/\/www.instagram.com\/mentaymora.illescas\/?hl=es\">Instagram<\/a>)\u00a0 \u00a0 Si tienes alguna consulta,\u00a0<a href=\"mailto:%20info@mentaymora.com\">preg\u00fantanos<\/a>.<\/p>\n","protected":false},"excerpt":{"rendered":"<p data-start=\"54\" data-end=\"246\">Termo de 500 ml con <strong>dise\u00f1o floral y doble capa<\/strong>, ideal para mantener la temperatura de tus bebidas durante m\u00e1s tiempo. Pr\u00e1ctico, resistente y perfecto para el d\u00eda a d\u00eda.<\/p>\n<p data-start=\"248\" data-end=\"280\"><strong data-start=\"248\" data-end=\"280\">Caracter\u00edsticas principales:<\/strong><\/p>\n<ul data-start=\"281\" data-end=\"373\">\n<li data-section-id=\"1jl9lqd\" data-start=\"281\" data-end=\"304\">Capacidad de 500 ml<\/li>\n<li data-section-id=\"7sa0r9\" data-start=\"305\" data-end=\"344\">Mantiene fr\u00edo y calor hasta 8 horas<\/li>\n<li data-section-id=\"14vyar1\" data-start=\"345\" data-end=\"373\">Dise\u00f1o floral decorativo<\/li>\n<\/ul>\n","protected":false},"featured_media":22024,"comment_status":"open","ping_status":"closed","template":"","meta":{"_acf_changed":false,"_joinchat":[]},"product_brand":[1864],"product_cat":[1377,1769],"product_tag":[382,1433],"class_list":{"0":"post-22023","1":"product","2":"type-product","3":"status-publish","4":"has-post-thumbnail","6":"product_brand-dcasa","7":"product_cat-comuniones","8":"product_cat-termos","9":"product_tag-comunion","10":"product_tag-termo","11":"latest_post","13":"first","14":"instock","15":"taxable","16":"shipping-taxable","17":"purchasable","18":"product-type-simple"},"acf":[],"yoast_head":"<!-- This site is optimized with the Yoast SEO plugin v27.3 - https:\/\/yoast.com\/product\/yoast-seo-wordpress\/ -->\n<title>Termo Dise\u00f1o Floral Azul - D&#039;Casa - Menta y Mora<\/title>\n<meta name=\"description\" content=\"Termo Dise\u00f1o Floral Azul - D&#039;Casa Termo de 500 ml con acabado en dise\u00f1o floral, pensado para conservar la temperatura de tus bebidas durante horas.\" \/>\n<meta name=\"robots\" content=\"index, follow, max-snippet:-1, max-image-preview:large, max-video-preview:-1\" \/>\n<link rel=\"canonical\" href=\"https:\/\/www.mentaymora.com\/index.php\/producto\/termo-diseno-floral-azul-dcasa\/\" \/>\n<meta property=\"og:locale\" content=\"es_ES\" \/>\n<meta property=\"og:type\" content=\"article\" \/>\n<meta property=\"og:title\" content=\"Termo Dise\u00f1o Floral Azul - D&#039;Casa - Menta y Mora\" \/>\n<meta property=\"og:description\" content=\"Termo Dise\u00f1o Floral Azul - D&#039;Casa Termo de 500 ml con acabado en dise\u00f1o floral, pensado para conservar la temperatura de tus bebidas durante horas.\" \/>\n<meta property=\"og:url\" content=\"https:\/\/www.mentaymora.com\/index.php\/producto\/termo-diseno-floral-azul-dcasa\/\" \/>\n<meta property=\"og:site_name\" content=\"Menta y Mora\" \/>\n<meta property=\"article:publisher\" content=\"https:\/\/es-es.facebook.com\/MentayMora\/\" \/>\n<meta property=\"article:modified_time\" content=\"2026-04-11T08:21:15+00:00\" \/>\n<meta property=\"og:image\" content=\"https:\/\/www.mentaymora.com\/wp-content\/uploads\/2026\/04\/Terno-Flores-Azul.webp\" \/>\n\t<meta property=\"og:image:width\" content=\"800\" \/>\n\t<meta property=\"og:image:height\" content=\"800\" \/>\n\t<meta property=\"og:image:type\" content=\"image\/webp\" \/>\n<meta name=\"twitter:card\" content=\"summary_large_image\" \/>\n<meta name=\"twitter:label1\" content=\"Tiempo de lectura\" \/>\n\t<meta name=\"twitter:data1\" content=\"1 minuto\" \/>\n<script type=\"application\/ld+json\" class=\"yoast-schema-graph\">{\"@context\":\"https:\\\/\\\/schema.org\",\"@graph\":[{\"@type\":\"WebPage\",\"@id\":\"https:\\\/\\\/www.mentaymora.com\\\/index.php\\\/producto\\\/termo-diseno-floral-azul-dcasa\\\/\",\"url\":\"https:\\\/\\\/www.mentaymora.com\\\/index.php\\\/producto\\\/termo-diseno-floral-azul-dcasa\\\/\",\"name\":\"Termo Dise\u00f1o Floral Azul - D'Casa - Menta y Mora\",\"isPartOf\":{\"@id\":\"https:\\\/\\\/www.mentaymora.com\\\/#website\"},\"primaryImageOfPage\":{\"@id\":\"https:\\\/\\\/www.mentaymora.com\\\/index.php\\\/producto\\\/termo-diseno-floral-azul-dcasa\\\/#primaryimage\"},\"image\":{\"@id\":\"https:\\\/\\\/www.mentaymora.com\\\/index.php\\\/producto\\\/termo-diseno-floral-azul-dcasa\\\/#primaryimage\"},\"thumbnailUrl\":\"https:\\\/\\\/www.mentaymora.com\\\/wp-content\\\/uploads\\\/2026\\\/04\\\/Terno-Flores-Azul.webp\",\"datePublished\":\"2026-04-11T07:53:12+00:00\",\"dateModified\":\"2026-04-11T08:21:15+00:00\",\"description\":\"Termo Dise\u00f1o Floral Azul - D'Casa Termo de 500 ml con acabado en dise\u00f1o floral, pensado para conservar la temperatura de tus bebidas durante horas.\",\"breadcrumb\":{\"@id\":\"https:\\\/\\\/www.mentaymora.com\\\/index.php\\\/producto\\\/termo-diseno-floral-azul-dcasa\\\/#breadcrumb\"},\"inLanguage\":\"es\",\"potentialAction\":[{\"@type\":\"ReadAction\",\"target\":[\"https:\\\/\\\/www.mentaymora.com\\\/index.php\\\/producto\\\/termo-diseno-floral-azul-dcasa\\\/\"]}]},{\"@type\":\"ImageObject\",\"inLanguage\":\"es\",\"@id\":\"https:\\\/\\\/www.mentaymora.com\\\/index.php\\\/producto\\\/termo-diseno-floral-azul-dcasa\\\/#primaryimage\",\"url\":\"https:\\\/\\\/www.mentaymora.com\\\/wp-content\\\/uploads\\\/2026\\\/04\\\/Terno-Flores-Azul.webp\",\"contentUrl\":\"https:\\\/\\\/www.mentaymora.com\\\/wp-content\\\/uploads\\\/2026\\\/04\\\/Terno-Flores-Azul.webp\",\"width\":800,\"height\":800,\"caption\":\"Ter\u00f1o Flores Azul\"},{\"@type\":\"BreadcrumbList\",\"@id\":\"https:\\\/\\\/www.mentaymora.com\\\/index.php\\\/producto\\\/termo-diseno-floral-azul-dcasa\\\/#breadcrumb\",\"itemListElement\":[{\"@type\":\"ListItem\",\"position\":1,\"name\":\"Portada\",\"item\":\"https:\\\/\\\/www.mentaymora.com\\\/\"},{\"@type\":\"ListItem\",\"position\":2,\"name\":\"Productos\",\"item\":\"https:\\\/\\\/www.mentaymora.com\\\/index.php\\\/tienda\\\/\"},{\"@type\":\"ListItem\",\"position\":3,\"name\":\"Termo Dise\u00f1o Floral Azul &#8211; D&#8217;Casa\"}]},{\"@type\":\"WebSite\",\"@id\":\"https:\\\/\\\/www.mentaymora.com\\\/#website\",\"url\":\"https:\\\/\\\/www.mentaymora.com\\\/\",\"name\":\"Menta y Mora\",\"description\":\"Regalos y Complementos\",\"publisher\":{\"@id\":\"https:\\\/\\\/www.mentaymora.com\\\/#organization\"},\"potentialAction\":[{\"@type\":\"SearchAction\",\"target\":{\"@type\":\"EntryPoint\",\"urlTemplate\":\"https:\\\/\\\/www.mentaymora.com\\\/?s={search_term_string}\"},\"query-input\":{\"@type\":\"PropertyValueSpecification\",\"valueRequired\":true,\"valueName\":\"search_term_string\"}}],\"inLanguage\":\"es\"},{\"@type\":\"Organization\",\"@id\":\"https:\\\/\\\/www.mentaymora.com\\\/#organization\",\"name\":\"Menta y Mora\",\"url\":\"https:\\\/\\\/www.mentaymora.com\\\/\",\"logo\":{\"@type\":\"ImageObject\",\"inLanguage\":\"es\",\"@id\":\"https:\\\/\\\/www.mentaymora.com\\\/#\\\/schema\\\/logo\\\/image\\\/\",\"url\":\"https:\\\/\\\/www.mentaymora.com\\\/wp-content\\\/uploads\\\/2021\\\/07\\\/Logo.jpg\",\"contentUrl\":\"https:\\\/\\\/www.mentaymora.com\\\/wp-content\\\/uploads\\\/2021\\\/07\\\/Logo.jpg\",\"width\":1172,\"height\":1172,\"caption\":\"Menta y Mora\"},\"image\":{\"@id\":\"https:\\\/\\\/www.mentaymora.com\\\/#\\\/schema\\\/logo\\\/image\\\/\"},\"sameAs\":[\"https:\\\/\\\/es-es.facebook.com\\\/MentayMora\\\/\",\"https:\\\/\\\/www.instagram.com\\\/mentaymora.illescas\\\/?hl=es\",\"https:\\\/\\\/www.youtube.com\\\/channel\\\/UCuMMtdck_1XS-MyW6ZnBAlw\"]}]}<\/script>\n<!-- \/ Yoast SEO plugin. -->","yoast_head_json":{"title":"Termo Dise\u00f1o Floral Azul - D'Casa - Menta y Mora","description":"Termo Dise\u00f1o Floral Azul - D'Casa Termo de 500 ml con acabado en dise\u00f1o floral, pensado para conservar la temperatura de tus bebidas durante horas.","robots":{"index":"index","follow":"follow","max-snippet":"max-snippet:-1","max-image-preview":"max-image-preview:large","max-video-preview":"max-video-preview:-1"},"canonical":"https:\/\/www.mentaymora.com\/index.php\/producto\/termo-diseno-floral-azul-dcasa\/","og_locale":"es_ES","og_type":"article","og_title":"Termo Dise\u00f1o Floral Azul - D'Casa - Menta y Mora","og_description":"Termo Dise\u00f1o Floral Azul - D'Casa Termo de 500 ml con acabado en dise\u00f1o floral, pensado para conservar la temperatura de tus bebidas durante horas.","og_url":"https:\/\/www.mentaymora.com\/index.php\/producto\/termo-diseno-floral-azul-dcasa\/","og_site_name":"Menta y Mora","article_publisher":"https:\/\/es-es.facebook.com\/MentayMora\/","article_modified_time":"2026-04-11T08:21:15+00:00","og_image":[{"width":800,"height":800,"url":"https:\/\/www.mentaymora.com\/wp-content\/uploads\/2026\/04\/Terno-Flores-Azul.webp","type":"image\/webp"}],"twitter_card":"summary_large_image","twitter_misc":{"Tiempo de lectura":"1 minuto"},"schema":{"@context":"https:\/\/schema.org","@graph":[{"@type":"WebPage","@id":"https:\/\/www.mentaymora.com\/index.php\/producto\/termo-diseno-floral-azul-dcasa\/","url":"https:\/\/www.mentaymora.com\/index.php\/producto\/termo-diseno-floral-azul-dcasa\/","name":"Termo Dise\u00f1o Floral Azul - D'Casa - Menta y Mora","isPartOf":{"@id":"https:\/\/www.mentaymora.com\/#website"},"primaryImageOfPage":{"@id":"https:\/\/www.mentaymora.com\/index.php\/producto\/termo-diseno-floral-azul-dcasa\/#primaryimage"},"image":{"@id":"https:\/\/www.mentaymora.com\/index.php\/producto\/termo-diseno-floral-azul-dcasa\/#primaryimage"},"thumbnailUrl":"https:\/\/www.mentaymora.com\/wp-content\/uploads\/2026\/04\/Terno-Flores-Azul.webp","datePublished":"2026-04-11T07:53:12+00:00","dateModified":"2026-04-11T08:21:15+00:00","description":"Termo Dise\u00f1o Floral Azul - D'Casa Termo de 500 ml con acabado en dise\u00f1o floral, pensado para conservar la temperatura de tus bebidas durante horas.","breadcrumb":{"@id":"https:\/\/www.mentaymora.com\/index.php\/producto\/termo-diseno-floral-azul-dcasa\/#breadcrumb"},"inLanguage":"es","potentialAction":[{"@type":"ReadAction","target":["https:\/\/www.mentaymora.com\/index.php\/producto\/termo-diseno-floral-azul-dcasa\/"]}]},{"@type":"ImageObject","inLanguage":"es","@id":"https:\/\/www.mentaymora.com\/index.php\/producto\/termo-diseno-floral-azul-dcasa\/#primaryimage","url":"https:\/\/www.mentaymora.com\/wp-content\/uploads\/2026\/04\/Terno-Flores-Azul.webp","contentUrl":"https:\/\/www.mentaymora.com\/wp-content\/uploads\/2026\/04\/Terno-Flores-Azul.webp","width":800,"height":800,"caption":"Ter\u00f1o Flores Azul"},{"@type":"BreadcrumbList","@id":"https:\/\/www.mentaymora.com\/index.php\/producto\/termo-diseno-floral-azul-dcasa\/#breadcrumb","itemListElement":[{"@type":"ListItem","position":1,"name":"Portada","item":"https:\/\/www.mentaymora.com\/"},{"@type":"ListItem","position":2,"name":"Productos","item":"https:\/\/www.mentaymora.com\/index.php\/tienda\/"},{"@type":"ListItem","position":3,"name":"Termo Dise\u00f1o Floral Azul &#8211; D&#8217;Casa"}]},{"@type":"WebSite","@id":"https:\/\/www.mentaymora.com\/#website","url":"https:\/\/www.mentaymora.com\/","name":"Menta y Mora","description":"Regalos y Complementos","publisher":{"@id":"https:\/\/www.mentaymora.com\/#organization"},"potentialAction":[{"@type":"SearchAction","target":{"@type":"EntryPoint","urlTemplate":"https:\/\/www.mentaymora.com\/?s={search_term_string}"},"query-input":{"@type":"PropertyValueSpecification","valueRequired":true,"valueName":"search_term_string"}}],"inLanguage":"es"},{"@type":"Organization","@id":"https:\/\/www.mentaymora.com\/#organization","name":"Menta y Mora","url":"https:\/\/www.mentaymora.com\/","logo":{"@type":"ImageObject","inLanguage":"es","@id":"https:\/\/www.mentaymora.com\/#\/schema\/logo\/image\/","url":"https:\/\/www.mentaymora.com\/wp-content\/uploads\/2021\/07\/Logo.jpg","contentUrl":"https:\/\/www.mentaymora.com\/wp-content\/uploads\/2021\/07\/Logo.jpg","width":1172,"height":1172,"caption":"Menta y Mora"},"image":{"@id":"https:\/\/www.mentaymora.com\/#\/schema\/logo\/image\/"},"sameAs":["https:\/\/es-es.facebook.com\/MentayMora\/","https:\/\/www.instagram.com\/mentaymora.illescas\/?hl=es","https:\/\/www.youtube.com\/channel\/UCuMMtdck_1XS-MyW6ZnBAlw"]}]}},"_links":{"self":[{"href":"https:\/\/www.mentaymora.com\/index.php\/wp-json\/wp\/v2\/product\/22023","targetHints":{"allow":["GET"]}}],"collection":[{"href":"https:\/\/www.mentaymora.com\/index.php\/wp-json\/wp\/v2\/product"}],"about":[{"href":"https:\/\/www.mentaymora.com\/index.php\/wp-json\/wp\/v2\/types\/product"}],"replies":[{"embeddable":true,"href":"https:\/\/www.mentaymora.com\/index.php\/wp-json\/wp\/v2\/comments?post=22023"}],"wp:featuredmedia":[{"embeddable":true,"href":"https:\/\/www.mentaymora.com\/index.php\/wp-json\/wp\/v2\/media\/22024"}],"wp:attachment":[{"href":"https:\/\/www.mentaymora.com\/index.php\/wp-json\/wp\/v2\/media?parent=22023"}],"wp:term":[{"taxonomy":"product_brand","embeddable":true,"href":"https:\/\/www.mentaymora.com\/index.php\/wp-json\/wp\/v2\/product_brand?post=22023"},{"taxonomy":"product_cat","embeddable":true,"href":"https:\/\/www.mentaymora.com\/index.php\/wp-json\/wp\/v2\/product_cat?post=22023"},{"taxonomy":"product_tag","embeddable":true,"href":"https:\/\/www.mentaymora.com\/index.php\/wp-json\/wp\/v2\/product_tag?post=22023"}],"curies":[{"name":"wp","href":"https:\/\/api.w.org\/{rel}","templated":true}]}}