{"id":22047,"date":"2026-04-12T18:06:23","date_gmt":"2026-04-12T17:06:23","guid":{"rendered":"https:\/\/www.mentaymora.com\/?post_type=product&#038;p=22047"},"modified":"2026-04-15T16:20:43","modified_gmt":"2026-04-15T15:20:43","slug":"cupuacu-set-de-rutina-bronceadora-ziaja","status":"publish","type":"product","link":"https:\/\/www.mentaymora.com\/index.php\/producto\/cupuacu-set-de-rutina-bronceadora-ziaja\/","title":{"rendered":"CUPUA\u00c7U Set de Rutina Bronceadora &#8211; Ziaja"},"content":{"rendered":"<p>CUPUA\u00c7U Set de Rutina Bronceadora &#8211; Ziaja<\/p>\n<p data-start=\"3079\" data-end=\"3295\">Consigue una piel suave, hidratada y con un <strong data-start=\"3123\" data-end=\"3152\">bronceado natural sin sol<\/strong> con el pack <strong data-start=\"3165\" data-end=\"3176\">Cupuaz\u00fa<\/strong>. Una rutina completa con <strong data-start=\"3202\" data-end=\"3228\">4 productos esenciales<\/strong> que limpian, exfolian, nutren y aportan un tono dorado progresivo.<\/p>\n<p data-start=\"3297\" data-end=\"3520\">Enriquecido con <strong data-start=\"3313\" data-end=\"3356\">manteca de cupua\u00e7u y aceites nutritivos<\/strong>, mejora la elasticidad y deja la piel luminosa y uniforme desde las primeras aplicaciones. Su aroma <strong data-start=\"3457\" data-end=\"3474\">caramelo-nuez<\/strong> aporta una experiencia agradable en cada uso.<\/p>\n<ul>\n<li data-start=\"3297\" data-end=\"3520\">Rutina completa corporal y facial<\/li>\n<li data-start=\"3297\" data-end=\"3520\">Bronceado progresivo sin sol<\/li>\n<li data-start=\"3297\" data-end=\"3520\">Hidrataci\u00f3n intensa y piel m\u00e1s el\u00e1stica<\/li>\n<li data-start=\"3297\" data-end=\"3520\">Ideal como regalo de cuidado personal<\/li>\n<\/ul>\n<p style=\"text-align: center\"><a href=\"https:\/\/www.mentaymora.com\/\">Menta y Mora<\/a>\u00a0Te Enamora\u00a0 \u00a0 S\u00edguenos en nuestras RRSS (<a href=\"https:\/\/es-es.facebook.com\/MentayMora\/\">Facebook<\/a>\u00a0e\u00a0<a href=\"https:\/\/www.instagram.com\/mentaymora.illescas\/?hl=es\">Instagram<\/a>)\u00a0 \u00a0Si tienes alguna consulta,\u00a0<a href=\"mailto:%20info@mentaymora.com\">preg\u00fantanos<\/a><\/p>\n","protected":false},"excerpt":{"rendered":"<p data-start=\"69\" data-end=\"203\">Pack <strong data-start=\"74\" data-end=\"85\">Cupuaz\u00fa<\/strong> con rutina completa corporal y facial para hidratar y conseguir un <strong data-start=\"153\" data-end=\"182\">bronceado natural sin sol<\/strong> durante todo el a\u00f1o.<\/p>\n<p data-start=\"69\" data-end=\"203\"><strong>Caracter\u00edsticas principales<\/strong><\/p>\n<ul>\n<li data-start=\"69\" data-end=\"203\">Rutina completa con <strong data-start=\"257\" data-end=\"283\">4 productos esenciales<\/strong> para rostro y cuerpo (CUPUA\u00c7U Gel de Ducha Hidratante 500 ml,\u00a0CUPUA\u00c7U Exfoliante de Az\u00facar Cristalino 200 ml, CUPUA\u00c7U Loci\u00f3n Corporal Bronceadora 300 ml, CUPUA\u00c7U Crema Facial Bronceadora de D\u00eda SPF10 50 ml)<\/li>\n<li data-start=\"69\" data-end=\"203\">Bronceado progresivo gracias a la <strong data-start=\"343\" data-end=\"368\">DHA de origen vegetal<\/strong><\/li>\n<li data-start=\"69\" data-end=\"203\">Hidrataci\u00f3n intensa con <strong data-start=\"397\" data-end=\"440\">manteca de cupua\u00e7u y aceites nutritivos<\/strong><\/li>\n<li data-start=\"69\" data-end=\"203\">Aroma <strong data-start=\"451\" data-end=\"468\">caramelo-nuez<\/strong> que mejora la experiencia sensorial<\/li>\n<\/ul>\n","protected":false},"featured_media":22058,"comment_status":"open","ping_status":"closed","template":"","meta":{"_acf_changed":false,"_joinchat":[]},"product_brand":[1686],"product_cat":[1867],"product_tag":[1370,345,1585],"class_list":{"0":"post-22047","1":"product","2":"type-product","3":"status-publish","4":"has-post-thumbnail","6":"product_brand-ziaja","7":"product_cat-cupuacu-bornceadora","8":"product_tag-autobronceador","9":"product_tag-sol","10":"product_tag-verano","11":"latest_post","13":"first","14":"instock","15":"taxable","16":"shipping-taxable","17":"purchasable","18":"product-type-simple"},"acf":[],"yoast_head":"<!-- This site is optimized with the Yoast SEO plugin v27.4 - https:\/\/yoast.com\/product\/yoast-seo-wordpress\/ -->\n<title>CUPUA\u00c7U Set de Rutina Bronceadora - Ziaja - Menta y Mora<\/title>\n<meta name=\"description\" content=\"CUPUA\u00c7U Set de Rutina Bronceadora - Ziaja Consigue una piel suave, hidratada y con un bronceado natural sin sol con el pack Cupuaz\u00fa. Una rutina completa\" \/>\n<meta name=\"robots\" content=\"index, follow, max-snippet:-1, max-image-preview:large, max-video-preview:-1\" \/>\n<link rel=\"canonical\" href=\"https:\/\/www.mentaymora.com\/index.php\/producto\/cupuacu-set-de-rutina-bronceadora-ziaja\/\" \/>\n<meta property=\"og:locale\" content=\"es_ES\" \/>\n<meta property=\"og:type\" content=\"article\" \/>\n<meta property=\"og:title\" content=\"CUPUA\u00c7U Set de Rutina Bronceadora - Ziaja - Menta y Mora\" \/>\n<meta property=\"og:description\" content=\"CUPUA\u00c7U Set de Rutina Bronceadora - Ziaja Consigue una piel suave, hidratada y con un bronceado natural sin sol con el pack Cupuaz\u00fa. Una rutina completa\" \/>\n<meta property=\"og:url\" content=\"https:\/\/www.mentaymora.com\/index.php\/producto\/cupuacu-set-de-rutina-bronceadora-ziaja\/\" \/>\n<meta property=\"og:site_name\" content=\"Menta y Mora\" \/>\n<meta property=\"article:publisher\" content=\"https:\/\/es-es.facebook.com\/MentayMora\/\" \/>\n<meta property=\"article:modified_time\" content=\"2026-04-15T15:20:43+00:00\" \/>\n<meta property=\"og:image\" content=\"https:\/\/www.mentaymora.com\/wp-content\/uploads\/2026\/04\/Untitled-design-6.webp\" \/>\n\t<meta property=\"og:image:width\" content=\"1080\" \/>\n\t<meta property=\"og:image:height\" content=\"1080\" \/>\n\t<meta property=\"og:image:type\" content=\"image\/webp\" \/>\n<meta name=\"twitter:card\" content=\"summary_large_image\" \/>\n<meta name=\"twitter:label1\" content=\"Tiempo de lectura\" \/>\n\t<meta name=\"twitter:data1\" content=\"1 minuto\" \/>\n<script type=\"application\/ld+json\" class=\"yoast-schema-graph\">{\"@context\":\"https:\\\/\\\/schema.org\",\"@graph\":[{\"@type\":\"WebPage\",\"@id\":\"https:\\\/\\\/www.mentaymora.com\\\/index.php\\\/producto\\\/cupuacu-set-de-rutina-bronceadora-ziaja\\\/\",\"url\":\"https:\\\/\\\/www.mentaymora.com\\\/index.php\\\/producto\\\/cupuacu-set-de-rutina-bronceadora-ziaja\\\/\",\"name\":\"CUPUA\u00c7U Set de Rutina Bronceadora - Ziaja - Menta y Mora\",\"isPartOf\":{\"@id\":\"https:\\\/\\\/www.mentaymora.com\\\/#website\"},\"primaryImageOfPage\":{\"@id\":\"https:\\\/\\\/www.mentaymora.com\\\/index.php\\\/producto\\\/cupuacu-set-de-rutina-bronceadora-ziaja\\\/#primaryimage\"},\"image\":{\"@id\":\"https:\\\/\\\/www.mentaymora.com\\\/index.php\\\/producto\\\/cupuacu-set-de-rutina-bronceadora-ziaja\\\/#primaryimage\"},\"thumbnailUrl\":\"https:\\\/\\\/www.mentaymora.com\\\/wp-content\\\/uploads\\\/2026\\\/04\\\/Untitled-design-6.webp\",\"datePublished\":\"2026-04-12T17:06:23+00:00\",\"dateModified\":\"2026-04-15T15:20:43+00:00\",\"description\":\"CUPUA\u00c7U Set de Rutina Bronceadora - Ziaja Consigue una piel suave, hidratada y con un bronceado natural sin sol con el pack Cupuaz\u00fa. Una rutina completa\",\"breadcrumb\":{\"@id\":\"https:\\\/\\\/www.mentaymora.com\\\/index.php\\\/producto\\\/cupuacu-set-de-rutina-bronceadora-ziaja\\\/#breadcrumb\"},\"inLanguage\":\"es\",\"potentialAction\":[{\"@type\":\"ReadAction\",\"target\":[\"https:\\\/\\\/www.mentaymora.com\\\/index.php\\\/producto\\\/cupuacu-set-de-rutina-bronceadora-ziaja\\\/\"]}]},{\"@type\":\"ImageObject\",\"inLanguage\":\"es\",\"@id\":\"https:\\\/\\\/www.mentaymora.com\\\/index.php\\\/producto\\\/cupuacu-set-de-rutina-bronceadora-ziaja\\\/#primaryimage\",\"url\":\"https:\\\/\\\/www.mentaymora.com\\\/wp-content\\\/uploads\\\/2026\\\/04\\\/Untitled-design-6.webp\",\"contentUrl\":\"https:\\\/\\\/www.mentaymora.com\\\/wp-content\\\/uploads\\\/2026\\\/04\\\/Untitled-design-6.webp\",\"width\":1080,\"height\":1080,\"caption\":\"Untitled design (6)\"},{\"@type\":\"BreadcrumbList\",\"@id\":\"https:\\\/\\\/www.mentaymora.com\\\/index.php\\\/producto\\\/cupuacu-set-de-rutina-bronceadora-ziaja\\\/#breadcrumb\",\"itemListElement\":[{\"@type\":\"ListItem\",\"position\":1,\"name\":\"Portada\",\"item\":\"https:\\\/\\\/www.mentaymora.com\\\/\"},{\"@type\":\"ListItem\",\"position\":2,\"name\":\"Productos\",\"item\":\"https:\\\/\\\/www.mentaymora.com\\\/index.php\\\/tienda\\\/\"},{\"@type\":\"ListItem\",\"position\":3,\"name\":\"CUPUA\u00c7U Set de Rutina Bronceadora &#8211; Ziaja\"}]},{\"@type\":\"WebSite\",\"@id\":\"https:\\\/\\\/www.mentaymora.com\\\/#website\",\"url\":\"https:\\\/\\\/www.mentaymora.com\\\/\",\"name\":\"Menta y Mora\",\"description\":\"Regalos y Complementos\",\"publisher\":{\"@id\":\"https:\\\/\\\/www.mentaymora.com\\\/#organization\"},\"potentialAction\":[{\"@type\":\"SearchAction\",\"target\":{\"@type\":\"EntryPoint\",\"urlTemplate\":\"https:\\\/\\\/www.mentaymora.com\\\/?s={search_term_string}\"},\"query-input\":{\"@type\":\"PropertyValueSpecification\",\"valueRequired\":true,\"valueName\":\"search_term_string\"}}],\"inLanguage\":\"es\"},{\"@type\":\"Organization\",\"@id\":\"https:\\\/\\\/www.mentaymora.com\\\/#organization\",\"name\":\"Menta y Mora\",\"url\":\"https:\\\/\\\/www.mentaymora.com\\\/\",\"logo\":{\"@type\":\"ImageObject\",\"inLanguage\":\"es\",\"@id\":\"https:\\\/\\\/www.mentaymora.com\\\/#\\\/schema\\\/logo\\\/image\\\/\",\"url\":\"https:\\\/\\\/www.mentaymora.com\\\/wp-content\\\/uploads\\\/2021\\\/07\\\/Logo.jpg\",\"contentUrl\":\"https:\\\/\\\/www.mentaymora.com\\\/wp-content\\\/uploads\\\/2021\\\/07\\\/Logo.jpg\",\"width\":1172,\"height\":1172,\"caption\":\"Menta y Mora\"},\"image\":{\"@id\":\"https:\\\/\\\/www.mentaymora.com\\\/#\\\/schema\\\/logo\\\/image\\\/\"},\"sameAs\":[\"https:\\\/\\\/es-es.facebook.com\\\/MentayMora\\\/\",\"https:\\\/\\\/www.instagram.com\\\/mentaymora.illescas\\\/?hl=es\",\"https:\\\/\\\/www.youtube.com\\\/channel\\\/UCuMMtdck_1XS-MyW6ZnBAlw\"]}]}<\/script>\n<!-- \/ Yoast SEO plugin. -->","yoast_head_json":{"title":"CUPUA\u00c7U Set de Rutina Bronceadora - Ziaja - Menta y Mora","description":"CUPUA\u00c7U Set de Rutina Bronceadora - Ziaja Consigue una piel suave, hidratada y con un bronceado natural sin sol con el pack Cupuaz\u00fa. Una rutina completa","robots":{"index":"index","follow":"follow","max-snippet":"max-snippet:-1","max-image-preview":"max-image-preview:large","max-video-preview":"max-video-preview:-1"},"canonical":"https:\/\/www.mentaymora.com\/index.php\/producto\/cupuacu-set-de-rutina-bronceadora-ziaja\/","og_locale":"es_ES","og_type":"article","og_title":"CUPUA\u00c7U Set de Rutina Bronceadora - Ziaja - Menta y Mora","og_description":"CUPUA\u00c7U Set de Rutina Bronceadora - Ziaja Consigue una piel suave, hidratada y con un bronceado natural sin sol con el pack Cupuaz\u00fa. Una rutina completa","og_url":"https:\/\/www.mentaymora.com\/index.php\/producto\/cupuacu-set-de-rutina-bronceadora-ziaja\/","og_site_name":"Menta y Mora","article_publisher":"https:\/\/es-es.facebook.com\/MentayMora\/","article_modified_time":"2026-04-15T15:20:43+00:00","og_image":[{"width":1080,"height":1080,"url":"https:\/\/www.mentaymora.com\/wp-content\/uploads\/2026\/04\/Untitled-design-6.webp","type":"image\/webp"}],"twitter_card":"summary_large_image","twitter_misc":{"Tiempo de lectura":"1 minuto"},"schema":{"@context":"https:\/\/schema.org","@graph":[{"@type":"WebPage","@id":"https:\/\/www.mentaymora.com\/index.php\/producto\/cupuacu-set-de-rutina-bronceadora-ziaja\/","url":"https:\/\/www.mentaymora.com\/index.php\/producto\/cupuacu-set-de-rutina-bronceadora-ziaja\/","name":"CUPUA\u00c7U Set de Rutina Bronceadora - Ziaja - Menta y Mora","isPartOf":{"@id":"https:\/\/www.mentaymora.com\/#website"},"primaryImageOfPage":{"@id":"https:\/\/www.mentaymora.com\/index.php\/producto\/cupuacu-set-de-rutina-bronceadora-ziaja\/#primaryimage"},"image":{"@id":"https:\/\/www.mentaymora.com\/index.php\/producto\/cupuacu-set-de-rutina-bronceadora-ziaja\/#primaryimage"},"thumbnailUrl":"https:\/\/www.mentaymora.com\/wp-content\/uploads\/2026\/04\/Untitled-design-6.webp","datePublished":"2026-04-12T17:06:23+00:00","dateModified":"2026-04-15T15:20:43+00:00","description":"CUPUA\u00c7U Set de Rutina Bronceadora - Ziaja Consigue una piel suave, hidratada y con un bronceado natural sin sol con el pack Cupuaz\u00fa. Una rutina completa","breadcrumb":{"@id":"https:\/\/www.mentaymora.com\/index.php\/producto\/cupuacu-set-de-rutina-bronceadora-ziaja\/#breadcrumb"},"inLanguage":"es","potentialAction":[{"@type":"ReadAction","target":["https:\/\/www.mentaymora.com\/index.php\/producto\/cupuacu-set-de-rutina-bronceadora-ziaja\/"]}]},{"@type":"ImageObject","inLanguage":"es","@id":"https:\/\/www.mentaymora.com\/index.php\/producto\/cupuacu-set-de-rutina-bronceadora-ziaja\/#primaryimage","url":"https:\/\/www.mentaymora.com\/wp-content\/uploads\/2026\/04\/Untitled-design-6.webp","contentUrl":"https:\/\/www.mentaymora.com\/wp-content\/uploads\/2026\/04\/Untitled-design-6.webp","width":1080,"height":1080,"caption":"Untitled design (6)"},{"@type":"BreadcrumbList","@id":"https:\/\/www.mentaymora.com\/index.php\/producto\/cupuacu-set-de-rutina-bronceadora-ziaja\/#breadcrumb","itemListElement":[{"@type":"ListItem","position":1,"name":"Portada","item":"https:\/\/www.mentaymora.com\/"},{"@type":"ListItem","position":2,"name":"Productos","item":"https:\/\/www.mentaymora.com\/index.php\/tienda\/"},{"@type":"ListItem","position":3,"name":"CUPUA\u00c7U Set de Rutina Bronceadora &#8211; Ziaja"}]},{"@type":"WebSite","@id":"https:\/\/www.mentaymora.com\/#website","url":"https:\/\/www.mentaymora.com\/","name":"Menta y Mora","description":"Regalos y Complementos","publisher":{"@id":"https:\/\/www.mentaymora.com\/#organization"},"potentialAction":[{"@type":"SearchAction","target":{"@type":"EntryPoint","urlTemplate":"https:\/\/www.mentaymora.com\/?s={search_term_string}"},"query-input":{"@type":"PropertyValueSpecification","valueRequired":true,"valueName":"search_term_string"}}],"inLanguage":"es"},{"@type":"Organization","@id":"https:\/\/www.mentaymora.com\/#organization","name":"Menta y Mora","url":"https:\/\/www.mentaymora.com\/","logo":{"@type":"ImageObject","inLanguage":"es","@id":"https:\/\/www.mentaymora.com\/#\/schema\/logo\/image\/","url":"https:\/\/www.mentaymora.com\/wp-content\/uploads\/2021\/07\/Logo.jpg","contentUrl":"https:\/\/www.mentaymora.com\/wp-content\/uploads\/2021\/07\/Logo.jpg","width":1172,"height":1172,"caption":"Menta y Mora"},"image":{"@id":"https:\/\/www.mentaymora.com\/#\/schema\/logo\/image\/"},"sameAs":["https:\/\/es-es.facebook.com\/MentayMora\/","https:\/\/www.instagram.com\/mentaymora.illescas\/?hl=es","https:\/\/www.youtube.com\/channel\/UCuMMtdck_1XS-MyW6ZnBAlw"]}]}},"_links":{"self":[{"href":"https:\/\/www.mentaymora.com\/index.php\/wp-json\/wp\/v2\/product\/22047","targetHints":{"allow":["GET"]}}],"collection":[{"href":"https:\/\/www.mentaymora.com\/index.php\/wp-json\/wp\/v2\/product"}],"about":[{"href":"https:\/\/www.mentaymora.com\/index.php\/wp-json\/wp\/v2\/types\/product"}],"replies":[{"embeddable":true,"href":"https:\/\/www.mentaymora.com\/index.php\/wp-json\/wp\/v2\/comments?post=22047"}],"wp:featuredmedia":[{"embeddable":true,"href":"https:\/\/www.mentaymora.com\/index.php\/wp-json\/wp\/v2\/media\/22058"}],"wp:attachment":[{"href":"https:\/\/www.mentaymora.com\/index.php\/wp-json\/wp\/v2\/media?parent=22047"}],"wp:term":[{"taxonomy":"product_brand","embeddable":true,"href":"https:\/\/www.mentaymora.com\/index.php\/wp-json\/wp\/v2\/product_brand?post=22047"},{"taxonomy":"product_cat","embeddable":true,"href":"https:\/\/www.mentaymora.com\/index.php\/wp-json\/wp\/v2\/product_cat?post=22047"},{"taxonomy":"product_tag","embeddable":true,"href":"https:\/\/www.mentaymora.com\/index.php\/wp-json\/wp\/v2\/product_tag?post=22047"}],"curies":[{"name":"wp","href":"https:\/\/api.w.org\/{rel}","templated":true}]}}