{"id":2665,"date":"2021-05-16T20:33:47","date_gmt":"2021-05-16T19:33:47","guid":{"rendered":"https:\/\/www.mentaymora.com\/index.php\/producto\/ziaja-baby-pomada-irritacion-panal-cabra\/"},"modified":"2025-11-16T19:47:11","modified_gmt":"2025-11-16T18:47:11","slug":"pomada-irritacion-panal-cabra-ziaja-baby","status":"publish","type":"product","link":"https:\/\/www.mentaymora.com\/index.php\/producto\/pomada-irritacion-panal-cabra-ziaja-baby\/","title":{"rendered":"Pomada Irritaci\u00f3n Pa\u00f1al CABRA &#8211; Ziaja Baby"},"content":{"rendered":"<p>Pomada Irritaci\u00f3n Pa\u00f1al CABRA &#8211; Ziaja Baby<\/p>\n<p>Pomada para reci\u00e9n nacidos y ni\u00f1os, que ayuda a aliviar la irritaci\u00f3n causada por el roce del pa\u00f1al.<\/p>\n<p>Ayuda a prevenir la irritaci\u00f3n y alivia la piel enrojecida e irritada.<\/p>\n<p>Forma una capa protectora contra la sequedad de la piel.<\/p>\n<p><strong>No es un producto apto para veganos.<\/strong><\/p>\n<p><strong>Principales ingredientes activos:<\/strong> vitamina F, vitamina E, \u00f3xido de zinc, provitamina B5 (d-panthenol), extracto de algod\u00f3n, lanolina.<\/p>\n<p><strong>Modo de empleo:<\/strong> Aplicar crema en el culito del beb\u00e9 y en los lugares propensos a enrojecerse. Para uso frecuente.<\/p>\n<p><strong>Contenido<\/strong>: 50ml.<\/p>\n<p>Pomada Irritaci\u00f3n Pa\u00f1al CABRA &#8211; Ziaja Baby<\/p>\n<p style=\"text-align: center;\"><a href=\"https:\/\/www.mentaymora.com\/\">Menta y Mora<\/a>\u00a0Te Enamora\u00a0 \u00a0 \u00a0 \u00a0 S\u00edguenos en nuestras RRSS (<a href=\"https:\/\/es-es.facebook.com\/MentayMora\/\">Facebook<\/a>\u00a0e\u00a0<a href=\"https:\/\/www.instagram.com\/mentaymora.illescas\/?hl=es\">Instagram<\/a>)\u00a0 \u00a0 \u00a0 \u00a0\u00a0Si tienes alguna consulta,\u00a0<a href=\"mailto:%20info@mentaymora.com\">preg\u00fantanos<\/a>.<\/p>\n<section class=\"elementor-section elementor-top-section elementor-element elementor-element-6b39aef5 elementor-reverse-mobile elementor-section-full_width elementor-section-height-default elementor-section-height-default\" data-id=\"6b39aef5\" data-element_type=\"section\">\n<div class=\"elementor-container elementor-column-gap-wide\">\n<div class=\"elementor-column elementor-col-100 elementor-top-column elementor-element elementor-element-c1963dd\" data-id=\"c1963dd\" data-element_type=\"column\">\n<div class=\"elementor-widget-wrap elementor-element-populated\">\n<div class=\"elementor-element elementor-element-266d5afc elementor-widget elementor-widget-woocommerce-product-data-tabs\" data-id=\"266d5afc\" data-element_type=\"widget\" data-widget_type=\"woocommerce-product-data-tabs.default\">\n<div class=\"elementor-widget-container\">\n<div class=\"woocommerce-tabs wc-tabs-wrapper\">\n<div id=\"tab-description\" class=\"woocommerce-Tabs-panel woocommerce-Tabs-panel--description panel entry-content wc-tab\" role=\"tabpanel\" aria-labelledby=\"tab-title-description\">\u00a0<\/div>\n<\/div>\n<\/div>\n<\/div>\n<\/div>\n<\/div>\n<\/div>\n<\/section>\n","protected":false},"excerpt":{"rendered":"<p>Pomada para reci\u00e9n nacidos y ni\u00f1os, que ayuda a aliviar la irritaci\u00f3n causada por el roce del pa\u00f1al.<\/p>\n<p><strong>Contenido<\/strong>: 50ml.<\/p>\n","protected":false},"featured_media":3603,"comment_status":"open","ping_status":"closed","template":"","meta":{"_acf_changed":false,"_joinchat":[]},"product_brand":[1686],"product_cat":[1676,349],"product_tag":[329,331,337,336],"class_list":{"0":"post-2665","1":"product","2":"type-product","3":"status-publish","4":"has-post-thumbnail","6":"product_brand-ziaja","7":"product_cat-cuidado-del-bebe","8":"product_cat-ziaja-baby","9":"product_tag-baby","10":"product_tag-bebe","11":"product_tag-panal","12":"product_tag-pomada","13":"latest_post","15":"first","16":"instock","17":"taxable","18":"shipping-taxable","19":"purchasable","20":"product-type-simple"},"acf":[],"yoast_head":"<!-- This site is optimized with the Yoast SEO plugin v27.4 - https:\/\/yoast.com\/product\/yoast-seo-wordpress\/ -->\n<title>Pomada Irritaci\u00f3n Pa\u00f1al CABRA - Ziaja Baby - Menta y Mora<\/title>\n<meta name=\"description\" content=\"Pomada Irritaci\u00f3n Pa\u00f1al CABRA - Ziaja Baby Pomada para reci\u00e9n nacidos y ni\u00f1os, que ayuda a aliviar la irritaci\u00f3n causada por el roce del\" \/>\n<meta name=\"robots\" content=\"index, follow, max-snippet:-1, max-image-preview:large, max-video-preview:-1\" \/>\n<link rel=\"canonical\" href=\"https:\/\/www.mentaymora.com\/index.php\/producto\/pomada-irritacion-panal-cabra-ziaja-baby\/\" \/>\n<meta property=\"og:locale\" content=\"es_ES\" \/>\n<meta property=\"og:type\" content=\"article\" \/>\n<meta property=\"og:title\" content=\"Pomada Irritaci\u00f3n Pa\u00f1al CABRA - Ziaja Baby - Menta y Mora\" \/>\n<meta property=\"og:description\" content=\"Pomada Irritaci\u00f3n Pa\u00f1al CABRA - Ziaja Baby Pomada para reci\u00e9n nacidos y ni\u00f1os, que ayuda a aliviar la irritaci\u00f3n causada por el roce del\" \/>\n<meta property=\"og:url\" content=\"https:\/\/www.mentaymora.com\/index.php\/producto\/pomada-irritacion-panal-cabra-ziaja-baby\/\" \/>\n<meta property=\"og:site_name\" content=\"Menta y Mora\" \/>\n<meta property=\"article:publisher\" content=\"https:\/\/es-es.facebook.com\/MentayMora\/\" \/>\n<meta property=\"article:modified_time\" content=\"2025-11-16T18:47:11+00:00\" \/>\n<meta property=\"og:image\" content=\"https:\/\/www.mentaymora.com\/wp-content\/uploads\/2021\/05\/ZIAJA-Crema-Irritacion-Panal.jpg\" \/>\n\t<meta property=\"og:image:width\" content=\"458\" \/>\n\t<meta property=\"og:image:height\" content=\"458\" \/>\n\t<meta property=\"og:image:type\" content=\"image\/jpeg\" \/>\n<meta name=\"twitter:card\" content=\"summary_large_image\" \/>\n<meta name=\"twitter:label1\" content=\"Tiempo de lectura\" \/>\n\t<meta name=\"twitter:data1\" content=\"1 minuto\" \/>\n<script type=\"application\/ld+json\" class=\"yoast-schema-graph\">{\"@context\":\"https:\\\/\\\/schema.org\",\"@graph\":[{\"@type\":\"WebPage\",\"@id\":\"https:\\\/\\\/www.mentaymora.com\\\/index.php\\\/producto\\\/pomada-irritacion-panal-cabra-ziaja-baby\\\/\",\"url\":\"https:\\\/\\\/www.mentaymora.com\\\/index.php\\\/producto\\\/pomada-irritacion-panal-cabra-ziaja-baby\\\/\",\"name\":\"Pomada Irritaci\u00f3n Pa\u00f1al CABRA - Ziaja Baby - Menta y Mora\",\"isPartOf\":{\"@id\":\"https:\\\/\\\/www.mentaymora.com\\\/#website\"},\"primaryImageOfPage\":{\"@id\":\"https:\\\/\\\/www.mentaymora.com\\\/index.php\\\/producto\\\/pomada-irritacion-panal-cabra-ziaja-baby\\\/#primaryimage\"},\"image\":{\"@id\":\"https:\\\/\\\/www.mentaymora.com\\\/index.php\\\/producto\\\/pomada-irritacion-panal-cabra-ziaja-baby\\\/#primaryimage\"},\"thumbnailUrl\":\"https:\\\/\\\/www.mentaymora.com\\\/wp-content\\\/uploads\\\/2021\\\/05\\\/ZIAJA-Crema-Irritacion-Panal.jpg\",\"datePublished\":\"2021-05-16T19:33:47+00:00\",\"dateModified\":\"2025-11-16T18:47:11+00:00\",\"description\":\"Pomada Irritaci\u00f3n Pa\u00f1al CABRA - Ziaja Baby Pomada para reci\u00e9n nacidos y ni\u00f1os, que ayuda a aliviar la irritaci\u00f3n causada por el roce del\",\"breadcrumb\":{\"@id\":\"https:\\\/\\\/www.mentaymora.com\\\/index.php\\\/producto\\\/pomada-irritacion-panal-cabra-ziaja-baby\\\/#breadcrumb\"},\"inLanguage\":\"es\",\"potentialAction\":[{\"@type\":\"ReadAction\",\"target\":[\"https:\\\/\\\/www.mentaymora.com\\\/index.php\\\/producto\\\/pomada-irritacion-panal-cabra-ziaja-baby\\\/\"]}]},{\"@type\":\"ImageObject\",\"inLanguage\":\"es\",\"@id\":\"https:\\\/\\\/www.mentaymora.com\\\/index.php\\\/producto\\\/pomada-irritacion-panal-cabra-ziaja-baby\\\/#primaryimage\",\"url\":\"https:\\\/\\\/www.mentaymora.com\\\/wp-content\\\/uploads\\\/2021\\\/05\\\/ZIAJA-Crema-Irritacion-Panal.jpg\",\"contentUrl\":\"https:\\\/\\\/www.mentaymora.com\\\/wp-content\\\/uploads\\\/2021\\\/05\\\/ZIAJA-Crema-Irritacion-Panal.jpg\",\"width\":458,\"height\":458,\"caption\":\"ZIAJA Crema Irritacion Panal\"},{\"@type\":\"BreadcrumbList\",\"@id\":\"https:\\\/\\\/www.mentaymora.com\\\/index.php\\\/producto\\\/pomada-irritacion-panal-cabra-ziaja-baby\\\/#breadcrumb\",\"itemListElement\":[{\"@type\":\"ListItem\",\"position\":1,\"name\":\"Portada\",\"item\":\"https:\\\/\\\/www.mentaymora.com\\\/\"},{\"@type\":\"ListItem\",\"position\":2,\"name\":\"Productos\",\"item\":\"https:\\\/\\\/www.mentaymora.com\\\/index.php\\\/tienda\\\/\"},{\"@type\":\"ListItem\",\"position\":3,\"name\":\"Pomada Irritaci\u00f3n Pa\u00f1al CABRA &#8211; Ziaja Baby\"}]},{\"@type\":\"WebSite\",\"@id\":\"https:\\\/\\\/www.mentaymora.com\\\/#website\",\"url\":\"https:\\\/\\\/www.mentaymora.com\\\/\",\"name\":\"Menta y Mora\",\"description\":\"Regalos y Complementos\",\"publisher\":{\"@id\":\"https:\\\/\\\/www.mentaymora.com\\\/#organization\"},\"potentialAction\":[{\"@type\":\"SearchAction\",\"target\":{\"@type\":\"EntryPoint\",\"urlTemplate\":\"https:\\\/\\\/www.mentaymora.com\\\/?s={search_term_string}\"},\"query-input\":{\"@type\":\"PropertyValueSpecification\",\"valueRequired\":true,\"valueName\":\"search_term_string\"}}],\"inLanguage\":\"es\"},{\"@type\":\"Organization\",\"@id\":\"https:\\\/\\\/www.mentaymora.com\\\/#organization\",\"name\":\"Menta y Mora\",\"url\":\"https:\\\/\\\/www.mentaymora.com\\\/\",\"logo\":{\"@type\":\"ImageObject\",\"inLanguage\":\"es\",\"@id\":\"https:\\\/\\\/www.mentaymora.com\\\/#\\\/schema\\\/logo\\\/image\\\/\",\"url\":\"https:\\\/\\\/www.mentaymora.com\\\/wp-content\\\/uploads\\\/2021\\\/07\\\/Logo.jpg\",\"contentUrl\":\"https:\\\/\\\/www.mentaymora.com\\\/wp-content\\\/uploads\\\/2021\\\/07\\\/Logo.jpg\",\"width\":1172,\"height\":1172,\"caption\":\"Menta y Mora\"},\"image\":{\"@id\":\"https:\\\/\\\/www.mentaymora.com\\\/#\\\/schema\\\/logo\\\/image\\\/\"},\"sameAs\":[\"https:\\\/\\\/es-es.facebook.com\\\/MentayMora\\\/\",\"https:\\\/\\\/www.instagram.com\\\/mentaymora.illescas\\\/?hl=es\",\"https:\\\/\\\/www.youtube.com\\\/channel\\\/UCuMMtdck_1XS-MyW6ZnBAlw\"]}]}<\/script>\n<!-- \/ Yoast SEO plugin. -->","yoast_head_json":{"title":"Pomada Irritaci\u00f3n Pa\u00f1al CABRA - Ziaja Baby - Menta y Mora","description":"Pomada Irritaci\u00f3n Pa\u00f1al CABRA - Ziaja Baby Pomada para reci\u00e9n nacidos y ni\u00f1os, que ayuda a aliviar la irritaci\u00f3n causada por el roce del","robots":{"index":"index","follow":"follow","max-snippet":"max-snippet:-1","max-image-preview":"max-image-preview:large","max-video-preview":"max-video-preview:-1"},"canonical":"https:\/\/www.mentaymora.com\/index.php\/producto\/pomada-irritacion-panal-cabra-ziaja-baby\/","og_locale":"es_ES","og_type":"article","og_title":"Pomada Irritaci\u00f3n Pa\u00f1al CABRA - Ziaja Baby - Menta y Mora","og_description":"Pomada Irritaci\u00f3n Pa\u00f1al CABRA - Ziaja Baby Pomada para reci\u00e9n nacidos y ni\u00f1os, que ayuda a aliviar la irritaci\u00f3n causada por el roce del","og_url":"https:\/\/www.mentaymora.com\/index.php\/producto\/pomada-irritacion-panal-cabra-ziaja-baby\/","og_site_name":"Menta y Mora","article_publisher":"https:\/\/es-es.facebook.com\/MentayMora\/","article_modified_time":"2025-11-16T18:47:11+00:00","og_image":[{"width":458,"height":458,"url":"https:\/\/www.mentaymora.com\/wp-content\/uploads\/2021\/05\/ZIAJA-Crema-Irritacion-Panal.jpg","type":"image\/jpeg"}],"twitter_card":"summary_large_image","twitter_misc":{"Tiempo de lectura":"1 minuto"},"schema":{"@context":"https:\/\/schema.org","@graph":[{"@type":"WebPage","@id":"https:\/\/www.mentaymora.com\/index.php\/producto\/pomada-irritacion-panal-cabra-ziaja-baby\/","url":"https:\/\/www.mentaymora.com\/index.php\/producto\/pomada-irritacion-panal-cabra-ziaja-baby\/","name":"Pomada Irritaci\u00f3n Pa\u00f1al CABRA - Ziaja Baby - Menta y Mora","isPartOf":{"@id":"https:\/\/www.mentaymora.com\/#website"},"primaryImageOfPage":{"@id":"https:\/\/www.mentaymora.com\/index.php\/producto\/pomada-irritacion-panal-cabra-ziaja-baby\/#primaryimage"},"image":{"@id":"https:\/\/www.mentaymora.com\/index.php\/producto\/pomada-irritacion-panal-cabra-ziaja-baby\/#primaryimage"},"thumbnailUrl":"https:\/\/www.mentaymora.com\/wp-content\/uploads\/2021\/05\/ZIAJA-Crema-Irritacion-Panal.jpg","datePublished":"2021-05-16T19:33:47+00:00","dateModified":"2025-11-16T18:47:11+00:00","description":"Pomada Irritaci\u00f3n Pa\u00f1al CABRA - Ziaja Baby Pomada para reci\u00e9n nacidos y ni\u00f1os, que ayuda a aliviar la irritaci\u00f3n causada por el roce del","breadcrumb":{"@id":"https:\/\/www.mentaymora.com\/index.php\/producto\/pomada-irritacion-panal-cabra-ziaja-baby\/#breadcrumb"},"inLanguage":"es","potentialAction":[{"@type":"ReadAction","target":["https:\/\/www.mentaymora.com\/index.php\/producto\/pomada-irritacion-panal-cabra-ziaja-baby\/"]}]},{"@type":"ImageObject","inLanguage":"es","@id":"https:\/\/www.mentaymora.com\/index.php\/producto\/pomada-irritacion-panal-cabra-ziaja-baby\/#primaryimage","url":"https:\/\/www.mentaymora.com\/wp-content\/uploads\/2021\/05\/ZIAJA-Crema-Irritacion-Panal.jpg","contentUrl":"https:\/\/www.mentaymora.com\/wp-content\/uploads\/2021\/05\/ZIAJA-Crema-Irritacion-Panal.jpg","width":458,"height":458,"caption":"ZIAJA Crema Irritacion Panal"},{"@type":"BreadcrumbList","@id":"https:\/\/www.mentaymora.com\/index.php\/producto\/pomada-irritacion-panal-cabra-ziaja-baby\/#breadcrumb","itemListElement":[{"@type":"ListItem","position":1,"name":"Portada","item":"https:\/\/www.mentaymora.com\/"},{"@type":"ListItem","position":2,"name":"Productos","item":"https:\/\/www.mentaymora.com\/index.php\/tienda\/"},{"@type":"ListItem","position":3,"name":"Pomada Irritaci\u00f3n Pa\u00f1al CABRA &#8211; Ziaja Baby"}]},{"@type":"WebSite","@id":"https:\/\/www.mentaymora.com\/#website","url":"https:\/\/www.mentaymora.com\/","name":"Menta y Mora","description":"Regalos y Complementos","publisher":{"@id":"https:\/\/www.mentaymora.com\/#organization"},"potentialAction":[{"@type":"SearchAction","target":{"@type":"EntryPoint","urlTemplate":"https:\/\/www.mentaymora.com\/?s={search_term_string}"},"query-input":{"@type":"PropertyValueSpecification","valueRequired":true,"valueName":"search_term_string"}}],"inLanguage":"es"},{"@type":"Organization","@id":"https:\/\/www.mentaymora.com\/#organization","name":"Menta y Mora","url":"https:\/\/www.mentaymora.com\/","logo":{"@type":"ImageObject","inLanguage":"es","@id":"https:\/\/www.mentaymora.com\/#\/schema\/logo\/image\/","url":"https:\/\/www.mentaymora.com\/wp-content\/uploads\/2021\/07\/Logo.jpg","contentUrl":"https:\/\/www.mentaymora.com\/wp-content\/uploads\/2021\/07\/Logo.jpg","width":1172,"height":1172,"caption":"Menta y Mora"},"image":{"@id":"https:\/\/www.mentaymora.com\/#\/schema\/logo\/image\/"},"sameAs":["https:\/\/es-es.facebook.com\/MentayMora\/","https:\/\/www.instagram.com\/mentaymora.illescas\/?hl=es","https:\/\/www.youtube.com\/channel\/UCuMMtdck_1XS-MyW6ZnBAlw"]}]}},"_links":{"self":[{"href":"https:\/\/www.mentaymora.com\/index.php\/wp-json\/wp\/v2\/product\/2665","targetHints":{"allow":["GET"]}}],"collection":[{"href":"https:\/\/www.mentaymora.com\/index.php\/wp-json\/wp\/v2\/product"}],"about":[{"href":"https:\/\/www.mentaymora.com\/index.php\/wp-json\/wp\/v2\/types\/product"}],"replies":[{"embeddable":true,"href":"https:\/\/www.mentaymora.com\/index.php\/wp-json\/wp\/v2\/comments?post=2665"}],"wp:featuredmedia":[{"embeddable":true,"href":"https:\/\/www.mentaymora.com\/index.php\/wp-json\/wp\/v2\/media\/3603"}],"wp:attachment":[{"href":"https:\/\/www.mentaymora.com\/index.php\/wp-json\/wp\/v2\/media?parent=2665"}],"wp:term":[{"taxonomy":"product_brand","embeddable":true,"href":"https:\/\/www.mentaymora.com\/index.php\/wp-json\/wp\/v2\/product_brand?post=2665"},{"taxonomy":"product_cat","embeddable":true,"href":"https:\/\/www.mentaymora.com\/index.php\/wp-json\/wp\/v2\/product_cat?post=2665"},{"taxonomy":"product_tag","embeddable":true,"href":"https:\/\/www.mentaymora.com\/index.php\/wp-json\/wp\/v2\/product_tag?post=2665"}],"curies":[{"name":"wp","href":"https:\/\/api.w.org\/{rel}","templated":true}]}}