{"id":305,"date":"2021-04-03T20:15:16","date_gmt":"2021-04-03T19:15:16","guid":{"rendered":"https:\/\/www.mentaymora.com\/index.php\/producto\/brumizador-essencials-600-ml\/"},"modified":"2025-03-26T09:56:06","modified_gmt":"2025-03-26T08:56:06","slug":"brumizador-essencials-600-ml","status":"publish","type":"product","link":"https:\/\/www.mentaymora.com\/index.php\/producto\/brumizador-essencials-600-ml\/","title":{"rendered":"Brumizador Essencials 600 ml."},"content":{"rendered":"<p>Brumizador Essencials 600 ml<\/p>\n<h3>Brumizador Boles d&#8217;olor Essencials (bola grande color piedra).<\/h3>\n<p>Los Brumizadores son aparatos el\u00e9ctricos que funcionan con una peque\u00f1a cantidad de agua, preferiblemente embotellada, a la que se le a\u00f1aden unas gotas de Bruma de Ambiente de Boles d&#8217;olor.<\/p>\n<p>Al poner en funcionamiento el aparato sentiremos inmediatamente una generosa bocanada de perfume que llegar\u00e1 hasta el punto m\u00e1s alejado de nuestro hogar.<\/p>\n<p>A continuaci\u00f3n te detallamos las caracter\u00edsticas del aparato as\u00ed como sus instrucciones de uso:<\/p>\n<ul>\n<li><strong>Caracter\u00edsticas del aparato:<\/strong>\n<ul>\n<li>Difusi\u00f3n inmediata de Brumas de Ambiente o Aceites Esenciales.<\/li>\n<li>M\u00ednimo tama\u00f1o de part\u00edcula, para que cubra un mayor espacio.<\/li>\n<li>Sonido y luz relajantes.<\/li>\n<li>Capacidad: 600 ml.<\/li>\n<li>Duraci\u00f3n: Hasta 18 horas de funcionamiento.<\/li>\n<li>Funci\u00f3n humidificador y purificador de aire.<\/li>\n<\/ul>\n<\/li>\n<li><strong>Instrucciones de Uso:<\/strong>\n<ul>\n<li>Llenar de agua el dep\u00f3sito de agua (preferiblemente embotellada) hasta la l\u00ednea de m\u00e1ximo. IMPORTANTE: no rebasar la marca de M\u00e1ximo.<\/li>\n<li>A\u00f1adir entre 2 y 4 ml. de Aceites Esenciales o entre 6 y 8 ml, de Brumas de Ambiente de Boles d&#8217;olor.<\/li>\n<li>Colocar la tapa sobre el dep\u00f3sito asegurando que se encuentre perfectamente asentada.<\/li>\n<li>Poner en marcha presionando el bot\u00f3n de encendido\/apagado que se encuentra en la parte superior de la tapa.<\/li>\n<li>No usar m\u00e1s de 8 horas continuas, tras las cuales se recomienda dejar reposar al menos 1 hora.<\/li>\n<li>Si el nivel de agua ha llegado al m\u00ednimo, presionar el bot\u00f3n de apagado.<\/li>\n<\/ul>\n<\/li>\n<li><strong>Instrucciones de Limpieza:<\/strong>\n<ul>\n<li>La parta superior se limpia desenchufada y previamente boca abajo antes de dar la vuelta. Seque con un papel.<\/li>\n<li>La parte inferior usar aguja fr\u00eda jabonosa y una esponja.<\/li>\n<li>De vez en cuando, dejar funcionar con agua y vinagre de limpieza o unas gotas de lim\u00f3n, para evitar acumulaciones de cal.<\/li>\n<\/ul>\n<\/li>\n<\/ul>\n<p>Brumizador Essencials 600 ml<\/p>\n<p>Recuerda recomendar a\u00a0<a href=\"https:\/\/www.mentaymora.com\/\">Menta y Mora<\/a>\u00a0para ambientar tu hogar.<\/p>\n<p>S\u00edguenos en nuestras RRSS (<a href=\"https:\/\/es-es.facebook.com\/MentayMora\/\">Facebook<\/a>\u00a0e\u00a0<a href=\"https:\/\/www.instagram.com\/mentaymora.illescas\/?hl=es\">Instagram<\/a>)<\/p>\n<p>Si tienes alguna consulta,\u00a0<a href=\"mailto:%20info@mentaymora.com\">preg\u00fantanos<\/a>.<\/p>\n","protected":false},"excerpt":{"rendered":"<p>&nbsp;<\/p>\n<p>Capacidad: 600 ml.<\/p>\n<p>Acabado de la tapa superior: color piedra.<\/p>\n<p>Modo de conexi\u00f3n: 220V<\/p>\n<p>Se puede usar con: Brumas Ambients, Brumas Black Edition, Brumas Essencials o Aceites Esenciales.<\/p>\n<p>&nbsp;<\/p>\n","protected":false},"featured_media":317,"comment_status":"open","ping_status":"closed","template":"","meta":{"_acf_changed":false,"_joinchat":[]},"product_brand":[],"product_cat":[80,74,1065],"product_tag":[53,62,63],"class_list":{"0":"post-305","1":"product","2":"type-product","3":"status-publish","4":"has-post-thumbnail","6":"product_cat-boles-dolor","7":"product_cat-brumizadores","8":"product_cat-difusores-y-quemadores","9":"product_tag-ambientador","10":"product_tag-brumizador","11":"product_tag-essencials","12":"latest_post","14":"first","15":"instock","16":"taxable","17":"shipping-taxable","18":"purchasable","19":"product-type-simple"},"acf":[],"yoast_head":"<!-- This site is optimized with the Yoast SEO plugin v27.4 - https:\/\/yoast.com\/product\/yoast-seo-wordpress\/ -->\n<title>Brumizador Essencials 600 ml. - Menta y Mora - Tienda Online<\/title>\n<meta name=\"description\" content=\"Brumizador Essencials 600 ml. Brumizador Boles d&#039;olor Essencials (bola grande color piedra). Los Brumizadores son aparatos el\u00e9ctricos que\" \/>\n<meta name=\"robots\" content=\"index, follow, max-snippet:-1, max-image-preview:large, max-video-preview:-1\" \/>\n<link rel=\"canonical\" href=\"https:\/\/www.mentaymora.com\/index.php\/producto\/brumizador-essencials-600-ml\/\" \/>\n<meta property=\"og:locale\" content=\"es_ES\" \/>\n<meta property=\"og:type\" content=\"article\" \/>\n<meta property=\"og:title\" content=\"Brumizador Essencials 600 ml. - Menta y Mora - Tienda Online\" \/>\n<meta property=\"og:description\" content=\"Brumizador Essencials 600 ml. Brumizador Boles d&#039;olor Essencials (bola grande color piedra). Los Brumizadores son aparatos el\u00e9ctricos que\" \/>\n<meta property=\"og:url\" content=\"https:\/\/www.mentaymora.com\/index.php\/producto\/brumizador-essencials-600-ml\/\" \/>\n<meta property=\"og:site_name\" content=\"Menta y Mora\" \/>\n<meta property=\"article:publisher\" content=\"https:\/\/es-es.facebook.com\/MentayMora\/\" \/>\n<meta property=\"article:modified_time\" content=\"2025-03-26T08:56:06+00:00\" \/>\n<meta property=\"og:image\" content=\"https:\/\/www.mentaymora.com\/wp-content\/uploads\/2021\/04\/Brumizador-Essencials-600-ml-0600143-scaled.jpg\" \/>\n\t<meta property=\"og:image:width\" content=\"2560\" \/>\n\t<meta property=\"og:image:height\" content=\"2560\" \/>\n\t<meta property=\"og:image:type\" content=\"image\/jpeg\" \/>\n<meta name=\"twitter:card\" content=\"summary_large_image\" \/>\n<meta name=\"twitter:label1\" content=\"Tiempo de lectura\" \/>\n\t<meta name=\"twitter:data1\" content=\"2 minutos\" \/>\n<script type=\"application\/ld+json\" class=\"yoast-schema-graph\">{\"@context\":\"https:\\\/\\\/schema.org\",\"@graph\":[{\"@type\":\"WebPage\",\"@id\":\"https:\\\/\\\/www.mentaymora.com\\\/index.php\\\/producto\\\/brumizador-essencials-600-ml\\\/\",\"url\":\"https:\\\/\\\/www.mentaymora.com\\\/index.php\\\/producto\\\/brumizador-essencials-600-ml\\\/\",\"name\":\"Brumizador Essencials 600 ml. - Menta y Mora - Tienda Online\",\"isPartOf\":{\"@id\":\"https:\\\/\\\/www.mentaymora.com\\\/#website\"},\"primaryImageOfPage\":{\"@id\":\"https:\\\/\\\/www.mentaymora.com\\\/index.php\\\/producto\\\/brumizador-essencials-600-ml\\\/#primaryimage\"},\"image\":{\"@id\":\"https:\\\/\\\/www.mentaymora.com\\\/index.php\\\/producto\\\/brumizador-essencials-600-ml\\\/#primaryimage\"},\"thumbnailUrl\":\"https:\\\/\\\/www.mentaymora.com\\\/wp-content\\\/uploads\\\/2021\\\/04\\\/Brumizador-Essencials-600-ml-0600143-scaled.jpg\",\"datePublished\":\"2021-04-03T19:15:16+00:00\",\"dateModified\":\"2025-03-26T08:56:06+00:00\",\"description\":\"Brumizador Essencials 600 ml. Brumizador Boles d'olor Essencials (bola grande color piedra). Los Brumizadores son aparatos el\u00e9ctricos que\",\"breadcrumb\":{\"@id\":\"https:\\\/\\\/www.mentaymora.com\\\/index.php\\\/producto\\\/brumizador-essencials-600-ml\\\/#breadcrumb\"},\"inLanguage\":\"es\",\"potentialAction\":[{\"@type\":\"ReadAction\",\"target\":[\"https:\\\/\\\/www.mentaymora.com\\\/index.php\\\/producto\\\/brumizador-essencials-600-ml\\\/\"]}]},{\"@type\":\"ImageObject\",\"inLanguage\":\"es\",\"@id\":\"https:\\\/\\\/www.mentaymora.com\\\/index.php\\\/producto\\\/brumizador-essencials-600-ml\\\/#primaryimage\",\"url\":\"https:\\\/\\\/www.mentaymora.com\\\/wp-content\\\/uploads\\\/2021\\\/04\\\/Brumizador-Essencials-600-ml-0600143-scaled.jpg\",\"contentUrl\":\"https:\\\/\\\/www.mentaymora.com\\\/wp-content\\\/uploads\\\/2021\\\/04\\\/Brumizador-Essencials-600-ml-0600143-scaled.jpg\",\"width\":2560,\"height\":2560,\"caption\":\"Brumizador Essencials 600 ml 0600143\"},{\"@type\":\"BreadcrumbList\",\"@id\":\"https:\\\/\\\/www.mentaymora.com\\\/index.php\\\/producto\\\/brumizador-essencials-600-ml\\\/#breadcrumb\",\"itemListElement\":[{\"@type\":\"ListItem\",\"position\":1,\"name\":\"Portada\",\"item\":\"https:\\\/\\\/www.mentaymora.com\\\/\"},{\"@type\":\"ListItem\",\"position\":2,\"name\":\"Productos\",\"item\":\"https:\\\/\\\/www.mentaymora.com\\\/index.php\\\/tienda\\\/\"},{\"@type\":\"ListItem\",\"position\":3,\"name\":\"Brumizador Essencials 600 ml.\"}]},{\"@type\":\"WebSite\",\"@id\":\"https:\\\/\\\/www.mentaymora.com\\\/#website\",\"url\":\"https:\\\/\\\/www.mentaymora.com\\\/\",\"name\":\"Menta y Mora\",\"description\":\"Regalos y Complementos\",\"publisher\":{\"@id\":\"https:\\\/\\\/www.mentaymora.com\\\/#organization\"},\"potentialAction\":[{\"@type\":\"SearchAction\",\"target\":{\"@type\":\"EntryPoint\",\"urlTemplate\":\"https:\\\/\\\/www.mentaymora.com\\\/?s={search_term_string}\"},\"query-input\":{\"@type\":\"PropertyValueSpecification\",\"valueRequired\":true,\"valueName\":\"search_term_string\"}}],\"inLanguage\":\"es\"},{\"@type\":\"Organization\",\"@id\":\"https:\\\/\\\/www.mentaymora.com\\\/#organization\",\"name\":\"Menta y Mora\",\"url\":\"https:\\\/\\\/www.mentaymora.com\\\/\",\"logo\":{\"@type\":\"ImageObject\",\"inLanguage\":\"es\",\"@id\":\"https:\\\/\\\/www.mentaymora.com\\\/#\\\/schema\\\/logo\\\/image\\\/\",\"url\":\"https:\\\/\\\/www.mentaymora.com\\\/wp-content\\\/uploads\\\/2021\\\/07\\\/Logo.jpg\",\"contentUrl\":\"https:\\\/\\\/www.mentaymora.com\\\/wp-content\\\/uploads\\\/2021\\\/07\\\/Logo.jpg\",\"width\":1172,\"height\":1172,\"caption\":\"Menta y Mora\"},\"image\":{\"@id\":\"https:\\\/\\\/www.mentaymora.com\\\/#\\\/schema\\\/logo\\\/image\\\/\"},\"sameAs\":[\"https:\\\/\\\/es-es.facebook.com\\\/MentayMora\\\/\",\"https:\\\/\\\/www.instagram.com\\\/mentaymora.illescas\\\/?hl=es\",\"https:\\\/\\\/www.youtube.com\\\/channel\\\/UCuMMtdck_1XS-MyW6ZnBAlw\"]}]}<\/script>\n<!-- \/ Yoast SEO plugin. -->","yoast_head_json":{"title":"Brumizador Essencials 600 ml. - Menta y Mora - Tienda Online","description":"Brumizador Essencials 600 ml. Brumizador Boles d'olor Essencials (bola grande color piedra). Los Brumizadores son aparatos el\u00e9ctricos que","robots":{"index":"index","follow":"follow","max-snippet":"max-snippet:-1","max-image-preview":"max-image-preview:large","max-video-preview":"max-video-preview:-1"},"canonical":"https:\/\/www.mentaymora.com\/index.php\/producto\/brumizador-essencials-600-ml\/","og_locale":"es_ES","og_type":"article","og_title":"Brumizador Essencials 600 ml. - Menta y Mora - Tienda Online","og_description":"Brumizador Essencials 600 ml. Brumizador Boles d'olor Essencials (bola grande color piedra). Los Brumizadores son aparatos el\u00e9ctricos que","og_url":"https:\/\/www.mentaymora.com\/index.php\/producto\/brumizador-essencials-600-ml\/","og_site_name":"Menta y Mora","article_publisher":"https:\/\/es-es.facebook.com\/MentayMora\/","article_modified_time":"2025-03-26T08:56:06+00:00","og_image":[{"width":2560,"height":2560,"url":"https:\/\/www.mentaymora.com\/wp-content\/uploads\/2021\/04\/Brumizador-Essencials-600-ml-0600143-scaled.jpg","type":"image\/jpeg"}],"twitter_card":"summary_large_image","twitter_misc":{"Tiempo de lectura":"2 minutos"},"schema":{"@context":"https:\/\/schema.org","@graph":[{"@type":"WebPage","@id":"https:\/\/www.mentaymora.com\/index.php\/producto\/brumizador-essencials-600-ml\/","url":"https:\/\/www.mentaymora.com\/index.php\/producto\/brumizador-essencials-600-ml\/","name":"Brumizador Essencials 600 ml. - Menta y Mora - Tienda Online","isPartOf":{"@id":"https:\/\/www.mentaymora.com\/#website"},"primaryImageOfPage":{"@id":"https:\/\/www.mentaymora.com\/index.php\/producto\/brumizador-essencials-600-ml\/#primaryimage"},"image":{"@id":"https:\/\/www.mentaymora.com\/index.php\/producto\/brumizador-essencials-600-ml\/#primaryimage"},"thumbnailUrl":"https:\/\/www.mentaymora.com\/wp-content\/uploads\/2021\/04\/Brumizador-Essencials-600-ml-0600143-scaled.jpg","datePublished":"2021-04-03T19:15:16+00:00","dateModified":"2025-03-26T08:56:06+00:00","description":"Brumizador Essencials 600 ml. Brumizador Boles d'olor Essencials (bola grande color piedra). Los Brumizadores son aparatos el\u00e9ctricos que","breadcrumb":{"@id":"https:\/\/www.mentaymora.com\/index.php\/producto\/brumizador-essencials-600-ml\/#breadcrumb"},"inLanguage":"es","potentialAction":[{"@type":"ReadAction","target":["https:\/\/www.mentaymora.com\/index.php\/producto\/brumizador-essencials-600-ml\/"]}]},{"@type":"ImageObject","inLanguage":"es","@id":"https:\/\/www.mentaymora.com\/index.php\/producto\/brumizador-essencials-600-ml\/#primaryimage","url":"https:\/\/www.mentaymora.com\/wp-content\/uploads\/2021\/04\/Brumizador-Essencials-600-ml-0600143-scaled.jpg","contentUrl":"https:\/\/www.mentaymora.com\/wp-content\/uploads\/2021\/04\/Brumizador-Essencials-600-ml-0600143-scaled.jpg","width":2560,"height":2560,"caption":"Brumizador Essencials 600 ml 0600143"},{"@type":"BreadcrumbList","@id":"https:\/\/www.mentaymora.com\/index.php\/producto\/brumizador-essencials-600-ml\/#breadcrumb","itemListElement":[{"@type":"ListItem","position":1,"name":"Portada","item":"https:\/\/www.mentaymora.com\/"},{"@type":"ListItem","position":2,"name":"Productos","item":"https:\/\/www.mentaymora.com\/index.php\/tienda\/"},{"@type":"ListItem","position":3,"name":"Brumizador Essencials 600 ml."}]},{"@type":"WebSite","@id":"https:\/\/www.mentaymora.com\/#website","url":"https:\/\/www.mentaymora.com\/","name":"Menta y Mora","description":"Regalos y Complementos","publisher":{"@id":"https:\/\/www.mentaymora.com\/#organization"},"potentialAction":[{"@type":"SearchAction","target":{"@type":"EntryPoint","urlTemplate":"https:\/\/www.mentaymora.com\/?s={search_term_string}"},"query-input":{"@type":"PropertyValueSpecification","valueRequired":true,"valueName":"search_term_string"}}],"inLanguage":"es"},{"@type":"Organization","@id":"https:\/\/www.mentaymora.com\/#organization","name":"Menta y Mora","url":"https:\/\/www.mentaymora.com\/","logo":{"@type":"ImageObject","inLanguage":"es","@id":"https:\/\/www.mentaymora.com\/#\/schema\/logo\/image\/","url":"https:\/\/www.mentaymora.com\/wp-content\/uploads\/2021\/07\/Logo.jpg","contentUrl":"https:\/\/www.mentaymora.com\/wp-content\/uploads\/2021\/07\/Logo.jpg","width":1172,"height":1172,"caption":"Menta y Mora"},"image":{"@id":"https:\/\/www.mentaymora.com\/#\/schema\/logo\/image\/"},"sameAs":["https:\/\/es-es.facebook.com\/MentayMora\/","https:\/\/www.instagram.com\/mentaymora.illescas\/?hl=es","https:\/\/www.youtube.com\/channel\/UCuMMtdck_1XS-MyW6ZnBAlw"]}]}},"_links":{"self":[{"href":"https:\/\/www.mentaymora.com\/index.php\/wp-json\/wp\/v2\/product\/305","targetHints":{"allow":["GET"]}}],"collection":[{"href":"https:\/\/www.mentaymora.com\/index.php\/wp-json\/wp\/v2\/product"}],"about":[{"href":"https:\/\/www.mentaymora.com\/index.php\/wp-json\/wp\/v2\/types\/product"}],"replies":[{"embeddable":true,"href":"https:\/\/www.mentaymora.com\/index.php\/wp-json\/wp\/v2\/comments?post=305"}],"wp:featuredmedia":[{"embeddable":true,"href":"https:\/\/www.mentaymora.com\/index.php\/wp-json\/wp\/v2\/media\/317"}],"wp:attachment":[{"href":"https:\/\/www.mentaymora.com\/index.php\/wp-json\/wp\/v2\/media?parent=305"}],"wp:term":[{"taxonomy":"product_brand","embeddable":true,"href":"https:\/\/www.mentaymora.com\/index.php\/wp-json\/wp\/v2\/product_brand?post=305"},{"taxonomy":"product_cat","embeddable":true,"href":"https:\/\/www.mentaymora.com\/index.php\/wp-json\/wp\/v2\/product_cat?post=305"},{"taxonomy":"product_tag","embeddable":true,"href":"https:\/\/www.mentaymora.com\/index.php\/wp-json\/wp\/v2\/product_tag?post=305"}],"curies":[{"name":"wp","href":"https:\/\/api.w.org\/{rel}","templated":true}]}}