{"id":7236,"date":"2022-02-01T15:52:58","date_gmt":"2022-02-01T14:52:58","guid":{"rendered":"https:\/\/www.mentaymora.com\/?post_type=product&#038;p=7236"},"modified":"2023-12-05T11:10:53","modified_gmt":"2023-12-05T09:10:53","slug":"stella-brumizador-ultrasonico","status":"publish","type":"product","link":"https:\/\/www.mentaymora.com\/index.php\/producto\/stella-brumizador-ultrasonico\/","title":{"rendered":"Stella &#8211; Brumizador Ultras\u00f3nico"},"content":{"rendered":"<p>Stella &#8211; Brumizador Ultras\u00f3nico<\/p>\n<p>Difusor ultras\u00f3nico de cer\u00e1mica Stella est\u00e1 inspirado en la constelaci\u00f3n.<\/p>\n<p>Su vestido de cer\u00e1mica deja escapar una luz m\u00e1gica y una neblina perfumada que te transportar\u00e1 a la galaxia de la aromaterapia.<\/p>\n<p>Su uso es sumamente sencillo, el acceso al dep\u00f3sito se realiza levantando la parte superior y los botones permiten definir la difusi\u00f3n y el modo de iluminaci\u00f3n:<\/p>\n<p>&#8211; Difusi\u00f3n continua o alterna.\u00a0 Pulsar Bot\u00f3n (1 vez \u2013 FIJO \/ 2\u00aa vez\/alterno\/ 3\u00aa vez APAGADO)<\/p>\n<p>&#8211; Difusi\u00f3n con iluminaci\u00f3n que cambia de color o fija en un solo color.<\/p>\n<p>Su sistema asegura la difusi\u00f3n en fr\u00edo de los aceites esenciales para conservar todas sus virtudes.<\/p>\n<p>Tiene un apagado autom\u00e1tico cuando el tanque est\u00e1 vac\u00edo.<\/p>\n<ul>\n<li><strong>Puntos fuertes:<\/strong><\/li>\n<\/ul>\n<p><strong>&#8211; Capacidad 120 ml.<\/strong><\/p>\n<p><strong>&#8211; 4 HORAS DE DIFUSI\u00d3N.<\/strong><\/p>\n<p><strong>&#8211; Difusi\u00f3n hasta 40 m\u00b2<\/strong><\/p>\n<p>&#8211; Carcasa de cer\u00e1mica.<\/p>\n<p>&#8211; Difusi\u00f3n continua o alterna.\u00a0 Pulsar Bot\u00f3n (1 vez \u2013 FIJO \/ 2\u00aa vez &#8211; ALTERNA\/ 3\u00aa vez APAGADO)<\/p>\n<ul>\n<li><strong><u>Caracter\u00edsticas t\u00e9cnicas<\/u><\/strong><\/li>\n<\/ul>\n<p>Di\u00e1metro: 11,5 x 11,5 x 16 cm<\/p>\n<p>Material: cer\u00e1mica y pp.<\/p>\n<p>Contenido: un difusor, un transformador.<\/p>\n<p>Stella &#8211; Brumizador Ultras\u00f3nico<\/p>\n<p>Recuerda visitar <a href=\"https:\/\/www.mentaymora.com\/\">Menta y Mora<\/a>\u00a0para ambientar tu hogar.<\/p>\n<p>S\u00edguenos en nuestras RRSS (<a href=\"https:\/\/es-es.facebook.com\/MentayMora\/\">Facebook<\/a>\u00a0e\u00a0<a href=\"https:\/\/www.instagram.com\/mentaymora.illescas\/?hl=es\">Instagram<\/a>)<\/p>\n<p>Si tienes alguna consulta,\u00a0<a href=\"mailto:%20info@mentaymora.com\">preg\u00fantanos<\/a>.<\/p>\n","protected":false},"excerpt":{"rendered":"<p>Difusor ultras\u00f3nico de cer\u00e1mica Stella est\u00e1 inspirado en la constelaci\u00f3n.<\/p>\n<p><strong>&#8211; Capacidad 120 ml.<\/strong><\/p>\n<p><strong>&#8211; 4 HORAS DE DIFUSI\u00d3N.<\/strong><\/p>\n<p><strong>&#8211; Difusi\u00f3n hasta 40 m\u00b2<\/strong><\/p>\n<p>&#8211; Carcasa de cer\u00e1mica.<\/p>\n<p>&#8211; Difusi\u00f3n continua o alterna.\u00a0 Pulsar Bot\u00f3n (1 vez \u2013 FIJO \/ 2\u00aa vez &#8211; ALTERNA\/ 3\u00aa vez APAGADO)<\/p>\n","protected":false},"featured_media":7240,"comment_status":"open","ping_status":"closed","template":"","meta":{"_acf_changed":false,"_joinchat":[]},"product_brand":[],"product_cat":[1065],"product_tag":[325,1066],"class_list":{"0":"post-7236","1":"product","2":"type-product","3":"status-publish","4":"has-post-thumbnail","6":"product_cat-difusores-y-quemadores","7":"product_tag-brumizadores","8":"product_tag-difusores","9":"latest_post","11":"first","12":"instock","13":"taxable","14":"shipping-taxable","15":"purchasable","16":"product-type-simple"},"acf":[],"yoast_head":"<!-- This site is optimized with the Yoast SEO plugin v27.4 - https:\/\/yoast.com\/product\/yoast-seo-wordpress\/ -->\n<title>Stella - Brumizador Ultras\u00f3nico - Menta y Mora<\/title>\n<meta name=\"description\" content=\"Stella - Brumizador Ultras\u00f3nico Difusor ultras\u00f3nico de cer\u00e1mica Stella est\u00e1 inspirado en la constelaci\u00f3n. Su vestido de cer\u00e1mica deja escapar\" \/>\n<meta name=\"robots\" content=\"index, follow, max-snippet:-1, max-image-preview:large, max-video-preview:-1\" \/>\n<link rel=\"canonical\" href=\"https:\/\/www.mentaymora.com\/index.php\/producto\/stella-brumizador-ultrasonico\/\" \/>\n<meta property=\"og:locale\" content=\"es_ES\" \/>\n<meta property=\"og:type\" content=\"article\" \/>\n<meta property=\"og:title\" content=\"Stella - Brumizador Ultras\u00f3nico - Menta y Mora\" \/>\n<meta property=\"og:description\" content=\"Stella - Brumizador Ultras\u00f3nico Difusor ultras\u00f3nico de cer\u00e1mica Stella est\u00e1 inspirado en la constelaci\u00f3n. Su vestido de cer\u00e1mica deja escapar\" \/>\n<meta property=\"og:url\" content=\"https:\/\/www.mentaymora.com\/index.php\/producto\/stella-brumizador-ultrasonico\/\" \/>\n<meta property=\"og:site_name\" content=\"Menta y Mora\" \/>\n<meta property=\"article:publisher\" content=\"https:\/\/es-es.facebook.com\/MentayMora\/\" \/>\n<meta property=\"article:modified_time\" content=\"2023-12-05T09:10:53+00:00\" \/>\n<meta property=\"og:image\" content=\"https:\/\/www.mentaymora.com\/wp-content\/uploads\/2022\/02\/diffuseur-ultrasonique-stella-5.jpg\" \/>\n\t<meta property=\"og:image:width\" content=\"470\" \/>\n\t<meta property=\"og:image:height\" content=\"470\" \/>\n\t<meta property=\"og:image:type\" content=\"image\/jpeg\" \/>\n<meta name=\"twitter:card\" content=\"summary_large_image\" \/>\n<meta name=\"twitter:label1\" content=\"Tiempo de lectura\" \/>\n\t<meta name=\"twitter:data1\" content=\"1 minuto\" \/>\n<script type=\"application\/ld+json\" class=\"yoast-schema-graph\">{\"@context\":\"https:\\\/\\\/schema.org\",\"@graph\":[{\"@type\":\"WebPage\",\"@id\":\"https:\\\/\\\/www.mentaymora.com\\\/index.php\\\/producto\\\/stella-brumizador-ultrasonico\\\/\",\"url\":\"https:\\\/\\\/www.mentaymora.com\\\/index.php\\\/producto\\\/stella-brumizador-ultrasonico\\\/\",\"name\":\"Stella - Brumizador Ultras\u00f3nico - Menta y Mora\",\"isPartOf\":{\"@id\":\"https:\\\/\\\/www.mentaymora.com\\\/#website\"},\"primaryImageOfPage\":{\"@id\":\"https:\\\/\\\/www.mentaymora.com\\\/index.php\\\/producto\\\/stella-brumizador-ultrasonico\\\/#primaryimage\"},\"image\":{\"@id\":\"https:\\\/\\\/www.mentaymora.com\\\/index.php\\\/producto\\\/stella-brumizador-ultrasonico\\\/#primaryimage\"},\"thumbnailUrl\":\"https:\\\/\\\/www.mentaymora.com\\\/wp-content\\\/uploads\\\/2022\\\/02\\\/diffuseur-ultrasonique-stella-5.jpg\",\"datePublished\":\"2022-02-01T14:52:58+00:00\",\"dateModified\":\"2023-12-05T09:10:53+00:00\",\"description\":\"Stella - Brumizador Ultras\u00f3nico Difusor ultras\u00f3nico de cer\u00e1mica Stella est\u00e1 inspirado en la constelaci\u00f3n. Su vestido de cer\u00e1mica deja escapar\",\"breadcrumb\":{\"@id\":\"https:\\\/\\\/www.mentaymora.com\\\/index.php\\\/producto\\\/stella-brumizador-ultrasonico\\\/#breadcrumb\"},\"inLanguage\":\"es\",\"potentialAction\":[{\"@type\":\"ReadAction\",\"target\":[\"https:\\\/\\\/www.mentaymora.com\\\/index.php\\\/producto\\\/stella-brumizador-ultrasonico\\\/\"]}]},{\"@type\":\"ImageObject\",\"inLanguage\":\"es\",\"@id\":\"https:\\\/\\\/www.mentaymora.com\\\/index.php\\\/producto\\\/stella-brumizador-ultrasonico\\\/#primaryimage\",\"url\":\"https:\\\/\\\/www.mentaymora.com\\\/wp-content\\\/uploads\\\/2022\\\/02\\\/diffuseur-ultrasonique-stella-5.jpg\",\"contentUrl\":\"https:\\\/\\\/www.mentaymora.com\\\/wp-content\\\/uploads\\\/2022\\\/02\\\/diffuseur-ultrasonique-stella-5.jpg\",\"width\":470,\"height\":470,\"caption\":\"Stella - Brumizador Ultras\u00f3nico\"},{\"@type\":\"BreadcrumbList\",\"@id\":\"https:\\\/\\\/www.mentaymora.com\\\/index.php\\\/producto\\\/stella-brumizador-ultrasonico\\\/#breadcrumb\",\"itemListElement\":[{\"@type\":\"ListItem\",\"position\":1,\"name\":\"Portada\",\"item\":\"https:\\\/\\\/www.mentaymora.com\\\/\"},{\"@type\":\"ListItem\",\"position\":2,\"name\":\"Productos\",\"item\":\"https:\\\/\\\/www.mentaymora.com\\\/index.php\\\/tienda\\\/\"},{\"@type\":\"ListItem\",\"position\":3,\"name\":\"Stella &#8211; Brumizador Ultras\u00f3nico\"}]},{\"@type\":\"WebSite\",\"@id\":\"https:\\\/\\\/www.mentaymora.com\\\/#website\",\"url\":\"https:\\\/\\\/www.mentaymora.com\\\/\",\"name\":\"Menta y Mora\",\"description\":\"Regalos y Complementos\",\"publisher\":{\"@id\":\"https:\\\/\\\/www.mentaymora.com\\\/#organization\"},\"potentialAction\":[{\"@type\":\"SearchAction\",\"target\":{\"@type\":\"EntryPoint\",\"urlTemplate\":\"https:\\\/\\\/www.mentaymora.com\\\/?s={search_term_string}\"},\"query-input\":{\"@type\":\"PropertyValueSpecification\",\"valueRequired\":true,\"valueName\":\"search_term_string\"}}],\"inLanguage\":\"es\"},{\"@type\":\"Organization\",\"@id\":\"https:\\\/\\\/www.mentaymora.com\\\/#organization\",\"name\":\"Menta y Mora\",\"url\":\"https:\\\/\\\/www.mentaymora.com\\\/\",\"logo\":{\"@type\":\"ImageObject\",\"inLanguage\":\"es\",\"@id\":\"https:\\\/\\\/www.mentaymora.com\\\/#\\\/schema\\\/logo\\\/image\\\/\",\"url\":\"https:\\\/\\\/www.mentaymora.com\\\/wp-content\\\/uploads\\\/2021\\\/07\\\/Logo.jpg\",\"contentUrl\":\"https:\\\/\\\/www.mentaymora.com\\\/wp-content\\\/uploads\\\/2021\\\/07\\\/Logo.jpg\",\"width\":1172,\"height\":1172,\"caption\":\"Menta y Mora\"},\"image\":{\"@id\":\"https:\\\/\\\/www.mentaymora.com\\\/#\\\/schema\\\/logo\\\/image\\\/\"},\"sameAs\":[\"https:\\\/\\\/es-es.facebook.com\\\/MentayMora\\\/\",\"https:\\\/\\\/www.instagram.com\\\/mentaymora.illescas\\\/?hl=es\",\"https:\\\/\\\/www.youtube.com\\\/channel\\\/UCuMMtdck_1XS-MyW6ZnBAlw\"]}]}<\/script>\n<!-- \/ Yoast SEO plugin. -->","yoast_head_json":{"title":"Stella - Brumizador Ultras\u00f3nico - Menta y Mora","description":"Stella - Brumizador Ultras\u00f3nico Difusor ultras\u00f3nico de cer\u00e1mica Stella est\u00e1 inspirado en la constelaci\u00f3n. Su vestido de cer\u00e1mica deja escapar","robots":{"index":"index","follow":"follow","max-snippet":"max-snippet:-1","max-image-preview":"max-image-preview:large","max-video-preview":"max-video-preview:-1"},"canonical":"https:\/\/www.mentaymora.com\/index.php\/producto\/stella-brumizador-ultrasonico\/","og_locale":"es_ES","og_type":"article","og_title":"Stella - Brumizador Ultras\u00f3nico - Menta y Mora","og_description":"Stella - Brumizador Ultras\u00f3nico Difusor ultras\u00f3nico de cer\u00e1mica Stella est\u00e1 inspirado en la constelaci\u00f3n. Su vestido de cer\u00e1mica deja escapar","og_url":"https:\/\/www.mentaymora.com\/index.php\/producto\/stella-brumizador-ultrasonico\/","og_site_name":"Menta y Mora","article_publisher":"https:\/\/es-es.facebook.com\/MentayMora\/","article_modified_time":"2023-12-05T09:10:53+00:00","og_image":[{"width":470,"height":470,"url":"https:\/\/www.mentaymora.com\/wp-content\/uploads\/2022\/02\/diffuseur-ultrasonique-stella-5.jpg","type":"image\/jpeg"}],"twitter_card":"summary_large_image","twitter_misc":{"Tiempo de lectura":"1 minuto"},"schema":{"@context":"https:\/\/schema.org","@graph":[{"@type":"WebPage","@id":"https:\/\/www.mentaymora.com\/index.php\/producto\/stella-brumizador-ultrasonico\/","url":"https:\/\/www.mentaymora.com\/index.php\/producto\/stella-brumizador-ultrasonico\/","name":"Stella - Brumizador Ultras\u00f3nico - Menta y Mora","isPartOf":{"@id":"https:\/\/www.mentaymora.com\/#website"},"primaryImageOfPage":{"@id":"https:\/\/www.mentaymora.com\/index.php\/producto\/stella-brumizador-ultrasonico\/#primaryimage"},"image":{"@id":"https:\/\/www.mentaymora.com\/index.php\/producto\/stella-brumizador-ultrasonico\/#primaryimage"},"thumbnailUrl":"https:\/\/www.mentaymora.com\/wp-content\/uploads\/2022\/02\/diffuseur-ultrasonique-stella-5.jpg","datePublished":"2022-02-01T14:52:58+00:00","dateModified":"2023-12-05T09:10:53+00:00","description":"Stella - Brumizador Ultras\u00f3nico Difusor ultras\u00f3nico de cer\u00e1mica Stella est\u00e1 inspirado en la constelaci\u00f3n. Su vestido de cer\u00e1mica deja escapar","breadcrumb":{"@id":"https:\/\/www.mentaymora.com\/index.php\/producto\/stella-brumizador-ultrasonico\/#breadcrumb"},"inLanguage":"es","potentialAction":[{"@type":"ReadAction","target":["https:\/\/www.mentaymora.com\/index.php\/producto\/stella-brumizador-ultrasonico\/"]}]},{"@type":"ImageObject","inLanguage":"es","@id":"https:\/\/www.mentaymora.com\/index.php\/producto\/stella-brumizador-ultrasonico\/#primaryimage","url":"https:\/\/www.mentaymora.com\/wp-content\/uploads\/2022\/02\/diffuseur-ultrasonique-stella-5.jpg","contentUrl":"https:\/\/www.mentaymora.com\/wp-content\/uploads\/2022\/02\/diffuseur-ultrasonique-stella-5.jpg","width":470,"height":470,"caption":"Stella - Brumizador Ultras\u00f3nico"},{"@type":"BreadcrumbList","@id":"https:\/\/www.mentaymora.com\/index.php\/producto\/stella-brumizador-ultrasonico\/#breadcrumb","itemListElement":[{"@type":"ListItem","position":1,"name":"Portada","item":"https:\/\/www.mentaymora.com\/"},{"@type":"ListItem","position":2,"name":"Productos","item":"https:\/\/www.mentaymora.com\/index.php\/tienda\/"},{"@type":"ListItem","position":3,"name":"Stella &#8211; Brumizador Ultras\u00f3nico"}]},{"@type":"WebSite","@id":"https:\/\/www.mentaymora.com\/#website","url":"https:\/\/www.mentaymora.com\/","name":"Menta y Mora","description":"Regalos y Complementos","publisher":{"@id":"https:\/\/www.mentaymora.com\/#organization"},"potentialAction":[{"@type":"SearchAction","target":{"@type":"EntryPoint","urlTemplate":"https:\/\/www.mentaymora.com\/?s={search_term_string}"},"query-input":{"@type":"PropertyValueSpecification","valueRequired":true,"valueName":"search_term_string"}}],"inLanguage":"es"},{"@type":"Organization","@id":"https:\/\/www.mentaymora.com\/#organization","name":"Menta y Mora","url":"https:\/\/www.mentaymora.com\/","logo":{"@type":"ImageObject","inLanguage":"es","@id":"https:\/\/www.mentaymora.com\/#\/schema\/logo\/image\/","url":"https:\/\/www.mentaymora.com\/wp-content\/uploads\/2021\/07\/Logo.jpg","contentUrl":"https:\/\/www.mentaymora.com\/wp-content\/uploads\/2021\/07\/Logo.jpg","width":1172,"height":1172,"caption":"Menta y Mora"},"image":{"@id":"https:\/\/www.mentaymora.com\/#\/schema\/logo\/image\/"},"sameAs":["https:\/\/es-es.facebook.com\/MentayMora\/","https:\/\/www.instagram.com\/mentaymora.illescas\/?hl=es","https:\/\/www.youtube.com\/channel\/UCuMMtdck_1XS-MyW6ZnBAlw"]}]}},"_links":{"self":[{"href":"https:\/\/www.mentaymora.com\/index.php\/wp-json\/wp\/v2\/product\/7236","targetHints":{"allow":["GET"]}}],"collection":[{"href":"https:\/\/www.mentaymora.com\/index.php\/wp-json\/wp\/v2\/product"}],"about":[{"href":"https:\/\/www.mentaymora.com\/index.php\/wp-json\/wp\/v2\/types\/product"}],"replies":[{"embeddable":true,"href":"https:\/\/www.mentaymora.com\/index.php\/wp-json\/wp\/v2\/comments?post=7236"}],"wp:featuredmedia":[{"embeddable":true,"href":"https:\/\/www.mentaymora.com\/index.php\/wp-json\/wp\/v2\/media\/7240"}],"wp:attachment":[{"href":"https:\/\/www.mentaymora.com\/index.php\/wp-json\/wp\/v2\/media?parent=7236"}],"wp:term":[{"taxonomy":"product_brand","embeddable":true,"href":"https:\/\/www.mentaymora.com\/index.php\/wp-json\/wp\/v2\/product_brand?post=7236"},{"taxonomy":"product_cat","embeddable":true,"href":"https:\/\/www.mentaymora.com\/index.php\/wp-json\/wp\/v2\/product_cat?post=7236"},{"taxonomy":"product_tag","embeddable":true,"href":"https:\/\/www.mentaymora.com\/index.php\/wp-json\/wp\/v2\/product_tag?post=7236"}],"curies":[{"name":"wp","href":"https:\/\/api.w.org\/{rel}","templated":true}]}}