{"id":770,"date":"2021-04-18T07:20:18","date_gmt":"2021-04-18T06:20:18","guid":{"rendered":"https:\/\/www.mentaymora.com\/index.php\/producto\/flor-blanca-freshness\/"},"modified":"2025-01-12T08:26:50","modified_gmt":"2025-01-12T07:26:50","slug":"spray-freshness-flor-blanca-500ml","status":"publish","type":"product","link":"https:\/\/www.mentaymora.com\/index.php\/producto\/spray-freshness-flor-blanca-500ml\/","title":{"rendered":"Spray Freshness Flor Blanca 500ml"},"content":{"rendered":"<p>Spray Freshness Flor Blanca 500ml<\/p>\n<p>El Spray Freshness es la manera m\u00e1s r\u00e1pida de eliminar un mal olor, un sencillo gesto hace que acabes de manera inmediata con la existencia de ese desagradable olor.<\/p>\n<p>Esta magia se lleva a cabo gracias a una part\u00edcula en el compuesto llamada \u00abfixodor\u00bb, la cual se encarga de destruirlo y no enmascararlo.<\/p>\n<p><strong>Instrucciones de uso:<\/strong><\/p>\n<ul>\n<li>Antes de usar, quitar el seguro del pulverizador.<\/li>\n<li>Apuntar hacia la superficie deseada o al aire y accionar la palanca.<\/li>\n<li>Repetir la operaci\u00f3n cuando sea necesario.<\/li>\n<\/ul>\n<p><strong>Nuestro consejo:<\/strong> utilizar sobre tejidos s\u00f3lo si el l\u00edquido es incoloro.<\/p>\n<p><strong>Ideas de uso:<\/strong><\/p>\n<ul>\n<li>Sobre tejidos: cortinas, tapicer\u00edas de casa y coche, s\u00e1banas, almohadas, pijamas, sof\u00e1s, alfombras, zapatillas, etc.<\/li>\n<li>En ambientes sin ventilaci\u00f3n o con olores desagradables.<\/li>\n<li>En lugares con mascotas.<\/li>\n<li>Cocinas, ba\u00f1os o lugares donde se fume.<\/li>\n<\/ul>\n<p>Puesto que la funci\u00f3n principal es \u00abeliminar malos olores\u00bb hay que tener en cuenta que si quieres un ambiente perfumado, tendr\u00e1s que tener un apoyo que aporte aroma al ambiente, ya sea un mikado, un brumizador o un simple spray.<\/p>\n<p>Spray Freshness Flor Blanca 500ml<\/p>\n<p>Recuerda recomendar a\u00a0<a href=\"https:\/\/www.mentaymora.com\/\">Menta y Mora<\/a>\u00a0para ambientar tu hogar.<\/p>\n<p>S\u00edguenos en nuestras RRSS (<a href=\"https:\/\/es-es.facebook.com\/MentayMora\/\">Facebook<\/a>\u00a0e\u00a0<a href=\"https:\/\/www.instagram.com\/mentaymora.illescas\/?hl=es\">Instagram<\/a>)<\/p>\n<p>Si tienes alguna consulta,\u00a0<a href=\"mailto:%20info@mentaymora.com\">preg\u00fantanos<\/a>.<\/p>\n","protected":false},"excerpt":{"rendered":"<p><strong>ESPECIAL: AIRE LIMPIO, EN TODA LA CASA<\/strong><\/p>\n<p>Contenido: 500ml.<\/p>\n<p>R\u00e1pido eliminador de malos olores para usar en diferentes superficies.<\/p>\n<p>Lee abajo mas info.<\/p>\n<ul>\n<li class=\"fusion-responsive-typography-calculated\" data-fontsize=\"16.38\" data-lineheight=\"26.208px\">\n<h4>Floral<\/h4>\n<\/li>\n<\/ul>\n<p>Una fragancia fresca, floral y suave; persistente y personal. El recuerdo imborrable del perfume de una c\u00e1lida tarde en un campo de Naranjos en flor.<\/p>\n<p><strong>Notas de fragancia<\/strong><\/p>\n<ul>\n<li><strong>Salida:\u00a0<\/strong>Naranja, Bergamota, Cidra, Pomelo, Mandarina y hojas de Naranjo<\/li>\n<li><strong>Coraz\u00f3n:\u00a0<\/strong>Azahar, Jazm\u00edn y un toque de madera de Naranjo.<\/li>\n<li><strong>Fondo:\u00a0<\/strong>Madera de Naranjo, ra\u00edces de Vetiver, S\u00e1ndalo y Palisandro.<\/li>\n<\/ul>\n","protected":false},"featured_media":775,"comment_status":"open","ping_status":"closed","template":"","meta":{"_acf_changed":false,"_joinchat":[]},"product_brand":[],"product_cat":[80,109,110],"product_tag":[112,116,55],"class_list":{"0":"post-770","1":"product","2":"type-product","3":"status-publish","4":"has-post-thumbnail","6":"product_cat-boles-dolor","7":"product_cat-elimina-los-malos-olores","8":"product_cat-spray-freshness","9":"product_tag-aroma-floral","10":"product_tag-freshness","11":"product_tag-spray","12":"latest_post","14":"first","15":"instock","16":"taxable","17":"shipping-taxable","18":"purchasable","19":"product-type-simple"},"acf":[],"yoast_head":"<!-- This site is optimized with the Yoast SEO plugin v27.5 - https:\/\/yoast.com\/product\/yoast-seo-wordpress\/ -->\n<title>Spray Freshness Flor Blanca 500ml - Menta y Mora - Tienda Online<\/title>\n<meta name=\"description\" content=\"Spray Freshness Flor Blanca 500ml. El Spray Freshness es la manera m\u00e1s r\u00e1pida de eliminar un mal olor, un sencillo gesto hace que acabes de\" \/>\n<meta name=\"robots\" content=\"index, follow, max-snippet:-1, max-image-preview:large, max-video-preview:-1\" \/>\n<link rel=\"canonical\" href=\"https:\/\/www.mentaymora.com\/index.php\/producto\/spray-freshness-flor-blanca-500ml\/\" \/>\n<meta property=\"og:locale\" content=\"es_ES\" \/>\n<meta property=\"og:type\" content=\"article\" \/>\n<meta property=\"og:title\" content=\"Spray Freshness Flor Blanca 500ml - Menta y Mora - Tienda Online\" \/>\n<meta property=\"og:description\" content=\"Spray Freshness Flor Blanca 500ml. El Spray Freshness es la manera m\u00e1s r\u00e1pida de eliminar un mal olor, un sencillo gesto hace que acabes de\" \/>\n<meta property=\"og:url\" content=\"https:\/\/www.mentaymora.com\/index.php\/producto\/spray-freshness-flor-blanca-500ml\/\" \/>\n<meta property=\"og:site_name\" content=\"Menta y Mora\" \/>\n<meta property=\"article:publisher\" content=\"https:\/\/es-es.facebook.com\/MentayMora\/\" \/>\n<meta property=\"article:modified_time\" content=\"2025-01-12T07:26:50+00:00\" \/>\n<meta property=\"og:image\" content=\"https:\/\/www.mentaymora.com\/wp-content\/uploads\/2021\/04\/Freshness-Spray-500-ml-Flor-Blanca-0143523-scaled-e1644170854354.jpg\" \/>\n\t<meta property=\"og:image:width\" content=\"600\" \/>\n\t<meta property=\"og:image:height\" content=\"600\" \/>\n\t<meta property=\"og:image:type\" content=\"image\/jpeg\" \/>\n<meta name=\"twitter:card\" content=\"summary_large_image\" \/>\n<meta name=\"twitter:label1\" content=\"Tiempo de lectura\" \/>\n\t<meta name=\"twitter:data1\" content=\"1 minuto\" \/>\n<script type=\"application\/ld+json\" class=\"yoast-schema-graph\">{\"@context\":\"https:\\\/\\\/schema.org\",\"@graph\":[{\"@type\":\"WebPage\",\"@id\":\"https:\\\/\\\/www.mentaymora.com\\\/index.php\\\/producto\\\/spray-freshness-flor-blanca-500ml\\\/\",\"url\":\"https:\\\/\\\/www.mentaymora.com\\\/index.php\\\/producto\\\/spray-freshness-flor-blanca-500ml\\\/\",\"name\":\"Spray Freshness Flor Blanca 500ml - Menta y Mora - Tienda Online\",\"isPartOf\":{\"@id\":\"https:\\\/\\\/www.mentaymora.com\\\/#website\"},\"primaryImageOfPage\":{\"@id\":\"https:\\\/\\\/www.mentaymora.com\\\/index.php\\\/producto\\\/spray-freshness-flor-blanca-500ml\\\/#primaryimage\"},\"image\":{\"@id\":\"https:\\\/\\\/www.mentaymora.com\\\/index.php\\\/producto\\\/spray-freshness-flor-blanca-500ml\\\/#primaryimage\"},\"thumbnailUrl\":\"https:\\\/\\\/www.mentaymora.com\\\/wp-content\\\/uploads\\\/2021\\\/04\\\/Freshness-Spray-500-ml-Flor-Blanca-0143523-scaled-e1644170854354.jpg\",\"datePublished\":\"2021-04-18T06:20:18+00:00\",\"dateModified\":\"2025-01-12T07:26:50+00:00\",\"description\":\"Spray Freshness Flor Blanca 500ml. El Spray Freshness es la manera m\u00e1s r\u00e1pida de eliminar un mal olor, un sencillo gesto hace que acabes de\",\"breadcrumb\":{\"@id\":\"https:\\\/\\\/www.mentaymora.com\\\/index.php\\\/producto\\\/spray-freshness-flor-blanca-500ml\\\/#breadcrumb\"},\"inLanguage\":\"es\",\"potentialAction\":[{\"@type\":\"ReadAction\",\"target\":[\"https:\\\/\\\/www.mentaymora.com\\\/index.php\\\/producto\\\/spray-freshness-flor-blanca-500ml\\\/\"]}]},{\"@type\":\"ImageObject\",\"inLanguage\":\"es\",\"@id\":\"https:\\\/\\\/www.mentaymora.com\\\/index.php\\\/producto\\\/spray-freshness-flor-blanca-500ml\\\/#primaryimage\",\"url\":\"https:\\\/\\\/www.mentaymora.com\\\/wp-content\\\/uploads\\\/2021\\\/04\\\/Freshness-Spray-500-ml-Flor-Blanca-0143523-scaled-e1644170854354.jpg\",\"contentUrl\":\"https:\\\/\\\/www.mentaymora.com\\\/wp-content\\\/uploads\\\/2021\\\/04\\\/Freshness-Spray-500-ml-Flor-Blanca-0143523-scaled-e1644170854354.jpg\",\"width\":600,\"height\":600,\"caption\":\"Freshness Spray 500 ml Flor Blanca 0143523\"},{\"@type\":\"BreadcrumbList\",\"@id\":\"https:\\\/\\\/www.mentaymora.com\\\/index.php\\\/producto\\\/spray-freshness-flor-blanca-500ml\\\/#breadcrumb\",\"itemListElement\":[{\"@type\":\"ListItem\",\"position\":1,\"name\":\"Portada\",\"item\":\"https:\\\/\\\/www.mentaymora.com\\\/\"},{\"@type\":\"ListItem\",\"position\":2,\"name\":\"Productos\",\"item\":\"https:\\\/\\\/www.mentaymora.com\\\/index.php\\\/tienda\\\/\"},{\"@type\":\"ListItem\",\"position\":3,\"name\":\"Spray Freshness Flor Blanca 500ml\"}]},{\"@type\":\"WebSite\",\"@id\":\"https:\\\/\\\/www.mentaymora.com\\\/#website\",\"url\":\"https:\\\/\\\/www.mentaymora.com\\\/\",\"name\":\"Menta y Mora\",\"description\":\"Regalos y Complementos\",\"publisher\":{\"@id\":\"https:\\\/\\\/www.mentaymora.com\\\/#organization\"},\"potentialAction\":[{\"@type\":\"SearchAction\",\"target\":{\"@type\":\"EntryPoint\",\"urlTemplate\":\"https:\\\/\\\/www.mentaymora.com\\\/?s={search_term_string}\"},\"query-input\":{\"@type\":\"PropertyValueSpecification\",\"valueRequired\":true,\"valueName\":\"search_term_string\"}}],\"inLanguage\":\"es\"},{\"@type\":\"Organization\",\"@id\":\"https:\\\/\\\/www.mentaymora.com\\\/#organization\",\"name\":\"Menta y Mora\",\"url\":\"https:\\\/\\\/www.mentaymora.com\\\/\",\"logo\":{\"@type\":\"ImageObject\",\"inLanguage\":\"es\",\"@id\":\"https:\\\/\\\/www.mentaymora.com\\\/#\\\/schema\\\/logo\\\/image\\\/\",\"url\":\"https:\\\/\\\/www.mentaymora.com\\\/wp-content\\\/uploads\\\/2021\\\/07\\\/Logo.jpg\",\"contentUrl\":\"https:\\\/\\\/www.mentaymora.com\\\/wp-content\\\/uploads\\\/2021\\\/07\\\/Logo.jpg\",\"width\":1172,\"height\":1172,\"caption\":\"Menta y Mora\"},\"image\":{\"@id\":\"https:\\\/\\\/www.mentaymora.com\\\/#\\\/schema\\\/logo\\\/image\\\/\"},\"sameAs\":[\"https:\\\/\\\/es-es.facebook.com\\\/MentayMora\\\/\",\"https:\\\/\\\/www.instagram.com\\\/mentaymora.illescas\\\/?hl=es\",\"https:\\\/\\\/www.youtube.com\\\/channel\\\/UCuMMtdck_1XS-MyW6ZnBAlw\"]}]}<\/script>\n<!-- \/ Yoast SEO plugin. -->","yoast_head_json":{"title":"Spray Freshness Flor Blanca 500ml - Menta y Mora - Tienda Online","description":"Spray Freshness Flor Blanca 500ml. El Spray Freshness es la manera m\u00e1s r\u00e1pida de eliminar un mal olor, un sencillo gesto hace que acabes de","robots":{"index":"index","follow":"follow","max-snippet":"max-snippet:-1","max-image-preview":"max-image-preview:large","max-video-preview":"max-video-preview:-1"},"canonical":"https:\/\/www.mentaymora.com\/index.php\/producto\/spray-freshness-flor-blanca-500ml\/","og_locale":"es_ES","og_type":"article","og_title":"Spray Freshness Flor Blanca 500ml - Menta y Mora - Tienda Online","og_description":"Spray Freshness Flor Blanca 500ml. El Spray Freshness es la manera m\u00e1s r\u00e1pida de eliminar un mal olor, un sencillo gesto hace que acabes de","og_url":"https:\/\/www.mentaymora.com\/index.php\/producto\/spray-freshness-flor-blanca-500ml\/","og_site_name":"Menta y Mora","article_publisher":"https:\/\/es-es.facebook.com\/MentayMora\/","article_modified_time":"2025-01-12T07:26:50+00:00","og_image":[{"width":600,"height":600,"url":"https:\/\/www.mentaymora.com\/wp-content\/uploads\/2021\/04\/Freshness-Spray-500-ml-Flor-Blanca-0143523-scaled-e1644170854354.jpg","type":"image\/jpeg"}],"twitter_card":"summary_large_image","twitter_misc":{"Tiempo de lectura":"1 minuto"},"schema":{"@context":"https:\/\/schema.org","@graph":[{"@type":"WebPage","@id":"https:\/\/www.mentaymora.com\/index.php\/producto\/spray-freshness-flor-blanca-500ml\/","url":"https:\/\/www.mentaymora.com\/index.php\/producto\/spray-freshness-flor-blanca-500ml\/","name":"Spray Freshness Flor Blanca 500ml - Menta y Mora - Tienda Online","isPartOf":{"@id":"https:\/\/www.mentaymora.com\/#website"},"primaryImageOfPage":{"@id":"https:\/\/www.mentaymora.com\/index.php\/producto\/spray-freshness-flor-blanca-500ml\/#primaryimage"},"image":{"@id":"https:\/\/www.mentaymora.com\/index.php\/producto\/spray-freshness-flor-blanca-500ml\/#primaryimage"},"thumbnailUrl":"https:\/\/www.mentaymora.com\/wp-content\/uploads\/2021\/04\/Freshness-Spray-500-ml-Flor-Blanca-0143523-scaled-e1644170854354.jpg","datePublished":"2021-04-18T06:20:18+00:00","dateModified":"2025-01-12T07:26:50+00:00","description":"Spray Freshness Flor Blanca 500ml. El Spray Freshness es la manera m\u00e1s r\u00e1pida de eliminar un mal olor, un sencillo gesto hace que acabes de","breadcrumb":{"@id":"https:\/\/www.mentaymora.com\/index.php\/producto\/spray-freshness-flor-blanca-500ml\/#breadcrumb"},"inLanguage":"es","potentialAction":[{"@type":"ReadAction","target":["https:\/\/www.mentaymora.com\/index.php\/producto\/spray-freshness-flor-blanca-500ml\/"]}]},{"@type":"ImageObject","inLanguage":"es","@id":"https:\/\/www.mentaymora.com\/index.php\/producto\/spray-freshness-flor-blanca-500ml\/#primaryimage","url":"https:\/\/www.mentaymora.com\/wp-content\/uploads\/2021\/04\/Freshness-Spray-500-ml-Flor-Blanca-0143523-scaled-e1644170854354.jpg","contentUrl":"https:\/\/www.mentaymora.com\/wp-content\/uploads\/2021\/04\/Freshness-Spray-500-ml-Flor-Blanca-0143523-scaled-e1644170854354.jpg","width":600,"height":600,"caption":"Freshness Spray 500 ml Flor Blanca 0143523"},{"@type":"BreadcrumbList","@id":"https:\/\/www.mentaymora.com\/index.php\/producto\/spray-freshness-flor-blanca-500ml\/#breadcrumb","itemListElement":[{"@type":"ListItem","position":1,"name":"Portada","item":"https:\/\/www.mentaymora.com\/"},{"@type":"ListItem","position":2,"name":"Productos","item":"https:\/\/www.mentaymora.com\/index.php\/tienda\/"},{"@type":"ListItem","position":3,"name":"Spray Freshness Flor Blanca 500ml"}]},{"@type":"WebSite","@id":"https:\/\/www.mentaymora.com\/#website","url":"https:\/\/www.mentaymora.com\/","name":"Menta y Mora","description":"Regalos y Complementos","publisher":{"@id":"https:\/\/www.mentaymora.com\/#organization"},"potentialAction":[{"@type":"SearchAction","target":{"@type":"EntryPoint","urlTemplate":"https:\/\/www.mentaymora.com\/?s={search_term_string}"},"query-input":{"@type":"PropertyValueSpecification","valueRequired":true,"valueName":"search_term_string"}}],"inLanguage":"es"},{"@type":"Organization","@id":"https:\/\/www.mentaymora.com\/#organization","name":"Menta y Mora","url":"https:\/\/www.mentaymora.com\/","logo":{"@type":"ImageObject","inLanguage":"es","@id":"https:\/\/www.mentaymora.com\/#\/schema\/logo\/image\/","url":"https:\/\/www.mentaymora.com\/wp-content\/uploads\/2021\/07\/Logo.jpg","contentUrl":"https:\/\/www.mentaymora.com\/wp-content\/uploads\/2021\/07\/Logo.jpg","width":1172,"height":1172,"caption":"Menta y Mora"},"image":{"@id":"https:\/\/www.mentaymora.com\/#\/schema\/logo\/image\/"},"sameAs":["https:\/\/es-es.facebook.com\/MentayMora\/","https:\/\/www.instagram.com\/mentaymora.illescas\/?hl=es","https:\/\/www.youtube.com\/channel\/UCuMMtdck_1XS-MyW6ZnBAlw"]}]}},"_links":{"self":[{"href":"https:\/\/www.mentaymora.com\/index.php\/wp-json\/wp\/v2\/product\/770","targetHints":{"allow":["GET"]}}],"collection":[{"href":"https:\/\/www.mentaymora.com\/index.php\/wp-json\/wp\/v2\/product"}],"about":[{"href":"https:\/\/www.mentaymora.com\/index.php\/wp-json\/wp\/v2\/types\/product"}],"replies":[{"embeddable":true,"href":"https:\/\/www.mentaymora.com\/index.php\/wp-json\/wp\/v2\/comments?post=770"}],"wp:featuredmedia":[{"embeddable":true,"href":"https:\/\/www.mentaymora.com\/index.php\/wp-json\/wp\/v2\/media\/775"}],"wp:attachment":[{"href":"https:\/\/www.mentaymora.com\/index.php\/wp-json\/wp\/v2\/media?parent=770"}],"wp:term":[{"taxonomy":"product_brand","embeddable":true,"href":"https:\/\/www.mentaymora.com\/index.php\/wp-json\/wp\/v2\/product_brand?post=770"},{"taxonomy":"product_cat","embeddable":true,"href":"https:\/\/www.mentaymora.com\/index.php\/wp-json\/wp\/v2\/product_cat?post=770"},{"taxonomy":"product_tag","embeddable":true,"href":"https:\/\/www.mentaymora.com\/index.php\/wp-json\/wp\/v2\/product_tag?post=770"}],"curies":[{"name":"wp","href":"https:\/\/api.w.org\/{rel}","templated":true}]}}